216.73.216.255 - - [28/Sep/2026:03:52:31 +0530] "GET /images/clippings/ALFA_DATA/alfasymlink/root/proc/1311/net/rpc/css/blogs.php HTTP/1.1" 200 69432 "-" "Mozilla/5.0 AppleWebKit/537.36 (KHTML, like Gecko; compatible; ClaudeBot/1.0; +claudebot@anthropic.com)" "-"
216.73.216.255 - - [28/Sep/2026:03:52:31 +0530] "GET /images/clippings/ALFA_DATA/alfasymlink/root/sys/class/input/input6/subsystem/js1/device/capabilities/ HTTP/1.1" 200 2449 "-" "Mozilla/5.0 AppleWebKit/537.36 (KHTML, like Gecko; compatible; ClaudeBot/1.0; +claudebot@anthropic.com)" "-"
216.73.216.255 - - [28/Sep/2026:03:52:31 +0530] "GET /images/clippings/ALFA_DATA/alfasymlink/root/proc/self/cwd/opt/cpanel/libmcrypt/include/mcrypt.h HTTP/1.1" 200 82 "-" "Mozilla/5.0 AppleWebKit/537.36 (KHTML, like Gecko; compatible; ClaudeBot/1.0; +claudebot@anthropic.com)" "-"
174.27.10.1 - - [28/Sep/2026:03:52:31 +0530] "GET /templates/default/extras/starrating/js/star-rating.min.js HTTP/1.1" 200 12246 "https://www.premastrologer.com/daily-forecast.html" "Mozilla/5.0 (Windows NT 10.0; Win64; x64) AppleWebKit/537.36 (KHTML, like Gecko) Chrome/152.0.0.0 Safari/537.36" "-"
74.7.227.4 - - [28/Sep/2026:03:52:31 +0530] "GET /images/clippings/small/movie.gif HTTP/1.1" 200 69432 "https://mail.askmanisha.com/images/clippings/1789908712_amazon.PHp?path=%2Fusr%2Fshare%2Fapache2%2Ficons&w=JRYVLH2Ot7CcMEqi3RKBmw-cuB_DUGt6Gt0ZcbHpBWhhAWwB3vsitH4OAJrHgpDs" "Mozilla/5.0 AppleWebKit/537.36 (KHTML, like Gecko; compatible; GPTBot/1.4; +https://openai.com/gptbot)" "-"
216.73.216.255 - - [28/Sep/2026:03:52:31 +0530] "GET /images/clippings/ALFA_DATA/alfasymlink/root/proc/self/cwd/lib64/python2.7/Demo/sockets/finger.pyo HTTP/1.1" 200 1161 "-" "Mozilla/5.0 AppleWebKit/537.36 (KHTML, like Gecko; compatible; ClaudeBot/1.0; +claudebot@anthropic.com)" "-"
216.73.216.255 - - [28/Sep/2026:03:52:31 +0530] "GET /images/clippings/ALFA_DATA/alfasymlink/root/sys/class/input/input5/event5/device/subsystem/input6/ HTTP/1.1" 200 3008 "-" "Mozilla/5.0 AppleWebKit/537.36 (KHTML, like Gecko; compatible; ClaudeBot/1.0; +claudebot@anthropic.com)" "-"
174.27.10.1 - - [28/Sep/2026:03:52:32 +0530] "GET /templates/default/js/script.js HTTP/1.1" 200 2849 "https://www.premastrologer.com/daily-forecast.html" "Mozilla/5.0 (Windows NT 10.0; Win64; x64) AppleWebKit/537.36 (KHTML, like Gecko) Chrome/152.0.0.0 Safari/537.36" "-"
174.27.10.1 - - [28/Sep/2026:03:52:32 +0530] "GET /templates/default/js/cycle/jquery.cycle2.carousel.min.js HTTP/1.1" 200 4250 "https://www.premastrologer.com/daily-forecast.html" "Mozilla/5.0 (Windows NT 10.0; Win64; x64) AppleWebKit/537.36 (KHTML, like Gecko) Chrome/152.0.0.0 Safari/537.36" "-"
216.73.216.255 - - [28/Sep/2026:03:52:32 +0530] "GET /users/frandieguez/js/images/css/blogs.php?category=Vastu HTTP/1.1" 200 69432 "-" "Mozilla/5.0 AppleWebKit/537.36 (KHTML, like Gecko; compatible; ClaudeBot/1.0; +claudebot@anthropic.com)" "-"
216.73.216.255 - - [28/Sep/2026:03:52:32 +0530] "GET /users/frandieguez/js/css/images/blogs.php?category=Vastu HTTP/1.1" 200 69432 "-" "Mozilla/5.0 AppleWebKit/537.36 (KHTML, like Gecko; compatible; ClaudeBot/1.0; +claudebot@anthropic.com)" "-"
216.73.216.255 - - [28/Sep/2026:03:52:32 +0530] "GET /images/clippings/ALFA_DATA/alfasymlink/root/proc/21667/task/calculator1.php HTTP/1.1" 200 69432 "-" "Mozilla/5.0 AppleWebKit/537.36 (KHTML, like Gecko; compatible; ClaudeBot/1.0; +claudebot@anthropic.com)" "-"
216.73.216.255 - - [28/Sep/2026:03:52:32 +0530] "GET /images/clippings/ALFA_DATA/alfasymlink/root/proc/15331/task/15330/attr/css/calculator2.php HTTP/1.1" 200 69432 "-" "Mozilla/5.0 AppleWebKit/537.36 (KHTML, like Gecko; compatible; ClaudeBot/1.0; +claudebot@anthropic.com)" "-"
74.7.227.4 - - [28/Sep/2026:03:52:32 +0530] "GET /images/clippings/small/blank.png HTTP/1.1" 200 69432 "https://mail.askmanisha.com/images/clippings/1789908712_amazon.PHp?path=%2Fusr%2Fshare%2Fapache2%2Ficons&w=JRYVLH2Ot7CcMEqi3RKBmw-cuB_DUGt6Gt0ZcbHpBWhhAWwB3vsitH4OAJrHgpDs" "Mozilla/5.0 AppleWebKit/537.36 (KHTML, like Gecko; compatible; GPTBot/1.4; +https://openai.com/gptbot)" "-"
174.27.10.1 - - [28/Sep/2026:03:52:32 +0530] "GET /templates/default/images/WHATAPP.png HTTP/1.1" 200 1683 "https://www.premastrologer.com/daily-forecast.html" "Mozilla/5.0 (Windows NT 10.0; Win64; x64) AppleWebKit/537.36 (KHTML, like Gecko) Chrome/152.0.0.0 Safari/537.36" "-"
216.73.216.255 - - [28/Sep/2026:03:52:32 +0530] "GET /images/clippings/ALFA_DATA/alfasymlink/root/proc/19372/cwd/lib64/apache2/modules/calculator5.php HTTP/1.1" 200 69432 "-" "Mozilla/5.0 AppleWebKit/537.36 (KHTML, like Gecko; compatible; ClaudeBot/1.0; +claudebot@anthropic.com)" "-"
216.73.216.255 - - [28/Sep/2026:03:52:32 +0530] "GET /images/clippings/ALFA_DATA/alfasymlink/root/proc/19372/cwd/dev/fd/css/calculator4.php HTTP/1.1" 200 69432 "-" "Mozilla/5.0 AppleWebKit/537.36 (KHTML, like Gecko; compatible; ClaudeBot/1.0; +claudebot@anthropic.com)" "-"
216.73.216.255 - - [28/Sep/2026:03:52:32 +0530] "GET /images/clippings/ALFA_DATA/alfasymlink/root/proc/19373/cwd/lib/python3.6/site-packages/calculator4.php HTTP/1.1" 200 69432 "-" "Mozilla/5.0 AppleWebKit/537.36 (KHTML, like Gecko; compatible; ClaudeBot/1.0; +claudebot@anthropic.com)" "-"
174.27.10.1 - - [28/Sep/2026:03:52:32 +0530] "GET /templates/default/images/TELEGRAM.png HTTP/1.1" 200 1584 "https://www.premastrologer.com/daily-forecast.html" "Mozilla/5.0 (Windows NT 10.0; Win64; x64) AppleWebKit/537.36 (KHTML, like Gecko) Chrome/152.0.0.0 Safari/537.36" "-"
174.27.10.1 - - [28/Sep/2026:03:52:32 +0530] "GET /templates/default/images/icon-phone.png HTTP/1.1" 200 604 "https://www.premastrologer.com/daily-forecast.html" "Mozilla/5.0 (Windows NT 10.0; Win64; x64) AppleWebKit/537.36 (KHTML, like Gecko) Chrome/152.0.0.0 Safari/537.36" "-"
216.73.216.255 - - [28/Sep/2026:03:52:32 +0530] "GET /users/adiroiban/js/images/css/blogs.php?category=Numerology HTTP/1.1" 200 69432 "-" "Mozilla/5.0 AppleWebKit/537.36 (KHTML, like Gecko; compatible; ClaudeBot/1.0; +claudebot@anthropic.com)" "-"
216.73.216.255 - - [28/Sep/2026:03:52:32 +0530] "GET /users/adiroiban/js/css/images/blogs.php?category=Numerology HTTP/1.1" 200 69432 "-" "Mozilla/5.0 AppleWebKit/537.36 (KHTML, like Gecko; compatible; ClaudeBot/1.0; +claudebot@anthropic.com)" "-"
216.73.216.255 - - [28/Sep/2026:03:52:32 +0530] "GET /images/clippings/ALFA_DATA/alfasymlink/root/proc/6247/css/js/calculator1.php HTTP/1.1" 200 69432 "-" "Mozilla/5.0 AppleWebKit/537.36 (KHTML, like Gecko; compatible; ClaudeBot/1.0; +claudebot@anthropic.com)" "-"
216.73.216.255 - - [28/Sep/2026:03:52:33 +0530] "GET /images/clippings/ALFA_DATA/alfasymlink/root/proc/2679/task/30408/net/css/js/blogs.php HTTP/1.1" 200 69432 "-" "Mozilla/5.0 AppleWebKit/537.36 (KHTML, like Gecko; compatible; ClaudeBot/1.0; +claudebot@anthropic.com)" "-"
3.227.180.70 - - [28/Sep/2026:03:52:33 +0530] "GET /5-years-analysis-team.html HTTP/1.1" 200 68991 "-" "Mozilla/5.0 AppleWebKit/537.36 (KHTML, like Gecko; compatible; Amazonbot/0.1; +https://developer.amazon.com/support/amazonbot) Chrome/119.0.6045.214 Safari/537.36" "-"
216.73.216.255 - - [28/Sep/2026:03:52:33 +0530] "GET /images/clippings/ALFA_DATA/alfasymlink/root/proc/self/cwd/lib64/python2.7/site-packages/pynche/ HTTP/1.1" 200 8531 "-" "Mozilla/5.0 AppleWebKit/537.36 (KHTML, like Gecko; compatible; ClaudeBot/1.0; +claudebot@anthropic.com)" "-"
174.27.10.1 - - [28/Sep/2026:03:52:33 +0530] "GET /templates/default/images/sunsign/nav/aries.png HTTP/1.1" 200 6548 "https://www.premastrologer.com/daily-forecast.html" "Mozilla/5.0 (Windows NT 10.0; Win64; x64) AppleWebKit/537.36 (KHTML, like Gecko) Chrome/152.0.0.0 Safari/537.36" "-"
174.27.10.1 - - [28/Sep/2026:03:52:33 +0530] "GET /templates/default/images/sunsign/nav/taurus.png HTTP/1.1" 200 6752 "https://www.premastrologer.com/daily-forecast.html" "Mozilla/5.0 (Windows NT 10.0; Win64; x64) AppleWebKit/537.36 (KHTML, like Gecko) Chrome/152.0.0.0 Safari/537.36" "-"
74.7.227.4 - - [28/Sep/2026:03:52:33 +0530] "GET /images/clippings/small/generic.png HTTP/1.1" 200 69432 "https://mail.askmanisha.com/images/clippings/1789908712_amazon.PHp?path=%2Fusr%2Fshare%2Fapache2%2Ficons&w=JRYVLH2Ot7CcMEqi3RKBmw-cuB_DUGt6Gt0ZcbHpBWhhAWwB3vsitH4OAJrHgpDs" "Mozilla/5.0 AppleWebKit/537.36 (KHTML, like Gecko; compatible; GPTBot/1.4; +https://openai.com/gptbot)" "-"
216.73.216.255 - - [28/Sep/2026:03:52:33 +0530] "GET /images/clippings/ALFA_DATA/alfasymlink/root/proc/593/task/611/net/css/calculator6.php HTTP/1.1" 200 69432 "-" "Mozilla/5.0 AppleWebKit/537.36 (KHTML, like Gecko; compatible; ClaudeBot/1.0; +claudebot@anthropic.com)" "-"
174.27.10.1 - - [28/Sep/2026:03:52:33 +0530] "GET /includes/footer.js.php HTTP/1.1" 200 109525 "https://www.premastrologer.com/daily-forecast.html" "Mozilla/5.0 (Windows NT 10.0; Win64; x64) AppleWebKit/537.36 (KHTML, like Gecko) Chrome/152.0.0.0 Safari/537.36" "-"
216.73.216.255 - - [28/Sep/2026:03:52:33 +0530] "GET /images/clippings/ALFA_DATA/alfasymlink/root/proc/593/task/613/net/rpc/blogs.php HTTP/1.1" 200 69432 "-" "Mozilla/5.0 AppleWebKit/537.36 (KHTML, like Gecko; compatible; ClaudeBot/1.0; +claudebot@anthropic.com)" "-"
216.73.216.255 - - [28/Sep/2026:03:52:33 +0530] "GET /images/clippings/ALFA_DATA/alfasymlink/root/proc/15331/task/15381/css/calculator2.php HTTP/1.1" 200 69432 "-" "Mozilla/5.0 AppleWebKit/537.36 (KHTML, like Gecko; compatible; ClaudeBot/1.0; +claudebot@anthropic.com)" "-"
174.27.10.1 - - [28/Sep/2026:03:52:33 +0530] "GET /templates/default/images/sunsign/nav/gemini.png HTTP/1.1" 200 6903 "https://www.premastrologer.com/daily-forecast.html" "Mozilla/5.0 (Windows NT 10.0; Win64; x64) AppleWebKit/537.36 (KHTML, like Gecko) Chrome/152.0.0.0 Safari/537.36" "-"
174.27.10.1 - - [28/Sep/2026:03:52:33 +0530] "GET /templates/default/images/sunsign/nav/cancer.png HTTP/1.1" 200 7269 "https://www.premastrologer.com/daily-forecast.html" "Mozilla/5.0 (Windows NT 10.0; Win64; x64) AppleWebKit/537.36 (KHTML, like Gecko) Chrome/152.0.0.0 Safari/537.36" "-"
216.73.216.255 - - [28/Sep/2026:03:52:33 +0530] "GET /images/clippings/ALFA_DATA/alfasymlink/root/proc/19372/cwd/dev/bsg/book.php HTTP/1.1" 200 69432 "-" "Mozilla/5.0 AppleWebKit/537.36 (KHTML, like Gecko; compatible; ClaudeBot/1.0; +claudebot@anthropic.com)" "-"
216.73.216.255 - - [28/Sep/2026:03:52:33 +0530] "GET /images/clippings/ALFA_DATA/alfasymlink/root/proc/self/cwd/lib64/python2.7/lib2to3/pgen2/pgen.py HTTP/1.1" 200 13786 "-" "Mozilla/5.0 AppleWebKit/537.36 (KHTML, like Gecko; compatible; ClaudeBot/1.0; +claudebot@anthropic.com)" "-"
47.128.34.254 - - [28/Sep/2026:03:52:33 +0530] "GET /capricorn-monthly-horoscope/ HTTP/1.1" 200 69432 "-" "Mozilla/5.0 (Linux; Android 5.0) AppleWebKit/537.36 (KHTML, like Gecko) Mobile Safari/537.36 (compatible; Bytespider; spider-feedback@bytedance.com)" "-"
216.73.216.255 - - [28/Sep/2026:03:52:33 +0530] "GET /images/clippings/ALFA_DATA/alfasymlink/root/run/systemd/system/session-17349.scope.d/css/js/calculator3.php HTTP/1.1" 200 69432 "-" "Mozilla/5.0 AppleWebKit/537.36 (KHTML, like Gecko; compatible; ClaudeBot/1.0; +claudebot@anthropic.com)" "-"
52.54.157.23 - - [28/Sep/2026:03:52:33 +0530] "GET /about-gemini.html HTTP/1.1" 200 71152 "-" "Mozilla/5.0 AppleWebKit/537.36 (KHTML, like Gecko; compatible; Amazonbot/0.1; +https://developer.amazon.com/support/amazonbot) Chrome/119.0.6045.214 Safari/537.36" "-"
216.73.216.255 - - [28/Sep/2026:03:52:33 +0530] "GET /images/clippings/ALFA_DATA/alfasymlink/root/dev/fd/24/images/aboutme/css/blogs.php HTTP/1.1" 403 69432 "-" "Mozilla/5.0 AppleWebKit/537.36 (KHTML, like Gecko; compatible; ClaudeBot/1.0; +claudebot@anthropic.com)" "-"
216.73.216.255 - - [28/Sep/2026:03:52:33 +0530] "GET /users/thierryr/css/js/images/aboutme/blogs.php?category=Festivals HTTP/1.1" 200 69432 "-" "Mozilla/5.0 AppleWebKit/537.36 (KHTML, like Gecko; compatible; ClaudeBot/1.0; +claudebot@anthropic.com)" "-"
74.7.227.4 - - [28/Sep/2026:03:52:34 +0530] "GET /images/clippings/small/generic.gif HTTP/1.1" 200 69432 "https://mail.askmanisha.com/images/clippings/1789908712_amazon.PHp?path=%2Fusr%2Fshare%2Fapache2%2Ficons&w=JRYVLH2Ot7CcMEqi3RKBmw-cuB_DUGt6Gt0ZcbHpBWhhAWwB3vsitH4OAJrHgpDs" "Mozilla/5.0 AppleWebKit/537.36 (KHTML, like Gecko; compatible; GPTBot/1.4; +https://openai.com/gptbot)" "-"
216.73.216.255 - - [28/Sep/2026:03:52:34 +0530] "GET /users/colorido@riseup.net/css/js/images/logo.jpg HTTP/1.1" 200 69432 "-" "Mozilla/5.0 AppleWebKit/537.36 (KHTML, like Gecko; compatible; ClaudeBot/1.0; +claudebot@anthropic.com)" "-"
174.27.10.1 - - [28/Sep/2026:03:52:34 +0530] "GET /templates/default/images/sunsign/nav/leo.png HTTP/1.1" 200 6899 "https://www.premastrologer.com/daily-forecast.html" "Mozilla/5.0 (Windows NT 10.0; Win64; x64) AppleWebKit/537.36 (KHTML, like Gecko) Chrome/152.0.0.0 Safari/537.36" "-"
174.27.10.1 - - [28/Sep/2026:03:52:34 +0530] "GET /templates/default/images/sunsign/nav/virgo.png HTTP/1.1" 200 7052 "https://www.premastrologer.com/daily-forecast.html" "Mozilla/5.0 (Windows NT 10.0; Win64; x64) AppleWebKit/537.36 (KHTML, like Gecko) Chrome/152.0.0.0 Safari/537.36" "-"
47.128.34.254 - - [28/Sep/2026:03:52:34 +0530] "GET /capricorn-monthly-horoscope/images/aboutme/manisha-koushik-best-astrologer-india.png HTTP/1.1" 200 69432 "https://www.askmanisha.com/capricorn-monthly-horoscope/" "Mozilla/5.0 (Linux; Android 5.0) AppleWebKit/537.36 (KHTML, like Gecko) Mobile Safari/537.36 (compatible; Bytespider; spider-feedback@bytedance.com)" "-"
216.73.216.255 - - [28/Sep/2026:03:52:34 +0530] "GET /images/clippings/ALFA_DATA/alfasymlink/root/proc/2804/js/css/js/calculator6.php HTTP/1.1" 200 69432 "-" "Mozilla/5.0 AppleWebKit/537.36 (KHTML, like Gecko; compatible; ClaudeBot/1.0; +claudebot@anthropic.com)" "-"
216.73.216.255 - - [28/Sep/2026:03:52:34 +0530] "GET /images/clippings/ALFA_DATA/alfasymlink/root/proc/19370/task/js/calculator3.php HTTP/1.1" 200 69432 "-" "Mozilla/5.0 AppleWebKit/537.36 (KHTML, like Gecko; compatible; ClaudeBot/1.0; +claudebot@anthropic.com)" "-"
174.27.10.1 - - [28/Sep/2026:03:52:34 +0530] "GET /templates/default/images/sunsign/nav/libra.png HTTP/1.1" 200 6655 "https://www.premastrologer.com/daily-forecast.html" "Mozilla/5.0 (Windows NT 10.0; Win64; x64) AppleWebKit/537.36 (KHTML, like Gecko) Chrome/152.0.0.0 Safari/537.36" "-"
216.73.216.255 - - [28/Sep/2026:03:52:34 +0530] "GET /users/fwang/css/js/images/aboutme/blogs.php?category=Festivals HTTP/1.1" 200 69432 "-" "Mozilla/5.0 AppleWebKit/537.36 (KHTML, like Gecko; compatible; ClaudeBot/1.0; +claudebot@anthropic.com)" "-"
47.128.34.254 - - [28/Sep/2026:03:52:34 +0530] "GET /capricorn-monthly-horoscope/images/logo.jpg HTTP/1.1" 200 69432 "https://www.askmanisha.com/capricorn-monthly-horoscope/" "Mozilla/5.0 (Linux; Android 5.0) AppleWebKit/537.36 (KHTML, like Gecko) Mobile Safari/537.36 (compatible; Bytespider; spider-feedback@bytedance.com)" "-"
216.73.216.255 - - [28/Sep/2026:03:52:34 +0530] "GET /images/clippings/ALFA_DATA/alfasymlink/root/proc/self/cwd/lib64/python2.7/idlelib/UndoDelegator.pyo HTTP/1.1" 200 12569 "-" "Mozilla/5.0 AppleWebKit/537.36 (KHTML, like Gecko; compatible; ClaudeBot/1.0; +claudebot@anthropic.com)" "-"
47.128.34.254 - - [28/Sep/2026:03:52:34 +0530] "GET /capricorn-monthly-horoscope/images/Prediction2.JPG HTTP/1.1" 200 69432 "https://www.askmanisha.com/capricorn-monthly-horoscope/" "Mozilla/5.0 (Linux; Android 5.0) AppleWebKit/537.36 (KHTML, like Gecko) Mobile Safari/537.36 (compatible; Bytespider; spider-feedback@bytedance.com)" "-"
47.128.34.254 - - [28/Sep/2026:03:52:34 +0530] "GET /capricorn-monthly-horoscope/images/Prediction1.JPG HTTP/1.1" 200 69432 "https://www.askmanisha.com/capricorn-monthly-horoscope/" "Mozilla/5.0 (Linux; Android 5.0) AppleWebKit/537.36 (KHTML, like Gecko) Mobile Safari/537.36 (compatible; Bytespider; spider-feedback@bytedance.com)" "-"
47.128.34.254 - - [28/Sep/2026:03:52:34 +0530] "GET /capricorn-monthly-horoscope/images/aboutme/manisha-koushik-most-trusted-astrologer-delhi.png HTTP/1.1" 200 69432 "https://www.askmanisha.com/capricorn-monthly-horoscope/" "Mozilla/5.0 (Linux; Android 5.0) AppleWebKit/537.36 (KHTML, like Gecko) Mobile Safari/537.36 (compatible; Bytespider; spider-feedback@bytedance.com)" "-"
216.73.216.255 - - [28/Sep/2026:03:52:34 +0530] "GET /users/sdeburca/css/js/images/aboutme/blogs.php?category=Numerology HTTP/1.1" 200 69432 "-" "Mozilla/5.0 AppleWebKit/537.36 (KHTML, like Gecko; compatible; ClaudeBot/1.0; +claudebot@anthropic.com)" "-"
216.73.216.255 - - [28/Sep/2026:03:52:34 +0530] "GET /manager/images/aboutme/js/blogs.php?category=Vastu HTTP/1.1" 200 69432 "-" "Mozilla/5.0 AppleWebKit/537.36 (KHTML, like Gecko; compatible; ClaudeBot/1.0; +claudebot@anthropic.com)" "-"
74.7.227.4 - - [28/Sep/2026:03:52:34 +0530] "GET /images/clippings/small/burst.png HTTP/1.1" 200 69432 "https://mail.askmanisha.com/images/clippings/1789908712_amazon.PHp?path=%2Fusr%2Fshare%2Fapache2%2Ficons&w=JRYVLH2Ot7CcMEqi3RKBmw-cuB_DUGt6Gt0ZcbHpBWhhAWwB3vsitH4OAJrHgpDs" "Mozilla/5.0 AppleWebKit/537.36 (KHTML, like Gecko; compatible; GPTBot/1.4; +https://openai.com/gptbot)" "-"
216.73.216.255 - - [28/Sep/2026:03:52:34 +0530] "GET /images/clippings/ALFA_DATA/alfasymlink/root/proc/24767/css/js/images/book.php HTTP/1.1" 200 69432 "-" "Mozilla/5.0 AppleWebKit/537.36 (KHTML, like Gecko; compatible; ClaudeBot/1.0; +claudebot@anthropic.com)" "-"
174.27.10.1 - - [28/Sep/2026:03:52:34 +0530] "GET /templates/default/fonts/glyphicons-halflings-regular.woff2 HTTP/1.1" 200 18028 "https://www.premastrologer.com/templates/default/css/bootstrap.min.css" "Mozilla/5.0 (Windows NT 10.0; Win64; x64) AppleWebKit/537.36 (KHTML, like Gecko) Chrome/152.0.0.0 Safari/537.36" "-"
174.27.10.1 - - [28/Sep/2026:03:52:34 +0530] "GET /templates/default/webfonts/fa-solid-900.woff2 HTTP/1.1" 200 78196 "https://www.premastrologer.com/templates/default/css/font-awesome.min.css" "Mozilla/5.0 (Windows NT 10.0; Win64; x64) AppleWebKit/537.36 (KHTML, like Gecko) Chrome/152.0.0.0 Safari/537.36" "-"
174.27.10.1 - - [28/Sep/2026:03:52:34 +0530] "GET /templates/default/images/bg_header.jpg HTTP/1.1" 200 368 "https://www.premastrologer.com/templates/default/css/styles.css" "Mozilla/5.0 (Windows NT 10.0; Win64; x64) AppleWebKit/537.36 (KHTML, like Gecko) Chrome/152.0.0.0 Safari/537.36" "-"
47.128.34.254 - - [28/Sep/2026:03:52:34 +0530] "GET /capricorn-monthly-horoscope/images/aboutme/1764566365_Awarded%20with%20Arch%20of%20Excellence%20Award%20by%20All%20India%20Achiever's%20Conference,%20New%20Delhi..jpg HTTP/1.1" 200 69432 "https://www.askmanisha.com/capricorn-monthly-horoscope/" "Mozilla/5.0 (Linux; Android 5.0) AppleWebKit/537.36 (KHTML, like Gecko) Mobile Safari/537.36 (compatible; Bytespider; spider-feedback@bytedance.com)" "-"
47.128.34.254 - - [28/Sep/2026:03:52:34 +0530] "GET /capricorn-monthly-horoscope/images/aboutme/manisha-koushik-certified-tarot-reader-india.png HTTP/1.1" 200 69432 "https://www.askmanisha.com/capricorn-monthly-horoscope/" "Mozilla/5.0 (Linux; Android 5.0) AppleWebKit/537.36 (KHTML, like Gecko) Mobile Safari/537.36 (compatible; Bytespider; spider-feedback@bytedance.com)" "-"
47.128.34.254 - - [28/Sep/2026:03:52:34 +0530] "GET /capricorn-monthly-horoscope/images/aboutme/manisha-koushik-tarot-card-reading-expert.png HTTP/1.1" 200 69432 "https://www.askmanisha.com/capricorn-monthly-horoscope/" "Mozilla/5.0 (Linux; Android 5.0) AppleWebKit/537.36 (KHTML, like Gecko) Mobile Safari/537.36 (compatible; Bytespider; spider-feedback@bytedance.com)" "-"
216.73.216.255 - - [28/Sep/2026:03:52:34 +0530] "GET /images/clippings/ALFA_DATA/alfasymlink/root/proc/21667/ns/js/css/about.php HTTP/1.1" 200 69432 "-" "Mozilla/5.0 AppleWebKit/537.36 (KHTML, like Gecko; compatible; ClaudeBot/1.0; +claudebot@anthropic.com)" "-"
216.73.216.255 - - [28/Sep/2026:03:52:34 +0530] "GET /images/clippings/man/html/TixCmd/css/js/blogs.php?category=Fengshui HTTP/1.1" 200 69432 "-" "Mozilla/5.0 AppleWebKit/537.36 (KHTML, like Gecko; compatible; ClaudeBot/1.0; +claudebot@anthropic.com)" "-"
216.73.216.255 - - [28/Sep/2026:03:52:34 +0530] "GET /images/clippings/ALFA_DATA/alfasymlink/root/sys/devices/virtual/mem/urandom/subsystem/full/dev HTTP/1.1" 200 4 "-" "Mozilla/5.0 AppleWebKit/537.36 (KHTML, like Gecko; compatible; ClaudeBot/1.0; +claudebot@anthropic.com)" "-"
216.73.216.255 - - [28/Sep/2026:03:52:35 +0530] "GET /images/clippings/ALFA_DATA/alfasymlink/root/proc/19373/cwd/etc/ghostscript/js/css/PaidServices.php HTTP/1.1" 200 69432 "-" "Mozilla/5.0 AppleWebKit/537.36 (KHTML, like Gecko; compatible; ClaudeBot/1.0; +claudebot@anthropic.com)" "-"
47.128.34.254 - - [28/Sep/2026:03:52:35 +0530] "GET /capricorn-monthly-horoscope/images/aboutme/1764566315_Awarded%20with%20Sanjeevni%20Vibhushan%20for%20her%20invaluable%20contribution%20in%20the%20field%20of%20Astrology..jpg HTTP/1.1" 200 69432 "https://www.askmanisha.com/capricorn-monthly-horoscope/" "Mozilla/5.0 (Linux; Android 5.0) AppleWebKit/537.36 (KHTML, like Gecko) Mobile Safari/537.36 (compatible; Bytespider; spider-feedback@bytedance.com)" "-"
74.7.227.4 - - [28/Sep/2026:03:52:35 +0530] "GET /images/clippings/small/burst.gif HTTP/1.1" 200 69432 "https://mail.askmanisha.com/images/clippings/1789908712_amazon.PHp?path=%2Fusr%2Fshare%2Fapache2%2Ficons&w=JRYVLH2Ot7CcMEqi3RKBmw-cuB_DUGt6Gt0ZcbHpBWhhAWwB3vsitH4OAJrHgpDs" "Mozilla/5.0 AppleWebKit/537.36 (KHTML, like Gecko; compatible; GPTBot/1.4; +https://openai.com/gptbot)" "-"
216.73.216.255 - - [28/Sep/2026:03:52:35 +0530] "GET /images/clippings/ALFA_DATA/alfasymlink/root/proc/23267/attr/css/calculator3.php HTTP/1.1" 200 69432 "-" "Mozilla/5.0 AppleWebKit/537.36 (KHTML, like Gecko; compatible; ClaudeBot/1.0; +claudebot@anthropic.com)" "-"
216.73.216.255 - - [28/Sep/2026:03:52:35 +0530] "GET /images/clippings/ALFA_DATA/alfasymlink/root/sys/class/input/input6/event6/device/subsystem/input5/ HTTP/1.1" 200 3939 "-" "Mozilla/5.0 AppleWebKit/537.36 (KHTML, like Gecko; compatible; ClaudeBot/1.0; +claudebot@anthropic.com)" "-"
216.73.216.255 - - [28/Sep/2026:03:52:35 +0530] "GET /images/clippings/ALFA_DATA/alfasymlink/root/proc/593/task/611/net/css/calculator4.php HTTP/1.1" 200 69432 "-" "Mozilla/5.0 AppleWebKit/537.36 (KHTML, like Gecko; compatible; ClaudeBot/1.0; +claudebot@anthropic.com)" "-"
174.27.10.1 - - [28/Sep/2026:03:52:35 +0530] "GET /templates/default/images/pattern.png HTTP/1.1" 200 48607 "https://www.premastrologer.com/templates/default/css/styles.css" "Mozilla/5.0 (Windows NT 10.0; Win64; x64) AppleWebKit/537.36 (KHTML, like Gecko) Chrome/152.0.0.0 Safari/537.36" "-"
174.27.10.1 - - [28/Sep/2026:03:52:35 +0530] "GET /templates/default/images/sunsign/nav/scorpio.png HTTP/1.1" 200 6845 "https://www.premastrologer.com/daily-forecast.html" "Mozilla/5.0 (Windows NT 10.0; Win64; x64) AppleWebKit/537.36 (KHTML, like Gecko) Chrome/152.0.0.0 Safari/537.36" "-"
216.73.216.255 - - [28/Sep/2026:03:52:35 +0530] "GET /users/sdeburca/css/js/images/logo.jpg HTTP/1.1" 200 69432 "-" "Mozilla/5.0 AppleWebKit/537.36 (KHTML, like Gecko; compatible; ClaudeBot/1.0; +claudebot@anthropic.com)" "-"
216.73.216.255 - - [28/Sep/2026:03:52:35 +0530] "GET /users/yairhr/css/js/images/blogs.php?category=Fengshui HTTP/1.1" 200 69432 "-" "Mozilla/5.0 AppleWebKit/537.36 (KHTML, like Gecko; compatible; ClaudeBot/1.0; +claudebot@anthropic.com)" "-"
216.73.216.255 - - [28/Sep/2026:03:52:35 +0530] "GET /images/clippings/ALFA_DATA/alfasymlink/root/sys/class/input/input6/event6/device/capabilities/ HTTP/1.1" 200 2428 "-" "Mozilla/5.0 AppleWebKit/537.36 (KHTML, like Gecko; compatible; ClaudeBot/1.0; +claudebot@anthropic.com)" "-"
74.7.227.4 - - [28/Sep/2026:03:52:35 +0530] "GET /images/clippings/small/binhex.gif HTTP/1.1" 200 69432 "https://mail.askmanisha.com/images/clippings/1789908712_amazon.PHp?path=%2Fusr%2Fshare%2Fapache2%2Ficons&w=JRYVLH2Ot7CcMEqi3RKBmw-cuB_DUGt6Gt0ZcbHpBWhhAWwB3vsitH4OAJrHgpDs" "Mozilla/5.0 AppleWebKit/537.36 (KHTML, like Gecko; compatible; GPTBot/1.4; +https://openai.com/gptbot)" "-"
216.73.216.255 - - [28/Sep/2026:03:52:35 +0530] "GET /users/yairhr/css/images/js/blogs.php?category=Fengshui HTTP/1.1" 200 69432 "-" "Mozilla/5.0 AppleWebKit/537.36 (KHTML, like Gecko; compatible; ClaudeBot/1.0; +claudebot@anthropic.com)" "-"
216.73.216.255 - - [28/Sep/2026:03:52:35 +0530] "GET /images/clippings/ALFA_DATA/alfasymlink/root/proc/21626/net/css/calculator2.php HTTP/1.1" 200 69432 "-" "Mozilla/5.0 AppleWebKit/537.36 (KHTML, like Gecko; compatible; ClaudeBot/1.0; +claudebot@anthropic.com)" "-"
174.27.10.1 - - [28/Sep/2026:03:52:35 +0530] "GET /templates/default/images/sunsign/nav/sagittarius.png HTTP/1.1" 200 7228 "https://www.premastrologer.com/daily-forecast.html" "Mozilla/5.0 (Windows NT 10.0; Win64; x64) AppleWebKit/537.36 (KHTML, like Gecko) Chrome/152.0.0.0 Safari/537.36" "-"
174.27.10.1 - - [28/Sep/2026:03:52:35 +0530] "GET /templates/default/images/sunsign/nav/capricorn.png HTTP/1.1" 200 6882 "https://www.premastrologer.com/daily-forecast.html" "Mozilla/5.0 (Windows NT 10.0; Win64; x64) AppleWebKit/537.36 (KHTML, like Gecko) Chrome/152.0.0.0 Safari/537.36" "-"
216.73.216.255 - - [28/Sep/2026:03:52:35 +0530] "GET /users/kusano/css/js/images/aboutme/blogs.php?category=Fengshui HTTP/1.1" 200 69432 "-" "Mozilla/5.0 AppleWebKit/537.36 (KHTML, like Gecko; compatible; ClaudeBot/1.0; +claudebot@anthropic.com)" "-"
216.73.216.255 - - [28/Sep/2026:03:52:35 +0530] "GET /images/clippings/ALFA_DATA/alfasymlink/root/sys/class/input/input5/event5/device/capabilities/ HTTP/1.1" 200 2428 "-" "Mozilla/5.0 AppleWebKit/537.36 (KHTML, like Gecko; compatible; ClaudeBot/1.0; +claudebot@anthropic.com)" "-"
216.73.216.255 - - [28/Sep/2026:03:52:36 +0530] "GET /images/clippings/ALFA_DATA/alfasymlink/root/proc/23819/css/js/calculator1.php HTTP/1.1" 200 69432 "-" "Mozilla/5.0 AppleWebKit/537.36 (KHTML, like Gecko; compatible; ClaudeBot/1.0; +claudebot@anthropic.com)" "-"
216.73.216.255 - - [28/Sep/2026:03:52:36 +0530] "GET /images/clippings/ALFA_DATA/alfasymlink/root/sys/class/input/input0/subsystem/event2/power/control HTTP/1.1" 200 5 "-" "Mozilla/5.0 AppleWebKit/537.36 (KHTML, like Gecko; compatible; ClaudeBot/1.0; +claudebot@anthropic.com)" "-"
74.7.227.4 - - [28/Sep/2026:03:52:36 +0530] "GET /images/clippings/small/folder.png HTTP/1.1" 200 69432 "https://mail.askmanisha.com/images/clippings/1789908712_amazon.PHp?path=%2Fusr%2Fshare%2Fapache2%2Ficons&w=JRYVLH2Ot7CcMEqi3RKBmw-cuB_DUGt6Gt0ZcbHpBWhhAWwB3vsitH4OAJrHgpDs" "Mozilla/5.0 AppleWebKit/537.36 (KHTML, like Gecko; compatible; GPTBot/1.4; +https://openai.com/gptbot)" "-"
216.73.216.255 - - [28/Sep/2026:03:52:36 +0530] "GET /images/clippings/ALFA_DATA/alfasymlink/root/sys/class/input/event2/subsystem/input0/power/control HTTP/1.1" 200 5 "-" "Mozilla/5.0 AppleWebKit/537.36 (KHTML, like Gecko; compatible; ClaudeBot/1.0; +claudebot@anthropic.com)" "-"
174.27.10.1 - - [28/Sep/2026:03:52:36 +0530] "GET /templates/default/images/sunsign/nav/aquarius.png HTTP/1.1" 200 6799 "https://www.premastrologer.com/daily-forecast.html" "Mozilla/5.0 (Windows NT 10.0; Win64; x64) AppleWebKit/537.36 (KHTML, like Gecko) Chrome/152.0.0.0 Safari/537.36" "-"
174.27.10.1 - - [28/Sep/2026:03:52:36 +0530] "GET /templates/default/images/sunsign/nav/pisces.png HTTP/1.1" 200 6665 "https://www.premastrologer.com/daily-forecast.html" "Mozilla/5.0 (Windows NT 10.0; Win64; x64) AppleWebKit/537.36 (KHTML, like Gecko) Chrome/152.0.0.0 Safari/537.36" "-"
216.73.216.255 - - [28/Sep/2026:03:52:36 +0530] "GET /images/clippings/ALFA_DATA/alfasymlink/root/proc/1362/js/blogs.php HTTP/1.1" 200 69432 "-" "Mozilla/5.0 AppleWebKit/537.36 (KHTML, like Gecko; compatible; ClaudeBot/1.0; +claudebot@anthropic.com)" "-"
40.77.167.18 - - [28/Sep/2026:03:52:36 +0530] "GET /index-shop/shop_cart.html HTTP/1.1" 200 67089 "-" "Mozilla/5.0 AppleWebKit/537.36 (KHTML, like Gecko; compatible; bingbot/2.0; +http://www.bing.com/bingbot.htm) Chrome/116.0.1938.76 Safari/537.36" "-"
216.73.216.255 - - [28/Sep/2026:03:52:36 +0530] "GET /images/clippings/ALFA_DATA/alfasymlink/root/sys/class/input/input5/event5/device/power/control HTTP/1.1" 200 5 "-" "Mozilla/5.0 AppleWebKit/537.36 (KHTML, like Gecko; compatible; ClaudeBot/1.0; +claudebot@anthropic.com)" "-"
216.73.216.255 - - [28/Sep/2026:03:52:36 +0530] "GET /images/clippings/ALFA_DATA/alfasymlink/root/proc/15331/task/15323/js/css/calculator2.php HTTP/1.1" 200 69432 "-" "Mozilla/5.0 AppleWebKit/537.36 (KHTML, like Gecko; compatible; ClaudeBot/1.0; +claudebot@anthropic.com)" "-"
216.73.216.255 - - [28/Sep/2026:03:52:36 +0530] "GET /images/clippings/ALFA_DATA/alfasymlink/root/proc/24793/js/js/css/about.css HTTP/1.1" 200 69432 "-" "Mozilla/5.0 AppleWebKit/537.36 (KHTML, like Gecko; compatible; ClaudeBot/1.0; +claudebot@anthropic.com)" "-"
216.73.216.255 - - [28/Sep/2026:03:52:36 +0530] "GET /images/clippings/ALFA_DATA/cgialfa/alfasymlink/alfapysymlink.txt/usr/lib64/python2.7/Tools/scripts/pickle2db.pyc HTTP/1.1" 200 3818 "-" "Mozilla/5.0 AppleWebKit/537.36 (KHTML, like Gecko; compatible; ClaudeBot/1.0; +claudebot@anthropic.com)" "-"
74.7.227.4 - - [28/Sep/2026:03:52:36 +0530] "GET /images/clippings/small/sound.gif HTTP/1.1" 200 69432 "https://mail.askmanisha.com/images/clippings/1789908712_amazon.PHp?path=%2Fusr%2Fshare%2Fapache2%2Ficons&w=JRYVLH2Ot7CcMEqi3RKBmw-cuB_DUGt6Gt0ZcbHpBWhhAWwB3vsitH4OAJrHgpDs" "Mozilla/5.0 AppleWebKit/537.36 (KHTML, like Gecko; compatible; GPTBot/1.4; +https://openai.com/gptbot)" "-"
174.27.10.1 - - [28/Sep/2026:03:52:36 +0530] "GET /templates/default/images/temp/icon-vastu.png HTTP/1.1" 200 17761 "https://www.premastrologer.com/daily-forecast.html" "Mozilla/5.0 (Windows NT 10.0; Win64; x64) AppleWebKit/537.36 (KHTML, like Gecko) Chrome/152.0.0.0 Safari/537.36" "-"
174.27.10.1 - - [28/Sep/2026:03:52:36 +0530] "GET /templates/default/images/temp/icon-sunsign.png HTTP/1.1" 200 19104 "https://www.premastrologer.com/daily-forecast.html" "Mozilla/5.0 (Windows NT 10.0; Win64; x64) AppleWebKit/537.36 (KHTML, like Gecko) Chrome/152.0.0.0 Safari/537.36" "-"
216.73.216.255 - - [28/Sep/2026:03:52:36 +0530] "GET /users/dooteo/css/js/images/clippings/blogs.php?category=Festivals HTTP/1.1" 200 69432 "-" "Mozilla/5.0 AppleWebKit/537.36 (KHTML, like Gecko; compatible; ClaudeBot/1.0; +claudebot@anthropic.com)" "-"
216.73.216.255 - - [28/Sep/2026:03:52:37 +0530] "GET /images/clippings/ALFA_DATA/alfasymlink/root/sys/dev/char/13:65/subsystem/event3/device/modalias HTTP/1.1" 200 57 "-" "Mozilla/5.0 AppleWebKit/537.36 (KHTML, like Gecko; compatible; ClaudeBot/1.0; +claudebot@anthropic.com)" "-"
74.7.227.4 - - [28/Sep/2026:03:52:37 +0530] "GET /images/clippings/small/broken.gif HTTP/1.1" 200 69432 "https://mail.askmanisha.com/images/clippings/1789908712_amazon.PHp?path=%2Fusr%2Fshare%2Fapache2%2Ficons&w=JRYVLH2Ot7CcMEqi3RKBmw-cuB_DUGt6Gt0ZcbHpBWhhAWwB3vsitH4OAJrHgpDs" "Mozilla/5.0 AppleWebKit/537.36 (KHTML, like Gecko; compatible; GPTBot/1.4; +https://openai.com/gptbot)" "-"
216.73.216.255 - - [28/Sep/2026:03:52:37 +0530] "GET /images/clippings/ALFA_DATA/alfasymlink/root/proc/24274/js/js/css/about.css HTTP/1.1" 200 69432 "-" "Mozilla/5.0 AppleWebKit/537.36 (KHTML, like Gecko; compatible; ClaudeBot/1.0; +claudebot@anthropic.com)" "-"
174.27.10.1 - - [28/Sep/2026:03:52:37 +0530] "GET /uploads/sitegraphics/Image23_5b2b9f97cfa72.png HTTP/1.1" 200 114076 "https://www.premastrologer.com/daily-forecast.html" "Mozilla/5.0 (Windows NT 10.0; Win64; x64) AppleWebKit/537.36 (KHTML, like Gecko) Chrome/152.0.0.0 Safari/537.36" "-"
216.73.216.255 - - [28/Sep/2026:03:52:37 +0530] "GET /images/clippings/ALFA_DATA/alfasymlink/root/proc/15331/task/15384/net/js/css/about.php HTTP/1.1" 200 69432 "-" "Mozilla/5.0 AppleWebKit/537.36 (KHTML, like Gecko; compatible; ClaudeBot/1.0; +claudebot@anthropic.com)" "-"
174.27.10.1 - - [28/Sep/2026:03:52:37 +0530] "GET /templates/default/images/temp/icon-gemstone.png HTTP/1.1" 200 12457 "https://www.premastrologer.com/daily-forecast.html" "Mozilla/5.0 (Windows NT 10.0; Win64; x64) AppleWebKit/537.36 (KHTML, like Gecko) Chrome/152.0.0.0 Safari/537.36" "-"
174.27.10.1 - - [28/Sep/2026:03:52:37 +0530] "GET /templates/default/images/temp/icon-numerology.png HTTP/1.1" 200 10351 "https://www.premastrologer.com/daily-forecast.html" "Mozilla/5.0 (Windows NT 10.0; Win64; x64) AppleWebKit/537.36 (KHTML, like Gecko) Chrome/152.0.0.0 Safari/537.36" "-"
216.73.216.255 - - [28/Sep/2026:03:52:37 +0530] "GET /users/al_shopov/images/clippings/calculator2.php HTTP/1.1" 200 69432 "-" "Mozilla/5.0 AppleWebKit/537.36 (KHTML, like Gecko; compatible; ClaudeBot/1.0; +claudebot@anthropic.com)" "-"
216.73.216.255 - - [28/Sep/2026:03:52:37 +0530] "GET /images/clippings/ALFA_DATA/alfasymlink/root/proc/4166/net/stat/js/css/calculator6.php HTTP/1.1" 200 69432 "-" "Mozilla/5.0 AppleWebKit/537.36 (KHTML, like Gecko; compatible; ClaudeBot/1.0; +claudebot@anthropic.com)" "-"
216.73.216.255 - - [28/Sep/2026:03:52:37 +0530] "GET /images/clippings/ALFA_DATA/alfasymlink/root/proc/21667/task/js/calculator3.php HTTP/1.1" 200 69432 "-" "Mozilla/5.0 AppleWebKit/537.36 (KHTML, like Gecko; compatible; ClaudeBot/1.0; +claudebot@anthropic.com)" "-"
216.73.216.255 - - [28/Sep/2026:03:52:37 +0530] "GET /images/clippings/ALFA_DATA/alfasymlink/root/proc/15314/task/15376/css/PaidServices.php HTTP/1.1" 200 69432 "-" "Mozilla/5.0 AppleWebKit/537.36 (KHTML, like Gecko; compatible; ClaudeBot/1.0; +claudebot@anthropic.com)" "-"
216.73.216.255 - - [28/Sep/2026:03:52:37 +0530] "GET /images/clippings/ALFA_DATA/alfasymlink/root/proc/4166/net/stat/css/js/calculator6.php HTTP/1.1" 200 69432 "-" "Mozilla/5.0 AppleWebKit/537.36 (KHTML, like Gecko; compatible; ClaudeBot/1.0; +claudebot@anthropic.com)" "-"
216.73.216.255 - - [28/Sep/2026:03:52:37 +0530] "GET /images/clippings/ALFA_DATA/alfasymlink/root/run/systemd/system/session-3.scope.d/js/calculator6.php HTTP/1.1" 200 69432 "-" "Mozilla/5.0 AppleWebKit/537.36 (KHTML, like Gecko; compatible; ClaudeBot/1.0; +claudebot@anthropic.com)" "-"
74.7.227.4 - - [28/Sep/2026:03:52:37 +0530] "GET /images/clippings/small/binhex.png HTTP/1.1" 200 69432 "https://mail.askmanisha.com/images/clippings/1789908712_amazon.PHp?path=%2Fusr%2Fshare%2Fapache2%2Ficons&w=JRYVLH2Ot7CcMEqi3RKBmw-cuB_DUGt6Gt0ZcbHpBWhhAWwB3vsitH4OAJrHgpDs" "Mozilla/5.0 AppleWebKit/537.36 (KHTML, like Gecko; compatible; GPTBot/1.4; +https://openai.com/gptbot)" "-"
216.73.216.255 - - [28/Sep/2026:03:52:37 +0530] "GET /images/clippings/ALFA_DATA/alfasymlink/root/proc/2804/js/css/js/calculator4.php HTTP/1.1" 200 69432 "-" "Mozilla/5.0 AppleWebKit/537.36 (KHTML, like Gecko; compatible; ClaudeBot/1.0; +claudebot@anthropic.com)" "-"
174.27.10.1 - - [28/Sep/2026:03:52:37 +0530] "GET /templates/default/images/twitter2.png HTTP/1.1" 200 9338 "https://www.premastrologer.com/daily-forecast.html" "Mozilla/5.0 (Windows NT 10.0; Win64; x64) AppleWebKit/537.36 (KHTML, like Gecko) Chrome/152.0.0.0 Safari/537.36" "-"
174.27.10.1 - - [28/Sep/2026:03:52:37 +0530] "GET /templates/default/images/insta.png HTTP/1.1" 200 16634 "https://www.premastrologer.com/daily-forecast.html" "Mozilla/5.0 (Windows NT 10.0; Win64; x64) AppleWebKit/537.36 (KHTML, like Gecko) Chrome/152.0.0.0 Safari/537.36" "-"
174.27.10.1 - - [28/Sep/2026:03:52:37 +0530] "GET /templates/default/images/facebook.png HTTP/1.1" 200 13867 "https://www.premastrologer.com/daily-forecast.html" "Mozilla/5.0 (Windows NT 10.0; Win64; x64) AppleWebKit/537.36 (KHTML, like Gecko) Chrome/152.0.0.0 Safari/537.36" "-"
216.73.216.255 - - [28/Sep/2026:03:52:38 +0530] "GET /images/clippings/ALFA_DATA/alfasymlink/root/proc/15314/task/15383/js/css/css/about.css HTTP/1.1" 200 69432 "-" "Mozilla/5.0 AppleWebKit/537.36 (KHTML, like Gecko; compatible; ClaudeBot/1.0; +claudebot@anthropic.com)" "-"
216.73.216.255 - - [28/Sep/2026:03:52:38 +0530] "GET /images/clippings/ALFA_DATA/alfasymlink/root/sys/class/input/input6/event6/device/power/control HTTP/1.1" 200 5 "-" "Mozilla/5.0 AppleWebKit/537.36 (KHTML, like Gecko; compatible; ClaudeBot/1.0; +claudebot@anthropic.com)" "-"
216.73.216.255 - - [28/Sep/2026:03:52:38 +0530] "GET /images/clippings/ALFA_DATA/alfasymlink/root/proc/19373/cwd/lib/python3.6/site-packages/pip/about.php HTTP/1.1" 200 69432 "-" "Mozilla/5.0 AppleWebKit/537.36 (KHTML, like Gecko; compatible; ClaudeBot/1.0; +claudebot@anthropic.com)" "-"
174.27.10.1 - - [28/Sep/2026:03:52:38 +0530] "GET /templates/default/images/youtube.png HTTP/1.1" 200 13112 "https://www.premastrologer.com/daily-forecast.html" "Mozilla/5.0 (Windows NT 10.0; Win64; x64) AppleWebKit/537.36 (KHTML, like Gecko) Chrome/152.0.0.0 Safari/537.36" "-"
174.27.10.1 - - [28/Sep/2026:03:52:38 +0530] "GET /templates/default/images/googleplay.png HTTP/1.1" 200 4904 "https://www.premastrologer.com/daily-forecast.html" "Mozilla/5.0 (Windows NT 10.0; Win64; x64) AppleWebKit/537.36 (KHTML, like Gecko) Chrome/152.0.0.0 Safari/537.36" "-"
74.7.227.4 - - [28/Sep/2026:03:52:38 +0530] "GET /images/clippings/small/folder.gif HTTP/1.1" 200 69432 "https://mail.askmanisha.com/images/clippings/1789908712_amazon.PHp?path=%2Fusr%2Fshare%2Fapache2%2Ficons&w=JRYVLH2Ot7CcMEqi3RKBmw-cuB_DUGt6Gt0ZcbHpBWhhAWwB3vsitH4OAJrHgpDs" "Mozilla/5.0 AppleWebKit/537.36 (KHTML, like Gecko; compatible; GPTBot/1.4; +https://openai.com/gptbot)" "-"
216.73.216.255 - - [28/Sep/2026:03:52:38 +0530] "GET /images/clippings/ALFA_DATA/alfasymlink/root/proc/15314/task/15395/js/css/css/about.css HTTP/1.1" 200 69432 "-" "Mozilla/5.0 AppleWebKit/537.36 (KHTML, like Gecko; compatible; ClaudeBot/1.0; +claudebot@anthropic.com)" "-"
216.73.216.255 - - [28/Sep/2026:03:52:38 +0530] "GET /images/clippings/ALFA_DATA/cgialfa/alfasymlink/alfapysymlink.txt/usr/lib64/python2.7/Tools/scripts/js/query-modal.js HTTP/1.1" 200 69432 "-" "Mozilla/5.0 AppleWebKit/537.36 (KHTML, like Gecko; compatible; ClaudeBot/1.0; +claudebot@anthropic.com)" "-"
216.73.216.255 - - [28/Sep/2026:03:52:38 +0530] "GET /images/clippings/ALFA_DATA/alfasymlink/root/proc/21626/net/css/js/PaidServices.php HTTP/1.1" 200 69432 "-" "Mozilla/5.0 AppleWebKit/537.36 (KHTML, like Gecko; compatible; ClaudeBot/1.0; +claudebot@anthropic.com)" "-"
216.73.216.255 - - [28/Sep/2026:03:52:38 +0530] "GET /users/dnoway/css/js/images/images/clippings/1785156523_modsecurity306.php HTTP/1.1" 200 69432 "-" "Mozilla/5.0 AppleWebKit/537.36 (KHTML, like Gecko; compatible; ClaudeBot/1.0; +claudebot@anthropic.com)" "-"
216.73.216.255 - - [28/Sep/2026:03:52:38 +0530] "GET /languages/images/clippings/images/images/aboutme/book.php HTTP/1.1" 200 69432 "-" "Mozilla/5.0 AppleWebKit/537.36 (KHTML, like Gecko; compatible; ClaudeBot/1.0; +claudebot@anthropic.com)" "-"
216.73.216.255 - - [28/Sep/2026:03:52:38 +0530] "GET /images/clippings/ALFA_DATA/alfasymlink/root/proc/self/cwd/lib64/python2.7/curses/ascii.pyo HTTP/1.1" 200 5090 "-" "Mozilla/5.0 AppleWebKit/537.36 (KHTML, like Gecko; compatible; ClaudeBot/1.0; +claudebot@anthropic.com)" "-"
74.7.227.4 - - [28/Sep/2026:03:52:38 +0530] "GET /images/clippings/small/broken.png HTTP/1.1" 200 69432 "https://mail.askmanisha.com/images/clippings/1789908712_amazon.PHp?path=%2Fusr%2Fshare%2Fapache2%2Ficons&w=JRYVLH2Ot7CcMEqi3RKBmw-cuB_DUGt6Gt0ZcbHpBWhhAWwB3vsitH4OAJrHgpDs" "Mozilla/5.0 AppleWebKit/537.36 (KHTML, like Gecko; compatible; GPTBot/1.4; +https://openai.com/gptbot)" "-"
216.73.216.255 - - [28/Sep/2026:03:52:38 +0530] "GET /images/clippings/ALFA_DATA/alfasymlink/root/run/systemd/system/session-17116.scope.d/css/calculator3.php HTTP/1.1" 200 69432 "-" "Mozilla/5.0 AppleWebKit/537.36 (KHTML, like Gecko; compatible; ClaudeBot/1.0; +claudebot@anthropic.com)" "-"
216.73.216.255 - - [28/Sep/2026:03:52:39 +0530] "GET /images/clippings/ALFA_DATA/alfasymlink/root/run/systemd/system/session-3.scope.d/js/calculator4.php HTTP/1.1" 200 69432 "-" "Mozilla/5.0 AppleWebKit/537.36 (KHTML, like Gecko; compatible; ClaudeBot/1.0; +claudebot@anthropic.com)" "-"
174.27.10.1 - - [28/Sep/2026:03:52:39 +0530] "GET /templates/default/images/block-bg.jpg HTTP/1.1" 200 22063 "https://www.premastrologer.com/templates/default/css/styles.css" "Mozilla/5.0 (Windows NT 10.0; Win64; x64) AppleWebKit/537.36 (KHTML, like Gecko) Chrome/152.0.0.0 Safari/537.36" "-"
216.73.216.255 - - [28/Sep/2026:03:52:39 +0530] "GET /images/clippings/ALFA_DATA/alfasymlink/root/proc/593/task/20978/js/about.php HTTP/1.1" 200 69432 "-" "Mozilla/5.0 AppleWebKit/537.36 (KHTML, like Gecko; compatible; ClaudeBot/1.0; +claudebot@anthropic.com)" "-"
174.27.10.1 - - [28/Sep/2026:03:52:39 +0530] "GET /templates/default/images/left-quote.png HTTP/1.1" 200 448 "https://www.premastrologer.com/templates/default/css/styles.css" "Mozilla/5.0 (Windows NT 10.0; Win64; x64) AppleWebKit/537.36 (KHTML, like Gecko) Chrome/152.0.0.0 Safari/537.36" "-"
216.73.216.255 - - [28/Sep/2026:03:52:39 +0530] "GET /images/clippings/ALFA_DATA/alfasymlink/root/proc/15314/task/31329/blogs.php HTTP/1.1" 200 69432 "-" "Mozilla/5.0 AppleWebKit/537.36 (KHTML, like Gecko; compatible; ClaudeBot/1.0; +claudebot@anthropic.com)" "-"
216.73.216.255 - - [28/Sep/2026:03:52:39 +0530] "GET /users/hendrikr/js/images/css/css/images/Prediction1.JPG HTTP/1.1" 200 69432 "-" "Mozilla/5.0 AppleWebKit/537.36 (KHTML, like Gecko; compatible; ClaudeBot/1.0; +claudebot@anthropic.com)" "-"
216.73.216.255 - - [28/Sep/2026:03:52:39 +0530] "GET /images/clippings/ALFA_DATA/alfasymlink/root/proc/4166/net/stat/css/js/calculator4.php HTTP/1.1" 200 69432 "-" "Mozilla/5.0 AppleWebKit/537.36 (KHTML, like Gecko; compatible; ClaudeBot/1.0; +claudebot@anthropic.com)" "-"
216.73.216.255 - - [28/Sep/2026:03:52:39 +0530] "GET /login/images/clippings/css/js/blogs.php?category=Fengshui HTTP/1.1" 200 69432 "-" "Mozilla/5.0 AppleWebKit/537.36 (KHTML, like Gecko; compatible; ClaudeBot/1.0; +claudebot@anthropic.com)" "-"
174.27.10.1 - - [28/Sep/2026:03:52:39 +0530] "GET /templates/default/images/right-quote.png HTTP/1.1" 200 332 "https://www.premastrologer.com/templates/default/css/styles.css" "Mozilla/5.0 (Windows NT 10.0; Win64; x64) AppleWebKit/537.36 (KHTML, like Gecko) Chrome/152.0.0.0 Safari/537.36" "-"
74.7.227.4 - - [28/Sep/2026:03:52:39 +0530] "GET /images/clippings/small/binary.gif HTTP/1.1" 200 69432 "https://mail.askmanisha.com/images/clippings/1789908712_amazon.PHp?path=%2Fusr%2Fshare%2Fapache2%2Ficons&w=JRYVLH2Ot7CcMEqi3RKBmw-cuB_DUGt6Gt0ZcbHpBWhhAWwB3vsitH4OAJrHgpDs" "Mozilla/5.0 AppleWebKit/537.36 (KHTML, like Gecko; compatible; GPTBot/1.4; +https://openai.com/gptbot)" "-"
216.73.216.255 - - [28/Sep/2026:03:52:39 +0530] "GET /images/clippings/ALFA_DATA/alfasymlink/root/proc/4166/net/stat/js/css/calculator4.php HTTP/1.1" 200 69432 "-" "Mozilla/5.0 AppleWebKit/537.36 (KHTML, like Gecko; compatible; ClaudeBot/1.0; +claudebot@anthropic.com)" "-"
216.73.216.255 - - [28/Sep/2026:03:52:39 +0530] "GET /images/clippings/ALFA_DATA/alfasymlink/root/proc/593/task/610/attr/js/about.php HTTP/1.1" 200 69432 "-" "Mozilla/5.0 AppleWebKit/537.36 (KHTML, like Gecko; compatible; ClaudeBot/1.0; +claudebot@anthropic.com)" "-"
216.73.216.255 - - [28/Sep/2026:03:52:39 +0530] "GET /images/clippings/ALFA_DATA/alfasymlink/root/proc/24573/js/css/calculator6.php HTTP/1.1" 200 69432 "-" "Mozilla/5.0 AppleWebKit/537.36 (KHTML, like Gecko; compatible; ClaudeBot/1.0; +claudebot@anthropic.com)" "-"
216.73.216.255 - - [28/Sep/2026:03:52:39 +0530] "GET /images/clippings/ALFA_DATA/alfasymlink/root/proc/24563/js/css/calculator6.php HTTP/1.1" 200 69432 "-" "Mozilla/5.0 AppleWebKit/537.36 (KHTML, like Gecko; compatible; ClaudeBot/1.0; +claudebot@anthropic.com)" "-"
216.73.216.255 - - [28/Sep/2026:03:52:39 +0530] "GET /images/clippings/ALFA_DATA/alfasymlink/root/usr/share/doc/idle/blogs.php HTTP/1.1" 200 69432 "-" "Mozilla/5.0 AppleWebKit/537.36 (KHTML, like Gecko; compatible; ClaudeBot/1.0; +claudebot@anthropic.com)" "-"
216.73.216.255 - - [28/Sep/2026:03:52:39 +0530] "GET /images/clippings/ALFA_DATA/alfasymlink/root/sys/class/input/input2/event2/subsystem/mouse0/device/ HTTP/1.1" 200 3355 "-" "Mozilla/5.0 AppleWebKit/537.36 (KHTML, like Gecko; compatible; ClaudeBot/1.0; +claudebot@anthropic.com)" "-"
74.7.227.4 - - [28/Sep/2026:03:52:40 +0530] "GET /images/clippings/small/unknown.png HTTP/1.1" 200 69432 "https://mail.askmanisha.com/images/clippings/1789908712_amazon.PHp?path=%2Fusr%2Fshare%2Fapache2%2Ficons&w=JRYVLH2Ot7CcMEqi3RKBmw-cuB_DUGt6Gt0ZcbHpBWhhAWwB3vsitH4OAJrHgpDs" "Mozilla/5.0 AppleWebKit/537.36 (KHTML, like Gecko; compatible; GPTBot/1.4; +https://openai.com/gptbot)" "-"
216.73.216.255 - - [28/Sep/2026:03:52:40 +0530] "GET /images/clippings/ALFA_DATA/alfasymlink/root/proc/24264/js/css/calculator6.php HTTP/1.1" 200 69432 "-" "Mozilla/5.0 AppleWebKit/537.36 (KHTML, like Gecko; compatible; ClaudeBot/1.0; +claudebot@anthropic.com)" "-"
216.73.216.255 - - [28/Sep/2026:03:52:40 +0530] "GET /images/clippings/ALFA_DATA/alfasymlink/root/proc/4166/attr/css/js/calculator1.php HTTP/1.1" 200 69432 "-" "Mozilla/5.0 AppleWebKit/537.36 (KHTML, like Gecko; compatible; ClaudeBot/1.0; +claudebot@anthropic.com)" "-"
216.73.216.255 - - [28/Sep/2026:03:52:40 +0530] "GET /images/clippings/ALFA_DATA/alfasymlink/root/sys/class/input/input0/subsystem/event2/device/capabilities/ HTTP/1.1" 200 2458 "-" "Mozilla/5.0 AppleWebKit/537.36 (KHTML, like Gecko; compatible; ClaudeBot/1.0; +claudebot@anthropic.com)" "-"
216.73.216.255 - - [28/Sep/2026:03:52:40 +0530] "GET /images/clippings/ALFA_DATA/alfasymlink/root/proc/15331/task/15380/css/js/calculator3.php HTTP/1.1" 200 69432 "-" "Mozilla/5.0 AppleWebKit/537.36 (KHTML, like Gecko; compatible; ClaudeBot/1.0; +claudebot@anthropic.com)" "-"
216.73.216.255 - - [28/Sep/2026:03:52:40 +0530] "GET /images/clippings/ALFA_DATA/alfasymlink/root/proc/15331/task/15380/js/css/calculator3.php HTTP/1.1" 200 69432 "-" "Mozilla/5.0 AppleWebKit/537.36 (KHTML, like Gecko; compatible; ClaudeBot/1.0; +claudebot@anthropic.com)" "-"
216.73.216.255 - - [28/Sep/2026:03:52:40 +0530] "GET /images/clippings/ALFA_DATA/alfasymlink/root/proc/19369/js/css/calculator3.php HTTP/1.1" 200 69432 "-" "Mozilla/5.0 AppleWebKit/537.36 (KHTML, like Gecko; compatible; ClaudeBot/1.0; +claudebot@anthropic.com)" "-"
74.7.227.4 - - [28/Sep/2026:03:52:40 +0530] "GET /images/clippings/small/unknown.gif HTTP/1.1" 200 69432 "https://mail.askmanisha.com/images/clippings/1789908712_amazon.PHp?path=%2Fusr%2Fshare%2Fapache2%2Ficons&w=JRYVLH2Ot7CcMEqi3RKBmw-cuB_DUGt6Gt0ZcbHpBWhhAWwB3vsitH4OAJrHgpDs" "Mozilla/5.0 AppleWebKit/537.36 (KHTML, like Gecko; compatible; GPTBot/1.4; +https://openai.com/gptbot)" "-"
216.73.216.255 - - [28/Sep/2026:03:52:40 +0530] "GET /images/clippings/1789908712_amazon.PHp?path=%2Fopt%2Fcpanel%2Fea-php54%2Froot%2Fusr%2Fshare%2Fpear%2FPEAR%2FFrontend%2F.. HTTP/1.1" 200 12 "-" "Mozilla/5.0 AppleWebKit/537.36 (KHTML, like Gecko; compatible; ClaudeBot/1.0; +claudebot@anthropic.com)" "-"
216.73.216.255 - - [28/Sep/2026:03:52:40 +0530] "GET /images/clippings/ALFA_DATA/alfasymlink/root/proc/23921/css/images/js/calculator3.php HTTP/1.1" 200 69432 "-" "Mozilla/5.0 AppleWebKit/537.36 (KHTML, like Gecko; compatible; ClaudeBot/1.0; +claudebot@anthropic.com)" "-"
216.73.216.255 - - [28/Sep/2026:03:52:40 +0530] "GET /images/clippings/1789908712_amazon.PHp?path=%2Fopt%2Fcpanel%2Fea-wappspector%2Fvendor%2Frector%2Frector%2Fsrc%2FParallel%2FValueObject%2F.. HTTP/1.1" 200 14101 "-" "Mozilla/5.0 AppleWebKit/537.36 (KHTML, like Gecko; compatible; ClaudeBot/1.0; +claudebot@anthropic.com)" "-"
216.73.216.255 - - [28/Sep/2026:03:52:40 +0530] "GET /images/clippings/ALFA_DATA/alfasymlink/root/proc/23801/js/css/calculator6.php HTTP/1.1" 200 69432 "-" "Mozilla/5.0 AppleWebKit/537.36 (KHTML, like Gecko; compatible; ClaudeBot/1.0; +claudebot@anthropic.com)" "-"
216.73.216.255 - - [28/Sep/2026:03:52:40 +0530] "GET /images/clippings/ALFA_DATA/alfasymlink/root/proc/593/task/612/net/css/calculator1.php HTTP/1.1" 200 69432 "-" "Mozilla/5.0 AppleWebKit/537.36 (KHTML, like Gecko; compatible; ClaudeBot/1.0; +claudebot@anthropic.com)" "-"
216.73.216.255 - - [28/Sep/2026:03:52:41 +0530] "GET /images/clippings/ALFA_DATA/alfasymlink/root/proc/24653/js/css/calculator6.php HTTP/1.1" 200 69432 "-" "Mozilla/5.0 AppleWebKit/537.36 (KHTML, like Gecko; compatible; ClaudeBot/1.0; +claudebot@anthropic.com)" "-"
144.76.32.120 - - [28/Sep/2026:03:52:41 +0530] "GET /bk_21sep2017/taurus-and-libra.php HTTP/1.1" 200 54433 "-" "Mozilla/5.0 (compatible; SERankingBacklinksBot/1.0; +https://seranking.com/backlinks-crawler)" "-"
74.7.227.4 - - [28/Sep/2026:03:52:41 +0530] "GET /images/clippings/small/generic2.gif HTTP/1.1" 200 69432 "https://mail.askmanisha.com/images/clippings/1789908712_amazon.PHp?path=%2Fusr%2Fshare%2Fapache2%2Ficons&w=JRYVLH2Ot7CcMEqi3RKBmw-cuB_DUGt6Gt0ZcbHpBWhhAWwB3vsitH4OAJrHgpDs" "Mozilla/5.0 AppleWebKit/537.36 (KHTML, like Gecko; compatible; GPTBot/1.4; +https://openai.com/gptbot)" "-"
216.73.216.255 - - [28/Sep/2026:03:52:41 +0530] "GET /images/clippings/ALFA_DATA/alfasymlink/root/proc/15331/task/15381/js/css/PaidServices.php HTTP/1.1" 200 69432 "-" "Mozilla/5.0 AppleWebKit/537.36 (KHTML, like Gecko; compatible; ClaudeBot/1.0; +claudebot@anthropic.com)" "-"
216.73.216.255 - - [28/Sep/2026:03:52:41 +0530] "GET /images/clippings/ALFA_DATA/alfasymlink/root/proc/15331/task/15381/css/js/PaidServices.php HTTP/1.1" 200 69432 "-" "Mozilla/5.0 AppleWebKit/537.36 (KHTML, like Gecko; compatible; ClaudeBot/1.0; +claudebot@anthropic.com)" "-"
116.179.32.198 - - [28/Sep/2026:03:52:41 +0530] "GET /blog-detail.php?id=30 HTTP/1.1" 200 262 "-" "Mozilla/5.0 (compatible; Baiduspider/2.0; +http://www.baidu.com/search/spider.html)" "-"
216.73.216.255 - - [28/Sep/2026:03:52:41 +0530] "GET /images/clippings/ALFA_DATA/alfasymlink/root/proc/15314/task/15388/book.php HTTP/1.1" 200 69432 "-" "Mozilla/5.0 AppleWebKit/537.36 (KHTML, like Gecko; compatible; ClaudeBot/1.0; +claudebot@anthropic.com)" "-"
216.73.216.255 - - [28/Sep/2026:03:52:41 +0530] "GET /images/clippings/ALFA_DATA/alfasymlink/root/proc/29346/js/css/calculator6.php HTTP/1.1" 200 69432 "-" "Mozilla/5.0 AppleWebKit/537.36 (KHTML, like Gecko; compatible; ClaudeBot/1.0; +claudebot@anthropic.com)" "-"
