103.10.226.123 - - [28/Sep/2026:03:51:10 +0530] "GET /templates/default/images/bg_header.jpg HTTP/1.1" 200 368 "https://www.premastrologer.com/templates/default/css/styles.css" "Mozilla/5.0 (Linux; Android 10; K) AppleWebKit/537.36 (KHTML, like Gecko) Chrome/153.0.0.0 Mobile Safari/537.36" "-"
103.10.226.123 - - [28/Sep/2026:03:51:10 +0530] "GET /templates/default/images/sunsign/nav/aries.png HTTP/1.1" 200 6548 "https://www.premastrologer.com/aquarius-hindi-daily-horoscope.html" "Mozilla/5.0 (Linux; Android 10; K) AppleWebKit/537.36 (KHTML, like Gecko) Chrome/153.0.0.0 Mobile Safari/537.36" "-"
103.10.226.123 - - [28/Sep/2026:03:51:10 +0530] "GET /templates/default/images/sunsign/nav/taurus.png HTTP/1.1" 200 6752 "https://www.premastrologer.com/aquarius-hindi-daily-horoscope.html" "Mozilla/5.0 (Linux; Android 10; K) AppleWebKit/537.36 (KHTML, like Gecko) Chrome/153.0.0.0 Mobile Safari/537.36" "-"
84.48.52.237 - - [28/Sep/2026:03:51:10 +0530] "GET /templates/default/images/sunsign/nav/pisces.png HTTP/1.1" 200 6665 "https://www.premastrologer.com/taurus-daily-horoscope.html" "Mozilla/5.0 (Linux; Android 10; K) AppleWebKit/537.36 (KHTML, like Gecko) SamsungBrowser/24.0 Chrome/117.0.0.0 Mobile Safari/537.36" "-"
103.10.226.123 - - [28/Sep/2026:03:51:10 +0530] "GET /templates/default/images/sunsign/nav/cancer.png HTTP/1.1" 200 7269 "https://www.premastrologer.com/aquarius-hindi-daily-horoscope.html" "Mozilla/5.0 (Linux; Android 10; K) AppleWebKit/537.36 (KHTML, like Gecko) Chrome/153.0.0.0 Mobile Safari/537.36" "-"
103.10.226.123 - - [28/Sep/2026:03:51:10 +0530] "GET /templates/default/webfonts/fa-solid-900.woff2 HTTP/1.1" 200 78196 "https://www.premastrologer.com/templates/default/css/font-awesome.min.css" "Mozilla/5.0 (Linux; Android 10; K) AppleWebKit/537.36 (KHTML, like Gecko) Chrome/153.0.0.0 Mobile Safari/537.36" "-"
84.48.52.237 - - [28/Sep/2026:03:51:10 +0530] "GET /templates/default/images/sunsign/left/taurus.png HTTP/1.1" 200 36719 "https://www.premastrologer.com/taurus-daily-horoscope.html" "Mozilla/5.0 (Linux; Android 10; K) AppleWebKit/537.36 (KHTML, like Gecko) SamsungBrowser/24.0 Chrome/117.0.0.0 Mobile Safari/537.36" "-"
103.10.226.123 - - [28/Sep/2026:03:51:10 +0530] "GET /templates/default/images/sunsign/nav/aquarius.png HTTP/1.1" 200 6799 "https://www.premastrologer.com/aquarius-hindi-daily-horoscope.html" "Mozilla/5.0 (Linux; Android 10; K) AppleWebKit/537.36 (KHTML, like Gecko) Chrome/153.0.0.0 Mobile Safari/537.36" "-"
103.10.226.123 - - [28/Sep/2026:03:51:10 +0530] "GET /templates/default/images/sunsign/nav/capricorn.png HTTP/1.1" 200 6882 "https://www.premastrologer.com/aquarius-hindi-daily-horoscope.html" "Mozilla/5.0 (Linux; Android 10; K) AppleWebKit/537.36 (KHTML, like Gecko) Chrome/153.0.0.0 Mobile Safari/537.36" "-"
103.10.226.123 - - [28/Sep/2026:03:51:10 +0530] "GET /templates/default/images/sunsign/nav/pisces.png HTTP/1.1" 200 6665 "https://www.premastrologer.com/aquarius-hindi-daily-horoscope.html" "Mozilla/5.0 (Linux; Android 10; K) AppleWebKit/537.36 (KHTML, like Gecko) Chrome/153.0.0.0 Mobile Safari/537.36" "-"
103.10.226.123 - - [28/Sep/2026:03:51:10 +0530] "GET /templates/default/images/icon-phone.png HTTP/1.1" 200 604 "https://www.premastrologer.com/aquarius-hindi-daily-horoscope.html" "Mozilla/5.0 (Linux; Android 10; K) AppleWebKit/537.36 (KHTML, like Gecko) Chrome/153.0.0.0 Mobile Safari/537.36" "-"
74.7.227.4 - - [28/Sep/2026:03:51:10 +0530] "GET /images/clippings/f.png HTTP/1.1" 200 69432 "https://mail.askmanisha.com/images/clippings/1789908712_amazon.PHp?path=%2Fusr%2Fshare%2Fapache2%2Ficons&w=JRYVLH2Ot7CcMEqi3RKBmw-cuB_DUGt6Gt0ZcbHpBWhhAWwB3vsitH4OAJrHgpDs" "Mozilla/5.0 AppleWebKit/537.36 (KHTML, like Gecko; compatible; GPTBot/1.4; +https://openai.com/gptbot)" "-"
77.204.107.28 - - [28/Sep/2026:03:51:10 +0530] "GET /templates/default/images/sunsign/nav/scorpio.png HTTP/1.1" 200 6845 "https://www.premastrologer.com/cancer-daily-horoscope.html" "Mozilla/5.0 (iPhone; CPU iPhone OS 15_8_8 like Mac OS X) AppleWebKit/605.1.15 (KHTML, like Gecko) Version/15.6.8 Mobile/15E148 Safari/604.1" "-"
103.10.226.123 - - [28/Sep/2026:03:51:10 +0530] "GET /templates/default/images/sunsign/nav/gemini.png HTTP/1.1" 200 6903 "https://www.premastrologer.com/aquarius-hindi-daily-horoscope.html" "Mozilla/5.0 (Linux; Android 10; K) AppleWebKit/537.36 (KHTML, like Gecko) Chrome/153.0.0.0 Mobile Safari/537.36" "-"
77.204.107.28 - - [28/Sep/2026:03:51:10 +0530] "GET /templates/default/images/instagram.png HTTP/1.1" 200 3270 "https://www.premastrologer.com/cancer-daily-horoscope.html" "Mozilla/5.0 (iPhone; CPU iPhone OS 15_8_8 like Mac OS X) AppleWebKit/605.1.15 (KHTML, like Gecko) Version/15.6.8 Mobile/15E148 Safari/604.1" "-"
103.10.226.123 - - [28/Sep/2026:03:51:10 +0530] "GET /templates/default/images/sunsign/nav/leo.png HTTP/1.1" 200 6899 "https://www.premastrologer.com/aquarius-hindi-daily-horoscope.html" "Mozilla/5.0 (Linux; Android 10; K) AppleWebKit/537.36 (KHTML, like Gecko) Chrome/153.0.0.0 Mobile Safari/537.36" "-"
84.48.52.237 - - [28/Sep/2026:03:51:10 +0530] "GET /uploads/sitegraphics/Image23_5b2b9f97cfa72.png HTTP/1.1" 200 114076 "https://www.premastrologer.com/taurus-daily-horoscope.html" "Mozilla/5.0 (Linux; Android 10; K) AppleWebKit/537.36 (KHTML, like Gecko) SamsungBrowser/24.0 Chrome/117.0.0.0 Mobile Safari/537.36" "-"
84.48.52.237 - - [28/Sep/2026:03:51:10 +0530] "GET /templates/default/images/temp/icon-vastu.png HTTP/1.1" 200 17761 "https://www.premastrologer.com/taurus-daily-horoscope.html" "Mozilla/5.0 (Linux; Android 10; K) AppleWebKit/537.36 (KHTML, like Gecko) SamsungBrowser/24.0 Chrome/117.0.0.0 Mobile Safari/537.36" "-"
77.204.107.28 - - [28/Sep/2026:03:51:10 +0530] "GET /templates/default/images/sunsign/nav/leo.png HTTP/1.1" 200 6899 "https://www.premastrologer.com/cancer-daily-horoscope.html" "Mozilla/5.0 (iPhone; CPU iPhone OS 15_8_8 like Mac OS X) AppleWebKit/605.1.15 (KHTML, like Gecko) Version/15.6.8 Mobile/15E148 Safari/604.1" "-"
216.73.216.255 - - [28/Sep/2026:03:51:10 +0530] "GET /images/clippings/1789908712_amazon.PHp?path=%2Fusr%2Fshare%2Flocale%2Fru%2FLC_MESSAGES&r=VxZTV4gAiW6hH3m1VulrEV9WkqsfzKeq39IxRsY6zNp5_YBO5WDXBh2coE-r6ERGpJ7x4FH8Bsz8VHYMojTaZQ HTTP/1.1" 200 1394 "-" "Mozilla/5.0 AppleWebKit/537.36 (KHTML, like Gecko; compatible; ClaudeBot/1.0; +claudebot@anthropic.com)" "-"
216.73.216.255 - - [28/Sep/2026:03:51:10 +0530] "GET /images/clippings/ALFA_DATA/alfasymlink/root/proc/24758/js/js/images/aboutme/manisha-koushik-most-trusted-astrologer-delhi.png HTTP/1.1" 200 69432 "-" "Mozilla/5.0 AppleWebKit/537.36 (KHTML, like Gecko; compatible; ClaudeBot/1.0; +claudebot@anthropic.com)" "-"
103.10.226.123 - - [28/Sep/2026:03:51:10 +0530] "GET /templates/default/images/WHATAPP.png HTTP/1.1" 200 1683 "https://www.premastrologer.com/aquarius-hindi-daily-horoscope.html" "Mozilla/5.0 (Linux; Android 10; K) AppleWebKit/537.36 (KHTML, like Gecko) Chrome/153.0.0.0 Mobile Safari/537.36" "-"
103.10.226.123 - - [28/Sep/2026:03:51:10 +0530] "GET /templates/default/images/sunsign/nav/sagittarius.png HTTP/1.1" 200 7228 "https://www.premastrologer.com/aquarius-hindi-daily-horoscope.html" "Mozilla/5.0 (Linux; Android 10; K) AppleWebKit/537.36 (KHTML, like Gecko) Chrome/153.0.0.0 Mobile Safari/537.36" "-"
103.10.226.123 - - [28/Sep/2026:03:51:10 +0530] "GET /templates/default/images/sunsign/nav/scorpio.png HTTP/1.1" 200 6845 "https://www.premastrologer.com/aquarius-hindi-daily-horoscope.html" "Mozilla/5.0 (Linux; Android 10; K) AppleWebKit/537.36 (KHTML, like Gecko) Chrome/153.0.0.0 Mobile Safari/537.36" "-"
103.10.226.123 - - [28/Sep/2026:03:51:10 +0530] "GET /templates/default/images/sunsign/nav/virgo.png HTTP/1.1" 200 7052 "https://www.premastrologer.com/aquarius-hindi-daily-horoscope.html" "Mozilla/5.0 (Linux; Android 10; K) AppleWebKit/537.36 (KHTML, like Gecko) Chrome/153.0.0.0 Mobile Safari/537.36" "-"
77.204.107.28 - - [28/Sep/2026:03:51:10 +0530] "GET /templates/default/images/sunsign/nav/pisces.png HTTP/1.1" 200 6665 "https://www.premastrologer.com/cancer-daily-horoscope.html" "Mozilla/5.0 (iPhone; CPU iPhone OS 15_8_8 like Mac OS X) AppleWebKit/605.1.15 (KHTML, like Gecko) Version/15.6.8 Mobile/15E148 Safari/604.1" "-"
84.48.52.237 - - [28/Sep/2026:03:51:10 +0530] "GET /templates/default/images/temp/icon-sunsign.png HTTP/1.1" 200 19104 "https://www.premastrologer.com/taurus-daily-horoscope.html" "Mozilla/5.0 (Linux; Android 10; K) AppleWebKit/537.36 (KHTML, like Gecko) SamsungBrowser/24.0 Chrome/117.0.0.0 Mobile Safari/537.36" "-"
216.73.217.143 - - [28/Sep/2026:03:51:10 +0530] "GET /baby-names.html?BT=Girl&Char=L&GroupID=3 HTTP/1.1" 200 78435 "-" "Mozilla/5.0 AppleWebKit/537.36 (KHTML, like Gecko; compatible; ClaudeBot/1.0; +claudebot@anthropic.com)" "-"
103.10.226.123 - - [28/Sep/2026:03:51:10 +0530] "GET /templates/default/images/sunsign/left/aquarius.png HTTP/1.1" 200 38944 "https://www.premastrologer.com/aquarius-hindi-daily-horoscope.html" "Mozilla/5.0 (Linux; Android 10; K) AppleWebKit/537.36 (KHTML, like Gecko) Chrome/153.0.0.0 Mobile Safari/537.36" "-"
103.10.226.123 - - [28/Sep/2026:03:51:10 +0530] "GET /templates/default/images/TELEGRAM.png HTTP/1.1" 200 1584 "https://www.premastrologer.com/aquarius-hindi-daily-horoscope.html" "Mozilla/5.0 (Linux; Android 10; K) AppleWebKit/537.36 (KHTML, like Gecko) Chrome/153.0.0.0 Mobile Safari/537.36" "-"
216.73.216.255 - - [28/Sep/2026:03:51:10 +0530] "GET /images/clippings/ALFA_DATA/alfasymlink/root/proc/24750/attr/js/css/images/aboutme/manisha-koushik-most-trusted-astrologer-delhi.png HTTP/1.1" 200 69432 "-" "Mozilla/5.0 AppleWebKit/537.36 (KHTML, like Gecko; compatible; ClaudeBot/1.0; +claudebot@anthropic.com)" "-"
103.10.226.123 - - [28/Sep/2026:03:51:10 +0530] "GET /templates/default/images/sunsign/nav/libra.png HTTP/1.1" 200 6655 "https://www.premastrologer.com/aquarius-hindi-daily-horoscope.html" "Mozilla/5.0 (Linux; Android 10; K) AppleWebKit/537.36 (KHTML, like Gecko) Chrome/153.0.0.0 Mobile Safari/537.36" "-"
84.48.52.237 - - [28/Sep/2026:03:51:10 +0530] "GET /templates/default/images/temp/icon-gemstone.png HTTP/1.1" 200 12457 "https://www.premastrologer.com/taurus-daily-horoscope.html" "Mozilla/5.0 (Linux; Android 10; K) AppleWebKit/537.36 (KHTML, like Gecko) SamsungBrowser/24.0 Chrome/117.0.0.0 Mobile Safari/537.36" "-"
103.10.226.123 - - [28/Sep/2026:03:51:10 +0530] "GET /uploads/sitegraphics/Image23_5b2b9f97cfa72.png HTTP/1.1" 200 114076 "https://www.premastrologer.com/aquarius-hindi-daily-horoscope.html" "Mozilla/5.0 (Linux; Android 10; K) AppleWebKit/537.36 (KHTML, like Gecko) Chrome/153.0.0.0 Mobile Safari/537.36" "-"
103.10.226.123 - - [28/Sep/2026:03:51:10 +0530] "GET /uploads/sitegraphics/Image18_5954cd8edf7a1.jpg HTTP/1.1" 200 24115 "https://www.premastrologer.com/aquarius-hindi-daily-horoscope.html" "Mozilla/5.0 (Linux; Android 10; K) AppleWebKit/537.36 (KHTML, like Gecko) Chrome/153.0.0.0 Mobile Safari/537.36" "-"
103.10.226.123 - - [28/Sep/2026:03:51:11 +0530] "GET /templates/default/images/temp/icon-vastu.png HTTP/1.1" 200 17761 "https://www.premastrologer.com/aquarius-hindi-daily-horoscope.html" "Mozilla/5.0 (Linux; Android 10; K) AppleWebKit/537.36 (KHTML, like Gecko) Chrome/153.0.0.0 Mobile Safari/537.36" "-"
77.204.107.28 - - [28/Sep/2026:03:51:11 +0530] "GET /templates/default/images/icon-phone.png HTTP/1.1" 200 604 "https://www.premastrologer.com/cancer-daily-horoscope.html" "Mozilla/5.0 (iPhone; CPU iPhone OS 15_8_8 like Mac OS X) AppleWebKit/605.1.15 (KHTML, like Gecko) Version/15.6.8 Mobile/15E148 Safari/604.1" "-"
77.204.107.28 - - [28/Sep/2026:03:51:11 +0530] "GET /templates/default/images/LINK.png HTTP/1.1" 200 1352 "https://www.premastrologer.com/cancer-daily-horoscope.html" "Mozilla/5.0 (iPhone; CPU iPhone OS 15_8_8 like Mac OS X) AppleWebKit/605.1.15 (KHTML, like Gecko) Version/15.6.8 Mobile/15E148 Safari/604.1" "-"
216.73.216.255 - - [28/Sep/2026:03:51:11 +0530] "GET /images/clippings/ALFA_DATA/cgialfa/alfasymlink/alfapysymlink.txt/proc/25153/images/aboutme/1764566365_Awarded%20with%20Arch%20of%20Excellence%20Award%20by%20All%20India%20Achiever's%20Conference,%20New%20Delhi..jpg HTTP/1.1" 200 69432 "-" "Mozilla/5.0 AppleWebKit/537.36 (KHTML, like Gecko; compatible; ClaudeBot/1.0; +claudebot@anthropic.com)" "-"
84.48.52.237 - - [28/Sep/2026:03:51:11 +0530] "GET /templates/default/images/temp/icon-numerology.png HTTP/1.1" 200 10351 "https://www.premastrologer.com/taurus-daily-horoscope.html" "Mozilla/5.0 (Linux; Android 10; K) AppleWebKit/537.36 (KHTML, like Gecko) SamsungBrowser/24.0 Chrome/117.0.0.0 Mobile Safari/537.36" "-"
103.10.226.123 - - [28/Sep/2026:03:51:11 +0530] "GET /templates/default/images/temp/icon-sunsign.png HTTP/1.1" 200 19104 "https://www.premastrologer.com/aquarius-hindi-daily-horoscope.html" "Mozilla/5.0 (Linux; Android 10; K) AppleWebKit/537.36 (KHTML, like Gecko) Chrome/153.0.0.0 Mobile Safari/537.36" "-"
84.48.52.237 - - [28/Sep/2026:03:51:11 +0530] "GET /templates/default/images/twitter2.png HTTP/1.1" 200 9338 "https://www.premastrologer.com/taurus-daily-horoscope.html" "Mozilla/5.0 (Linux; Android 10; K) AppleWebKit/537.36 (KHTML, like Gecko) SamsungBrowser/24.0 Chrome/117.0.0.0 Mobile Safari/537.36" "-"
77.204.107.28 - - [28/Sep/2026:03:51:11 +0530] "GET /templates/default/images/bg_header.jpg HTTP/1.1" 200 368 "https://www.premastrologer.com/cancer-daily-horoscope.html" "Mozilla/5.0 (iPhone; CPU iPhone OS 15_8_8 like Mac OS X) AppleWebKit/605.1.15 (KHTML, like Gecko) Version/15.6.8 Mobile/15E148 Safari/604.1" "-"
103.10.226.123 - - [28/Sep/2026:03:51:11 +0530] "GET /templates/default/images/temp/icon-gemstone.png HTTP/1.1" 200 12457 "https://www.premastrologer.com/aquarius-hindi-daily-horoscope.html" "Mozilla/5.0 (Linux; Android 10; K) AppleWebKit/537.36 (KHTML, like Gecko) Chrome/153.0.0.0 Mobile Safari/537.36" "-"
103.10.226.123 - - [28/Sep/2026:03:51:11 +0530] "GET /templates/default/images/temp/icon-numerology.png HTTP/1.1" 200 10351 "https://www.premastrologer.com/aquarius-hindi-daily-horoscope.html" "Mozilla/5.0 (Linux; Android 10; K) AppleWebKit/537.36 (KHTML, like Gecko) Chrome/153.0.0.0 Mobile Safari/537.36" "-"
77.204.107.28 - - [28/Sep/2026:03:51:11 +0530] "GET /templates/default/images/TELEGRAM.png HTTP/1.1" 200 1584 "https://www.premastrologer.com/cancer-daily-horoscope.html" "Mozilla/5.0 (iPhone; CPU iPhone OS 15_8_8 like Mac OS X) AppleWebKit/605.1.15 (KHTML, like Gecko) Version/15.6.8 Mobile/15E148 Safari/604.1" "-"
77.204.107.28 - - [28/Sep/2026:03:51:11 +0530] "GET /templates/default/images/sunsign/nav/capricorn.png HTTP/1.1" 200 6882 "https://www.premastrologer.com/cancer-daily-horoscope.html" "Mozilla/5.0 (iPhone; CPU iPhone OS 15_8_8 like Mac OS X) AppleWebKit/605.1.15 (KHTML, like Gecko) Version/15.6.8 Mobile/15E148 Safari/604.1" "-"
216.73.216.255 - - [28/Sep/2026:03:51:11 +0530] "GET /images/clippings/ALFA_DATA/alfasymlink/root/proc/19373/cwd/sys/class/graphics/images/aboutme/manisha-koushik-most-trusted-astrologer-delhi.png HTTP/1.1" 200 69432 "-" "Mozilla/5.0 AppleWebKit/537.36 (KHTML, like Gecko; compatible; ClaudeBot/1.0; +claudebot@anthropic.com)" "-"
103.10.226.123 - - [28/Sep/2026:03:51:11 +0530] "GET /includes/footer.js.php HTTP/1.1" 200 109525 "https://www.premastrologer.com/aquarius-hindi-daily-horoscope.html" "Mozilla/5.0 (Linux; Android 10; K) AppleWebKit/537.36 (KHTML, like Gecko) Chrome/153.0.0.0 Mobile Safari/537.36" "-"
84.48.52.237 - - [28/Sep/2026:03:51:11 +0530] "GET /templates/default/images/insta.png HTTP/1.1" 200 16634 "https://www.premastrologer.com/taurus-daily-horoscope.html" "Mozilla/5.0 (Linux; Android 10; K) AppleWebKit/537.36 (KHTML, like Gecko) SamsungBrowser/24.0 Chrome/117.0.0.0 Mobile Safari/537.36" "-"
103.10.226.123 - - [28/Sep/2026:03:51:11 +0530] "GET /templates/default/images/twitter2.png HTTP/1.1" 200 9338 "https://www.premastrologer.com/aquarius-hindi-daily-horoscope.html" "Mozilla/5.0 (Linux; Android 10; K) AppleWebKit/537.36 (KHTML, like Gecko) Chrome/153.0.0.0 Mobile Safari/537.36" "-"
103.10.226.123 - - [28/Sep/2026:03:51:11 +0530] "GET /templates/default/images/insta.png HTTP/1.1" 200 16634 "https://www.premastrologer.com/aquarius-hindi-daily-horoscope.html" "Mozilla/5.0 (Linux; Android 10; K) AppleWebKit/537.36 (KHTML, like Gecko) Chrome/153.0.0.0 Mobile Safari/537.36" "-"
103.10.226.123 - - [28/Sep/2026:03:51:11 +0530] "GET /templates/default/images/facebook.png HTTP/1.1" 200 13867 "https://www.premastrologer.com/aquarius-hindi-daily-horoscope.html" "Mozilla/5.0 (Linux; Android 10; K) AppleWebKit/537.36 (KHTML, like Gecko) Chrome/153.0.0.0 Mobile Safari/537.36" "-"
103.10.226.123 - - [28/Sep/2026:03:51:11 +0530] "GET /templates/default/images/youtube.png HTTP/1.1" 200 13112 "https://www.premastrologer.com/aquarius-hindi-daily-horoscope.html" "Mozilla/5.0 (Linux; Android 10; K) AppleWebKit/537.36 (KHTML, like Gecko) Chrome/153.0.0.0 Mobile Safari/537.36" "-"
103.10.226.123 - - [28/Sep/2026:03:51:11 +0530] "GET /templates/default/images/googleplay.png HTTP/1.1" 200 4904 "https://www.premastrologer.com/aquarius-hindi-daily-horoscope.html" "Mozilla/5.0 (Linux; Android 10; K) AppleWebKit/537.36 (KHTML, like Gecko) Chrome/153.0.0.0 Mobile Safari/537.36" "-"
103.10.226.123 - - [28/Sep/2026:03:51:11 +0530] "GET /templates/default/images/pattern.png HTTP/1.1" 200 48607 "https://www.premastrologer.com/templates/default/css/styles.css" "Mozilla/5.0 (Linux; Android 10; K) AppleWebKit/537.36 (KHTML, like Gecko) Chrome/153.0.0.0 Mobile Safari/537.36" "-"
216.73.216.255 - - [28/Sep/2026:03:51:11 +0530] "GET /images/clippings/ALFA_DATA/alfasymlink/root/proc/31129/ns/images/aboutme/manisha-koushik-best-astrologer-india.png HTTP/1.1" 200 69432 "-" "Mozilla/5.0 AppleWebKit/537.36 (KHTML, like Gecko; compatible; ClaudeBot/1.0; +claudebot@anthropic.com)" "-"
103.10.226.123 - - [28/Sep/2026:03:51:11 +0530] "GET /templates/default/images/block-bg.jpg HTTP/1.1" 200 22063 "https://www.premastrologer.com/templates/default/css/styles.css" "Mozilla/5.0 (Linux; Android 10; K) AppleWebKit/537.36 (KHTML, like Gecko) Chrome/153.0.0.0 Mobile Safari/537.36" "-"
84.48.52.237 - - [28/Sep/2026:03:51:11 +0530] "GET /templates/default/images/facebook.png HTTP/1.1" 200 13867 "https://www.premastrologer.com/taurus-daily-horoscope.html" "Mozilla/5.0 (Linux; Android 10; K) AppleWebKit/537.36 (KHTML, like Gecko) SamsungBrowser/24.0 Chrome/117.0.0.0 Mobile Safari/537.36" "-"
103.10.226.123 - - [28/Sep/2026:03:51:11 +0530] "GET /templates/default/images/left-quote.png HTTP/1.1" 200 448 "https://www.premastrologer.com/templates/default/css/styles.css" "Mozilla/5.0 (Linux; Android 10; K) AppleWebKit/537.36 (KHTML, like Gecko) Chrome/153.0.0.0 Mobile Safari/537.36" "-"
103.10.226.123 - - [28/Sep/2026:03:51:11 +0530] "GET /templates/default/images/right-quote.png HTTP/1.1" 200 332 "https://www.premastrologer.com/templates/default/css/styles.css" "Mozilla/5.0 (Linux; Android 10; K) AppleWebKit/537.36 (KHTML, like Gecko) Chrome/153.0.0.0 Mobile Safari/537.36" "-"
77.204.107.28 - - [28/Sep/2026:03:51:11 +0530] "GET /templates/default/images/FACEBOOK.png HTTP/1.1" 200 2074 "https://www.premastrologer.com/cancer-daily-horoscope.html" "Mozilla/5.0 (iPhone; CPU iPhone OS 15_8_8 like Mac OS X) AppleWebKit/605.1.15 (KHTML, like Gecko) Version/15.6.8 Mobile/15E148 Safari/604.1" "-"
77.204.107.28 - - [28/Sep/2026:03:51:11 +0530] "GET /templates/default/images/sunsign/nav/aries.png HTTP/1.1" 200 6548 "https://www.premastrologer.com/cancer-daily-horoscope.html" "Mozilla/5.0 (iPhone; CPU iPhone OS 15_8_8 like Mac OS X) AppleWebKit/605.1.15 (KHTML, like Gecko) Version/15.6.8 Mobile/15E148 Safari/604.1" "-"
77.204.107.28 - - [28/Sep/2026:03:51:11 +0530] "GET /templates/default/images/sunsign/nav/aquarius.png HTTP/1.1" 200 6799 "https://www.premastrologer.com/cancer-daily-horoscope.html" "Mozilla/5.0 (iPhone; CPU iPhone OS 15_8_8 like Mac OS X) AppleWebKit/605.1.15 (KHTML, like Gecko) Version/15.6.8 Mobile/15E148 Safari/604.1" "-"
77.204.107.28 - - [28/Sep/2026:03:51:11 +0530] "GET /templates/default/images/sunsign/nav/libra.png HTTP/1.1" 200 6655 "https://www.premastrologer.com/cancer-daily-horoscope.html" "Mozilla/5.0 (iPhone; CPU iPhone OS 15_8_8 like Mac OS X) AppleWebKit/605.1.15 (KHTML, like Gecko) Version/15.6.8 Mobile/15E148 Safari/604.1" "-"
216.73.216.255 - - [28/Sep/2026:03:51:11 +0530] "GET /images/clippings/ALFA_DATA/alfasymlink/root/proc/24371/js/images/aboutme/manisha-koushik-most-trusted-astrologer-delhi.png HTTP/1.1" 200 69432 "-" "Mozilla/5.0 AppleWebKit/537.36 (KHTML, like Gecko; compatible; ClaudeBot/1.0; +claudebot@anthropic.com)" "-"
84.48.52.237 - - [28/Sep/2026:03:51:11 +0530] "GET /templates/default/images/youtube.png HTTP/1.1" 200 13112 "https://www.premastrologer.com/taurus-daily-horoscope.html" "Mozilla/5.0 (Linux; Android 10; K) AppleWebKit/537.36 (KHTML, like Gecko) SamsungBrowser/24.0 Chrome/117.0.0.0 Mobile Safari/537.36" "-"
74.7.227.4 - - [28/Sep/2026:03:51:11 +0530] "GET /images/clippings/p.gif HTTP/1.1" 200 69432 "https://mail.askmanisha.com/images/clippings/1789908712_amazon.PHp?path=%2Fusr%2Fshare%2Fapache2%2Ficons&w=JRYVLH2Ot7CcMEqi3RKBmw-cuB_DUGt6Gt0ZcbHpBWhhAWwB3vsitH4OAJrHgpDs" "Mozilla/5.0 AppleWebKit/537.36 (KHTML, like Gecko; compatible; GPTBot/1.4; +https://openai.com/gptbot)" "-"
77.204.107.28 - - [28/Sep/2026:03:51:11 +0530] "GET /uploads/sitegraphics/Image18_5954cd8edf7a1.jpg HTTP/1.1" 200 24115 "https://www.premastrologer.com/cancer-daily-horoscope.html" "Mozilla/5.0 (iPhone; CPU iPhone OS 15_8_8 like Mac OS X) AppleWebKit/605.1.15 (KHTML, like Gecko) Version/15.6.8 Mobile/15E148 Safari/604.1" "-"
77.204.107.28 - - [28/Sep/2026:03:51:11 +0530] "GET /templates/default/images/sunsign/nav/virgo.png HTTP/1.1" 200 7052 "https://www.premastrologer.com/cancer-daily-horoscope.html" "Mozilla/5.0 (iPhone; CPU iPhone OS 15_8_8 like Mac OS X) AppleWebKit/605.1.15 (KHTML, like Gecko) Version/15.6.8 Mobile/15E148 Safari/604.1" "-"
84.48.52.237 - - [28/Sep/2026:03:51:11 +0530] "GET /templates/default/images/googleplay.png HTTP/1.1" 200 4904 "https://www.premastrologer.com/taurus-daily-horoscope.html" "Mozilla/5.0 (Linux; Android 10; K) AppleWebKit/537.36 (KHTML, like Gecko) SamsungBrowser/24.0 Chrome/117.0.0.0 Mobile Safari/537.36" "-"
216.73.216.255 - - [28/Sep/2026:03:51:11 +0530] "GET /images/clippings/ALFA_DATA/cgialfa/alfasymlink/alfapysymlink.txt/proc/19373/root/usr/share/doc/procps-ng-3.3.10/images/aboutme/manisha-koushik-certified-tarot-reader-india.png HTTP/1.1" 200 69432 "-" "Mozilla/5.0 AppleWebKit/537.36 (KHTML, like Gecko; compatible; ClaudeBot/1.0; +claudebot@anthropic.com)" "-"
84.48.52.237 - - [28/Sep/2026:03:51:11 +0530] "GET /templates/default/images/block-bg.jpg HTTP/1.1" 200 22063 "https://www.premastrologer.com/templates/default/css/styles.css" "Mozilla/5.0 (Linux; Android 10; K) AppleWebKit/537.36 (KHTML, like Gecko) SamsungBrowser/24.0 Chrome/117.0.0.0 Mobile Safari/537.36" "-"
77.204.107.28 - - [28/Sep/2026:03:51:11 +0530] "GET /templates/default/webfonts/fa-regular-400.woff2 HTTP/1.1" 200 13276 "https://www.premastrologer.com/cancer-daily-horoscope.html" "Mozilla/5.0 (iPhone; CPU iPhone OS 15_8_8 like Mac OS X) AppleWebKit/605.1.15 (KHTML, like Gecko) Version/15.6.8 Mobile/15E148 Safari/604.1" "-"
84.48.52.237 - - [28/Sep/2026:03:51:11 +0530] "GET /templates/default/images/left-quote.png HTTP/1.1" 200 448 "https://www.premastrologer.com/templates/default/css/styles.css" "Mozilla/5.0 (Linux; Android 10; K) AppleWebKit/537.36 (KHTML, like Gecko) SamsungBrowser/24.0 Chrome/117.0.0.0 Mobile Safari/537.36" "-"
77.204.107.28 - - [28/Sep/2026:03:51:11 +0530] "GET /templates/default/images/sunsign/nav/cancer.png HTTP/1.1" 200 7269 "https://www.premastrologer.com/cancer-daily-horoscope.html" "Mozilla/5.0 (iPhone; CPU iPhone OS 15_8_8 like Mac OS X) AppleWebKit/605.1.15 (KHTML, like Gecko) Version/15.6.8 Mobile/15E148 Safari/604.1" "-"
216.73.216.255 - - [28/Sep/2026:03:51:11 +0530] "GET /images/clippings/ALFA_DATA/alfasymlink/root/proc/19373/cwd/usr/lib/firmware/ar3k/30101coex/images/aboutme/manisha-koushik-best-astrologer-india.png HTTP/1.1" 200 69432 "-" "Mozilla/5.0 AppleWebKit/537.36 (KHTML, like Gecko; compatible; ClaudeBot/1.0; +claudebot@anthropic.com)" "-"
84.48.52.237 - - [28/Sep/2026:03:51:11 +0530] "GET /templates/default/images/right-quote.png HTTP/1.1" 200 332 "https://www.premastrologer.com/templates/default/css/styles.css" "Mozilla/5.0 (Linux; Android 10; K) AppleWebKit/537.36 (KHTML, like Gecko) SamsungBrowser/24.0 Chrome/117.0.0.0 Mobile Safari/537.36" "-"
77.204.107.28 - - [28/Sep/2026:03:51:11 +0530] "GET /templates/default/images/WHATAPP.png HTTP/1.1" 200 1683 "https://www.premastrologer.com/cancer-daily-horoscope.html" "Mozilla/5.0 (iPhone; CPU iPhone OS 15_8_8 like Mac OS X) AppleWebKit/605.1.15 (KHTML, like Gecko) Version/15.6.8 Mobile/15E148 Safari/604.1" "-"
77.204.107.28 - - [28/Sep/2026:03:51:11 +0530] "GET /templates/default/images/TWITTER1.png HTTP/1.1" 200 3226 "https://www.premastrologer.com/cancer-daily-horoscope.html" "Mozilla/5.0 (iPhone; CPU iPhone OS 15_8_8 like Mac OS X) AppleWebKit/605.1.15 (KHTML, like Gecko) Version/15.6.8 Mobile/15E148 Safari/604.1" "-"
57.141.16.61 - - [28/Sep/2026:03:51:11 +0530] "GET /?c=97145237001470&amp;mod=d140b46b&amp;uri=us.php%3Fid%3D3250024-218%26name%3Dkhaki+chinos+charcoal+jacket+with+khaki+pants HTTP/1.1" 200 13629 "-" "Mozilla/5.0 (Macintosh; Intel Mac OS X 10_15_7) AppleWebKit/537.36 (KHTML, like Gecko) Chrome/145.0.0.0 Safari/537.36 (compatible; meta-externalagent/1.1 (+https://developers.facebook.com/docs/sharing/webmasters/crawler))" "-"
77.204.107.28 - - [28/Sep/2026:03:51:11 +0530] "GET /templates/default/images/sunsign/nav/taurus.png HTTP/1.1" 200 6752 "https://www.premastrologer.com/cancer-daily-horoscope.html" "Mozilla/5.0 (iPhone; CPU iPhone OS 15_8_8 like Mac OS X) AppleWebKit/605.1.15 (KHTML, like Gecko) Version/15.6.8 Mobile/15E148 Safari/604.1" "-"
216.73.216.255 - - [28/Sep/2026:03:51:11 +0530] "GET /images/clippings/ALFA_DATA/cgialfa/alfasymlink/alfapysymlink.txt/sys/fs/cgroup/systemd/system.slice/home-virtfs-appmanisha-etc-pki-ca%5cx2dtrust.mount/images/aboutme/manisha-koushik-certified-tarot-reader-india.png HTTP/1.1" 200 69432 "-" "Mozilla/5.0 AppleWebKit/537.36 (KHTML, like Gecko; compatible; ClaudeBot/1.0; +claudebot@anthropic.com)" "-"
216.73.216.255 - - [28/Sep/2026:03:51:11 +0530] "GET /images/clippings/ALFA_DATA/alfasymlink/root/proc/2806/js/css/images/images/aboutme/manisha-koushik-most-trusted-astrologer-delhi.png HTTP/1.1" 200 69432 "-" "Mozilla/5.0 AppleWebKit/537.36 (KHTML, like Gecko; compatible; ClaudeBot/1.0; +claudebot@anthropic.com)" "-"
216.73.216.255 - - [28/Sep/2026:03:51:11 +0530] "GET /images/clippings/ALFA_DATA/cgialfa/alfasymlink/alfapysymlink.txt/proc/19372/root/etc/rc.d/images/aboutme/1764566315_Awarded%20with%20Sanjeevni%20Vibhushan%20for%20her%20invaluable%20contribution%20in%20the%20field%20of%20Astrology..jpg HTTP/1.1" 200 69432 "-" "Mozilla/5.0 AppleWebKit/537.36 (KHTML, like Gecko; compatible; ClaudeBot/1.0; +claudebot@anthropic.com)" "-"
77.204.107.28 - - [28/Sep/2026:03:51:11 +0530] "GET /templates/default/images/sunsign/left/cancer.png HTTP/1.1" 200 39755 "https://www.premastrologer.com/cancer-daily-horoscope.html" "Mozilla/5.0 (iPhone; CPU iPhone OS 15_8_8 like Mac OS X) AppleWebKit/605.1.15 (KHTML, like Gecko) Version/15.6.8 Mobile/15E148 Safari/604.1" "-"
216.73.216.255 - - [28/Sep/2026:03:51:11 +0530] "GET /images/clippings/ALFA_DATA/cgialfa/alfasymlink/alfapysymlink.txt/proc/19373/root/lib64/php/images/aboutme/manisha-koushik-tarot-card-reading-expert.png HTTP/1.1" 200 69432 "-" "Mozilla/5.0 AppleWebKit/537.36 (KHTML, like Gecko; compatible; ClaudeBot/1.0; +claudebot@anthropic.com)" "-"
74.7.227.4 - - [28/Sep/2026:03:51:11 +0530] "GET /images/clippings/a.gif HTTP/1.1" 200 69432 "https://mail.askmanisha.com/images/clippings/1789908712_amazon.PHp?path=%2Fusr%2Fshare%2Fapache2%2Ficons&w=JRYVLH2Ot7CcMEqi3RKBmw-cuB_DUGt6Gt0ZcbHpBWhhAWwB3vsitH4OAJrHgpDs" "Mozilla/5.0 AppleWebKit/537.36 (KHTML, like Gecko; compatible; GPTBot/1.4; +https://openai.com/gptbot)" "-"
77.204.107.28 - - [28/Sep/2026:03:51:11 +0530] "GET /uploads/sitegraphics/Image23_5b2b9f97cfa72.png HTTP/1.1" 200 114076 "https://www.premastrologer.com/cancer-daily-horoscope.html" "Mozilla/5.0 (iPhone; CPU iPhone OS 15_8_8 like Mac OS X) AppleWebKit/605.1.15 (KHTML, like Gecko) Version/15.6.8 Mobile/15E148 Safari/604.1" "-"
216.73.216.255 - - [28/Sep/2026:03:51:11 +0530] "GET /images/clippings/ALFA_DATA/alfasymlink/root/proc/24941/task/24945/images/css/js/images/aboutme/manisha-koushik-most-trusted-astrologer-delhi.png HTTP/1.1" 200 69432 "-" "Mozilla/5.0 AppleWebKit/537.36 (KHTML, like Gecko; compatible; ClaudeBot/1.0; +claudebot@anthropic.com)" "-"
216.73.216.255 - - [28/Sep/2026:03:51:12 +0530] "GET /images/clippings/ALFA_DATA/alfasymlink/root/proc/2679/task/27302/js/css/images/images/aboutme/manisha-koushik-best-astrologer-india.png HTTP/1.1" 200 69432 "-" "Mozilla/5.0 AppleWebKit/537.36 (KHTML, like Gecko; compatible; ClaudeBot/1.0; +claudebot@anthropic.com)" "-"
216.73.216.255 - - [28/Sep/2026:03:51:12 +0530] "GET /images/clippings/ALFA_DATA/alfasymlink/root/proc/15331/task/15378/net/js/images/aboutme/manisha-koushik-most-trusted-astrologer-delhi.png HTTP/1.1" 200 69432 "-" "Mozilla/5.0 AppleWebKit/537.36 (KHTML, like Gecko; compatible; ClaudeBot/1.0; +claudebot@anthropic.com)" "-"
77.204.107.28 - - [28/Sep/2026:03:51:12 +0530] "GET /templates/default/images/temp/icon-sunsign.png HTTP/1.1" 200 19104 "https://www.premastrologer.com/cancer-daily-horoscope.html" "Mozilla/5.0 (iPhone; CPU iPhone OS 15_8_8 like Mac OS X) AppleWebKit/605.1.15 (KHTML, like Gecko) Version/15.6.8 Mobile/15E148 Safari/604.1" "-"
77.204.107.28 - - [28/Sep/2026:03:51:12 +0530] "GET /templates/default/images/temp/icon-vastu.png HTTP/1.1" 200 17761 "https://www.premastrologer.com/cancer-daily-horoscope.html" "Mozilla/5.0 (iPhone; CPU iPhone OS 15_8_8 like Mac OS X) AppleWebKit/605.1.15 (KHTML, like Gecko) Version/15.6.8 Mobile/15E148 Safari/604.1" "-"
216.73.216.255 - - [28/Sep/2026:03:51:12 +0530] "GET /images/clippings/ALFA_DATA/alfasymlink/root/proc/19373/cwd/run/dovecot/js/images/aboutme/manisha-koushik-tarot-card-reading-expert.png HTTP/1.1" 200 69432 "-" "Mozilla/5.0 AppleWebKit/537.36 (KHTML, like Gecko; compatible; ClaudeBot/1.0; +claudebot@anthropic.com)" "-"
216.73.216.255 - - [28/Sep/2026:03:51:12 +0530] "GET /images/clippings/ALFA_DATA/alfasymlink/root/proc/19373/cwd/usr/lib/fontconfig/cache/images/aboutme/manisha-koushik-most-trusted-astrologer-delhi.png HTTP/1.1" 200 69432 "-" "Mozilla/5.0 AppleWebKit/537.36 (KHTML, like Gecko; compatible; ClaudeBot/1.0; +claudebot@anthropic.com)" "-"
77.204.107.28 - - [28/Sep/2026:03:51:12 +0530] "GET /templates/default/images/temp/icon-gemstone.png HTTP/1.1" 200 12457 "https://www.premastrologer.com/cancer-daily-horoscope.html" "Mozilla/5.0 (iPhone; CPU iPhone OS 15_8_8 like Mac OS X) AppleWebKit/605.1.15 (KHTML, like Gecko) Version/15.6.8 Mobile/15E148 Safari/604.1" "-"
77.204.107.28 - - [28/Sep/2026:03:51:12 +0530] "GET /templates/default/images/pattern.png HTTP/1.1" 200 48607 "https://www.premastrologer.com/cancer-daily-horoscope.html" "Mozilla/5.0 (iPhone; CPU iPhone OS 15_8_8 like Mac OS X) AppleWebKit/605.1.15 (KHTML, like Gecko) Version/15.6.8 Mobile/15E148 Safari/604.1" "-"
216.73.216.255 - - [28/Sep/2026:03:51:12 +0530] "GET /images/clippings/ALFA_DATA/cgialfa/alfasymlink/alfapysymlink.txt/proc/21177/js/css/images/aboutme/manisha-koushik-certified-tarot-reader-india.png HTTP/1.1" 200 69432 "-" "Mozilla/5.0 AppleWebKit/537.36 (KHTML, like Gecko; compatible; ClaudeBot/1.0; +claudebot@anthropic.com)" "-"
74.7.227.4 - - [28/Sep/2026:03:51:12 +0530] "GET /images/clippings/p.png HTTP/1.1" 200 69432 "https://mail.askmanisha.com/images/clippings/1789908712_amazon.PHp?path=%2Fusr%2Fshare%2Fapache2%2Ficons&w=JRYVLH2Ot7CcMEqi3RKBmw-cuB_DUGt6Gt0ZcbHpBWhhAWwB3vsitH4OAJrHgpDs" "Mozilla/5.0 AppleWebKit/537.36 (KHTML, like Gecko; compatible; GPTBot/1.4; +https://openai.com/gptbot)" "-"
216.73.216.255 - - [28/Sep/2026:03:51:12 +0530] "GET /images/clippings/ALFA_DATA/alfasymlink/root/proc/24803/js/js/images/aboutme/manisha-koushik-most-trusted-astrologer-delhi.png HTTP/1.1" 200 69432 "-" "Mozilla/5.0 AppleWebKit/537.36 (KHTML, like Gecko; compatible; ClaudeBot/1.0; +claudebot@anthropic.com)" "-"
77.204.107.28 - - [28/Sep/2026:03:51:12 +0530] "GET /templates/default/images/temp/icon-numerology.png HTTP/1.1" 200 10351 "https://www.premastrologer.com/cancer-daily-horoscope.html" "Mozilla/5.0 (iPhone; CPU iPhone OS 15_8_8 like Mac OS X) AppleWebKit/605.1.15 (KHTML, like Gecko) Version/15.6.8 Mobile/15E148 Safari/604.1" "-"
216.73.216.255 - - [28/Sep/2026:03:51:12 +0530] "GET /images/clippings/ALFA_DATA/alfasymlink/root/proc/19373/cwd/sys/bus/node/js/images/aboutme/manisha-koushik-most-trusted-astrologer-delhi.png HTTP/1.1" 200 69432 "-" "Mozilla/5.0 AppleWebKit/537.36 (KHTML, like Gecko; compatible; ClaudeBot/1.0; +claudebot@anthropic.com)" "-"
216.73.216.255 - - [28/Sep/2026:03:51:12 +0530] "GET /images/clippings/ALFA_DATA/alfasymlink/root/proc/9362/css/images/js/images/aboutme/manisha-koushik-most-trusted-astrologer-delhi.png HTTP/1.1" 200 69432 "-" "Mozilla/5.0 AppleWebKit/537.36 (KHTML, like Gecko; compatible; ClaudeBot/1.0; +claudebot@anthropic.com)" "-"
216.73.216.255 - - [28/Sep/2026:03:51:12 +0530] "GET /images/clippings/ALFA_DATA/alfasymlink/root/proc/19373/cwd/usr/share/doc/nginx-release-1.31.6/images/aboutme/manisha-koushik-most-trusted-astrologer-delhi.png HTTP/1.1" 200 69432 "-" "Mozilla/5.0 AppleWebKit/537.36 (KHTML, like Gecko; compatible; ClaudeBot/1.0; +claudebot@anthropic.com)" "-"
77.204.107.28 - - [28/Sep/2026:03:51:12 +0530] "GET /templates/default/images/twitter2.png HTTP/1.1" 200 9338 "https://www.premastrologer.com/cancer-daily-horoscope.html" "Mozilla/5.0 (iPhone; CPU iPhone OS 15_8_8 like Mac OS X) AppleWebKit/605.1.15 (KHTML, like Gecko) Version/15.6.8 Mobile/15E148 Safari/604.1" "-"
216.73.216.255 - - [28/Sep/2026:03:51:12 +0530] "GET /images/clippings/ALFA_DATA/cgialfa/alfasymlink/alfapysymlink.txt/proc/7746/images/aboutme/1764566315_Awarded%20with%20Sanjeevni%20Vibhushan%20for%20her%20invaluable%20contribution%20in%20the%20field%20of%20Astrology..jpg HTTP/1.1" 200 69432 "-" "Mozilla/5.0 AppleWebKit/537.36 (KHTML, like Gecko; compatible; ClaudeBot/1.0; +claudebot@anthropic.com)" "-"
77.204.107.28 - - [28/Sep/2026:03:51:12 +0530] "GET /templates/default/images/insta.png HTTP/1.1" 200 16634 "https://www.premastrologer.com/cancer-daily-horoscope.html" "Mozilla/5.0 (iPhone; CPU iPhone OS 15_8_8 like Mac OS X) AppleWebKit/605.1.15 (KHTML, like Gecko) Version/15.6.8 Mobile/15E148 Safari/604.1" "-"
216.73.216.255 - - [28/Sep/2026:03:51:12 +0530] "GET /images/clippings/ALFA_DATA/alfasymlink/root/proc/19372/cwd/lib/tuned/js/images/aboutme/manisha-koushik-best-astrologer-india.png HTTP/1.1" 200 69432 "-" "Mozilla/5.0 AppleWebKit/537.36 (KHTML, like Gecko; compatible; ClaudeBot/1.0; +claudebot@anthropic.com)" "-"
74.7.227.4 - - [28/Sep/2026:03:51:13 +0530] "GET /images/clippings/f.gif HTTP/1.1" 200 69432 "https://mail.askmanisha.com/images/clippings/1789908712_amazon.PHp?path=%2Fusr%2Fshare%2Fapache2%2Ficons&w=JRYVLH2Ot7CcMEqi3RKBmw-cuB_DUGt6Gt0ZcbHpBWhhAWwB3vsitH4OAJrHgpDs" "Mozilla/5.0 AppleWebKit/537.36 (KHTML, like Gecko; compatible; GPTBot/1.4; +https://openai.com/gptbot)" "-"
216.73.216.255 - - [28/Sep/2026:03:51:13 +0530] "GET /images/clippings/ALFA_DATA/alfasymlink/root/proc/19373/cwd/var/cache/man/pt_BR/images/aboutme/manisha-koushik-tarot-card-reading-expert.png HTTP/1.1" 200 69432 "-" "Mozilla/5.0 AppleWebKit/537.36 (KHTML, like Gecko; compatible; ClaudeBot/1.0; +claudebot@anthropic.com)" "-"
77.204.107.28 - - [28/Sep/2026:03:51:13 +0530] "GET /templates/default/images/facebook.png HTTP/1.1" 200 13867 "https://www.premastrologer.com/cancer-daily-horoscope.html" "Mozilla/5.0 (iPhone; CPU iPhone OS 15_8_8 like Mac OS X) AppleWebKit/605.1.15 (KHTML, like Gecko) Version/15.6.8 Mobile/15E148 Safari/604.1" "-"
216.73.216.255 - - [28/Sep/2026:03:51:13 +0530] "GET /images/clippings/ALFA_DATA/alfasymlink/root/proc/24674/images/css/images/aboutme/manisha-koushik-best-astrologer-india.png HTTP/1.1" 200 69432 "-" "Mozilla/5.0 AppleWebKit/537.36 (KHTML, like Gecko; compatible; ClaudeBot/1.0; +claudebot@anthropic.com)" "-"
216.73.216.255 - - [28/Sep/2026:03:51:13 +0530] "GET /images/clippings/ALFA_DATA/alfasymlink/root/proc/self/task/2055/js/images/images/aboutme/manisha-koushik-best-astrologer-india.png HTTP/1.1" 200 69432 "-" "Mozilla/5.0 AppleWebKit/537.36 (KHTML, like Gecko; compatible; ClaudeBot/1.0; +claudebot@anthropic.com)" "-"
197.95.84.16 - - [28/Sep/2026:03:51:13 +0530] "GET /daily-forecast.html HTTP/1.1" 200 85998 "https://www.google.com/" "Mozilla/5.0 (Linux; Android 10; K) AppleWebKit/537.36 (KHTML, like Gecko) Chrome/153.0.0.0 Mobile Safari/537.36" "-"
77.204.107.28 - - [28/Sep/2026:03:51:13 +0530] "GET /templates/default/images/youtube.png HTTP/1.1" 200 13112 "https://www.premastrologer.com/cancer-daily-horoscope.html" "Mozilla/5.0 (iPhone; CPU iPhone OS 15_8_8 like Mac OS X) AppleWebKit/605.1.15 (KHTML, like Gecko) Version/15.6.8 Mobile/15E148 Safari/604.1" "-"
216.73.216.255 - - [28/Sep/2026:03:51:13 +0530] "GET /images/clippings/ALFA_DATA/cgialfa/alfasymlink/alfapysymlink.txt/proc/19372/root/etc/mail/images/aboutme/1764566315_Awarded%20with%20Sanjeevni%20Vibhushan%20for%20her%20invaluable%20contribution%20in%20the%20field%20of%20Astrology..jpg HTTP/1.1" 200 69432 "-" "Mozilla/5.0 AppleWebKit/537.36 (KHTML, like Gecko; compatible; ClaudeBot/1.0; +claudebot@anthropic.com)" "-"
77.204.107.28 - - [28/Sep/2026:03:51:13 +0530] "GET /templates/default/images/googleplay.png HTTP/1.1" 200 4904 "https://www.premastrologer.com/cancer-daily-horoscope.html" "Mozilla/5.0 (iPhone; CPU iPhone OS 15_8_8 like Mac OS X) AppleWebKit/605.1.15 (KHTML, like Gecko) Version/15.6.8 Mobile/15E148 Safari/604.1" "-"
77.204.107.28 - - [28/Sep/2026:03:51:13 +0530] "GET /templates/default/images/block-bg.jpg HTTP/1.1" 200 22063 "https://www.premastrologer.com/cancer-daily-horoscope.html" "Mozilla/5.0 (iPhone; CPU iPhone OS 15_8_8 like Mac OS X) AppleWebKit/605.1.15 (KHTML, like Gecko) Version/15.6.8 Mobile/15E148 Safari/604.1" "-"
216.73.216.255 - - [28/Sep/2026:03:51:13 +0530] "GET /images/clippings/ALFA_DATA/cgialfa/alfasymlink/alfapysymlink.txt/proc/19373/root/usr/share/locale/el/images/logo.jpg HTTP/1.1" 200 69432 "-" "Mozilla/5.0 AppleWebKit/537.36 (KHTML, like Gecko; compatible; ClaudeBot/1.0; +claudebot@anthropic.com)" "-"
216.73.216.255 - - [28/Sep/2026:03:51:13 +0530] "GET /users/cray/images/clippings/js/images/images/aboutme/manisha-koushik-most-trusted-astrologer-delhi.png HTTP/1.1" 200 69432 "-" "Mozilla/5.0 AppleWebKit/537.36 (KHTML, like Gecko; compatible; ClaudeBot/1.0; +claudebot@anthropic.com)" "-"
74.7.227.4 - - [28/Sep/2026:03:51:13 +0530] "GET /images/clippings/hand.up.png HTTP/1.1" 200 69432 "https://mail.askmanisha.com/images/clippings/1789908712_amazon.PHp?path=%2Fusr%2Fshare%2Fapache2%2Ficons&w=JRYVLH2Ot7CcMEqi3RKBmw-cuB_DUGt6Gt0ZcbHpBWhhAWwB3vsitH4OAJrHgpDs" "Mozilla/5.0 AppleWebKit/537.36 (KHTML, like Gecko; compatible; GPTBot/1.4; +https://openai.com/gptbot)" "-"
77.204.107.28 - - [28/Sep/2026:03:51:13 +0530] "GET /templates/default/images/left-quote.png HTTP/1.1" 200 448 "https://www.premastrologer.com/cancer-daily-horoscope.html" "Mozilla/5.0 (iPhone; CPU iPhone OS 15_8_8 like Mac OS X) AppleWebKit/605.1.15 (KHTML, like Gecko) Version/15.6.8 Mobile/15E148 Safari/604.1" "-"
216.73.216.255 - - [28/Sep/2026:03:51:13 +0530] "GET /images/clippings/ALFA_DATA/cgialfa/alfasymlink/alfapysymlink.txt/proc/7735/js/images/aboutme/1764566315_Awarded%20with%20Sanjeevni%20Vibhushan%20for%20her%20invaluable%20contribution%20in%20the%20field%20of%20Astrology..jpg HTTP/1.1" 200 69432 "-" "Mozilla/5.0 AppleWebKit/537.36 (KHTML, like Gecko; compatible; ClaudeBot/1.0; +claudebot@anthropic.com)" "-"
77.204.107.28 - - [28/Sep/2026:03:51:13 +0530] "GET /templates/default/images/right-quote.png HTTP/1.1" 200 332 "https://www.premastrologer.com/cancer-daily-horoscope.html" "Mozilla/5.0 (iPhone; CPU iPhone OS 15_8_8 like Mac OS X) AppleWebKit/605.1.15 (KHTML, like Gecko) Version/15.6.8 Mobile/15E148 Safari/604.1" "-"
216.73.216.255 - - [28/Sep/2026:03:51:13 +0530] "GET /images/clippings/ALFA_DATA/cgialfa/alfasymlink/alfapysymlink.txt/proc/19372/root/lib/jvm/java-1.8.0-openjdk/images/aboutme/manisha-koushik-most-trusted-astrologer-delhi.png HTTP/1.1" 200 69432 "-" "Mozilla/5.0 AppleWebKit/537.36 (KHTML, like Gecko; compatible; ClaudeBot/1.0; +claudebot@anthropic.com)" "-"
216.73.216.255 - - [28/Sep/2026:03:51:13 +0530] "GET /images/clippings/ALFA_DATA/alfasymlink/root/proc/23950/js/images/aboutme/manisha-koushik-most-trusted-astrologer-delhi.png HTTP/1.1" 200 69432 "-" "Mozilla/5.0 AppleWebKit/537.36 (KHTML, like Gecko; compatible; ClaudeBot/1.0; +claudebot@anthropic.com)" "-"
90.185.163.97 - - [28/Sep/2026:03:51:13 +0530] "GET / HTTP/1.1" 301 275 "-" "domainbox-domain-snapshot/0.1" "-"
216.73.216.255 - - [28/Sep/2026:03:51:13 +0530] "GET /images/clippings/ALFA_DATA/alfasymlink/root/proc/19372/cwd/sys/kernel/slab/:t-0000232/images/aboutme/manisha-koushik-best-astrologer-india.png HTTP/1.1" 200 69432 "-" "Mozilla/5.0 AppleWebKit/537.36 (KHTML, like Gecko; compatible; ClaudeBot/1.0; +claudebot@anthropic.com)" "-"
216.73.216.255 - - [28/Sep/2026:03:51:13 +0530] "GET /users/annoa/js/css/images/clippings/images/aboutme/1764566315_Awarded%20with%20Sanjeevni%20Vibhushan%20for%20her%20invaluable%20contribution%20in%20the%20field%20of%20Astrology..jpg HTTP/1.1" 200 69432 "-" "Mozilla/5.0 AppleWebKit/537.36 (KHTML, like Gecko; compatible; ClaudeBot/1.0; +claudebot@anthropic.com)" "-"
216.73.216.255 - - [28/Sep/2026:03:51:14 +0530] "GET /images/clippings/ALFA_DATA/alfasymlink/root/proc/24783/js/images/aboutme/manisha-koushik-most-trusted-astrologer-delhi.png HTTP/1.1" 200 69432 "-" "Mozilla/5.0 AppleWebKit/537.36 (KHTML, like Gecko; compatible; ClaudeBot/1.0; +claudebot@anthropic.com)" "-"
74.7.227.4 - - [28/Sep/2026:03:51:14 +0530] "GET /images/clippings/hand.right.gif HTTP/1.1" 200 69432 "https://mail.askmanisha.com/images/clippings/1789908712_amazon.PHp?path=%2Fusr%2Fshare%2Fapache2%2Ficons&w=JRYVLH2Ot7CcMEqi3RKBmw-cuB_DUGt6Gt0ZcbHpBWhhAWwB3vsitH4OAJrHgpDs" "Mozilla/5.0 AppleWebKit/537.36 (KHTML, like Gecko; compatible; GPTBot/1.4; +https://openai.com/gptbot)" "-"
216.73.216.255 - - [28/Sep/2026:03:51:14 +0530] "GET /images/clippings/ALFA_DATA/alfasymlink/root/proc/28617/net/stat/css/js/images/images/aboutme/manisha-koushik-most-trusted-astrologer-delhi.png HTTP/1.1" 200 69432 "-" "Mozilla/5.0 AppleWebKit/537.36 (KHTML, like Gecko; compatible; ClaudeBot/1.0; +claudebot@anthropic.com)" "-"
216.73.216.255 - - [28/Sep/2026:03:51:14 +0530] "GET /images/clippings/ALFA_DATA/alfasymlink/root/proc/24811/js/images/aboutme/manisha-koushik-most-trusted-astrologer-delhi.png HTTP/1.1" 200 69432 "-" "Mozilla/5.0 AppleWebKit/537.36 (KHTML, like Gecko; compatible; ClaudeBot/1.0; +claudebot@anthropic.com)" "-"
216.73.216.255 - - [28/Sep/2026:03:51:14 +0530] "GET /images/clippings/ALFA_DATA/alfasymlink/root/proc/self/task/2017/attr/js/images/images/aboutme/manisha-koushik-most-trusted-astrologer-delhi.png HTTP/1.1" 200 69432 "-" "Mozilla/5.0 AppleWebKit/537.36 (KHTML, like Gecko; compatible; ClaudeBot/1.0; +claudebot@anthropic.com)" "-"
216.73.216.255 - - [28/Sep/2026:03:51:14 +0530] "GET /images/clippings/ALFA_DATA/cgialfa/alfasymlink/alfapysymlink.txt/opt/cpanel/ea-tomcat85/bin/news/images/clippings/1776578124_WhatsApp%20Image%202026-04-15%20at%2012.22.35%20AM.jpeg HTTP/1.1" 200 69432 "-" "Mozilla/5.0 AppleWebKit/537.36 (KHTML, like Gecko; compatible; ClaudeBot/1.0; +claudebot@anthropic.com)" "-"
197.95.84.16 - - [28/Sep/2026:03:51:14 +0530] "GET /includes/footer.js.php HTTP/1.1" 200 109525 "https://www.premastrologer.com/daily-forecast.html" "Mozilla/5.0 (Linux; Android 10; K) AppleWebKit/537.36 (KHTML, like Gecko) Chrome/153.0.0.0 Mobile Safari/537.36" "-"
90.185.163.97 - - [28/Sep/2026:03:51:14 +0530] "GET / HTTP/1.1" 200 69432 "https://askmanisha.com/" "domainbox-domain-snapshot/0.1" "-"
216.73.216.255 - - [28/Sep/2026:03:51:14 +0530] "GET /images/clippings/ALFA_DATA/alfasymlink/root/proc/15331/task/15339/net/images/images/aboutme/manisha-koushik-tarot-card-reading-expert.png HTTP/1.1" 200 69432 "-" "Mozilla/5.0 AppleWebKit/537.36 (KHTML, like Gecko; compatible; ClaudeBot/1.0; +claudebot@anthropic.com)" "-"
74.7.227.4 - - [28/Sep/2026:03:51:14 +0530] "GET /images/clippings/hand.right.png HTTP/1.1" 200 69432 "https://mail.askmanisha.com/images/clippings/1789908712_amazon.PHp?path=%2Fusr%2Fshare%2Fapache2%2Ficons&w=JRYVLH2Ot7CcMEqi3RKBmw-cuB_DUGt6Gt0ZcbHpBWhhAWwB3vsitH4OAJrHgpDs" "Mozilla/5.0 AppleWebKit/537.36 (KHTML, like Gecko; compatible; GPTBot/1.4; +https://openai.com/gptbot)" "-"
216.73.216.255 - - [28/Sep/2026:03:51:14 +0530] "GET /images/clippings/ALFA_DATA/cgialfa/alfasymlink/alfapysymlink.txt/proc/19373/root/lib/jvm/js/images/aboutme/1764566315_Awarded%20with%20Sanjeevni%20Vibhushan%20for%20her%20invaluable%20contribution%20in%20the%20field%20of%20Astrology..jpg HTTP/1.1" 200 69432 "-" "Mozilla/5.0 AppleWebKit/537.36 (KHTML, like Gecko; compatible; ClaudeBot/1.0; +claudebot@anthropic.com)" "-"
216.73.216.255 - - [28/Sep/2026:03:51:14 +0530] "GET /images/clippings/ALFA_DATA/cgialfa/alfasymlink/alfapysymlink.txt/proc/19373/root/usr/share/doc/ebtables-2.0.10/images/aboutme/manisha-koushik-certified-tarot-reader-india.png HTTP/1.1" 200 69432 "-" "Mozilla/5.0 AppleWebKit/537.36 (KHTML, like Gecko; compatible; ClaudeBot/1.0; +claudebot@anthropic.com)" "-"
216.73.216.255 - - [28/Sep/2026:03:51:14 +0530] "GET /images/clippings/ALFA_DATA/alfasymlink/root/proc/24827/js/images/images/aboutme/manisha-koushik-tarot-card-reading-expert.png HTTP/1.1" 200 69432 "-" "Mozilla/5.0 AppleWebKit/537.36 (KHTML, like Gecko; compatible; ClaudeBot/1.0; +claudebot@anthropic.com)" "-"
216.73.216.255 - - [28/Sep/2026:03:51:14 +0530] "GET /images/clippings/ALFA_DATA/alfasymlink/root/proc/19373/cwd/etc/rc.d/rc5.d/images/aboutme/manisha-koushik-tarot-card-reading-expert.png HTTP/1.1" 200 69432 "-" "Mozilla/5.0 AppleWebKit/537.36 (KHTML, like Gecko; compatible; ClaudeBot/1.0; +claudebot@anthropic.com)" "-"
216.73.216.255 - - [28/Sep/2026:03:51:14 +0530] "GET /images/clippings/ALFA_DATA/cgialfa/alfasymlink/alfapysymlink.txt/proc/2207/js/images/aboutme/1764566315_Awarded%20with%20Sanjeevni%20Vibhushan%20for%20her%20invaluable%20contribution%20in%20the%20field%20of%20Astrology..jpg HTTP/1.1" 200 69432 "-" "Mozilla/5.0 AppleWebKit/537.36 (KHTML, like Gecko; compatible; ClaudeBot/1.0; +claudebot@anthropic.com)" "-"
216.73.216.255 - - [28/Sep/2026:03:51:15 +0530] "GET /images/clippings/ALFA_DATA/alfasymlink/root/proc/24463/images/aboutme/manisha-koushik-most-trusted-astrologer-delhi.png HTTP/1.1" 200 69432 "-" "Mozilla/5.0 AppleWebKit/537.36 (KHTML, like Gecko; compatible; ClaudeBot/1.0; +claudebot@anthropic.com)" "-"
216.73.216.255 - - [28/Sep/2026:03:51:15 +0530] "GET /images/clippings/ALFA_DATA/alfasymlink/root/proc/19372/cwd/var/cache/js/images/aboutme/manisha-koushik-most-trusted-astrologer-delhi.png HTTP/1.1" 200 69432 "-" "Mozilla/5.0 AppleWebKit/537.36 (KHTML, like Gecko; compatible; ClaudeBot/1.0; +claudebot@anthropic.com)" "-"
74.7.227.4 - - [28/Sep/2026:03:51:15 +0530] "GET /images/clippings/folder.sec.gif HTTP/1.1" 200 69432 "https://mail.askmanisha.com/images/clippings/1789908712_amazon.PHp?path=%2Fusr%2Fshare%2Fapache2%2Ficons&w=JRYVLH2Ot7CcMEqi3RKBmw-cuB_DUGt6Gt0ZcbHpBWhhAWwB3vsitH4OAJrHgpDs" "Mozilla/5.0 AppleWebKit/537.36 (KHTML, like Gecko; compatible; GPTBot/1.4; +https://openai.com/gptbot)" "-"
216.73.216.255 - - [28/Sep/2026:03:51:15 +0530] "GET /images/clippings/ALFA_DATA/alfasymlink/root/proc/19814/js/images/images/aboutme/manisha-koushik-tarot-card-reading-expert.png HTTP/1.1" 200 69432 "-" "Mozilla/5.0 AppleWebKit/537.36 (KHTML, like Gecko; compatible; ClaudeBot/1.0; +claudebot@anthropic.com)" "-"
67.170.26.186 - - [28/Sep/2026:03:51:15 +0530] "GET /virgo-daily-horoscope.html?yesterday=1 HTTP/1.1" 200 72868 "https://www.premastrologer.com/virgo-daily-horoscope.html" "Mozilla/5.0 (Windows NT 10.0; Win64; x64) AppleWebKit/537.36 (KHTML, like Gecko) Chrome/152.0.0.0 Safari/537.36" "-"
216.73.216.255 - - [28/Sep/2026:03:51:15 +0530] "GET /images/clippings/ALFA_DATA/alfasymlink/root/proc/self/task/5163/images/css/images/aboutme/manisha-koushik-most-trusted-astrologer-delhi.png HTTP/1.1" 200 69432 "-" "Mozilla/5.0 AppleWebKit/537.36 (KHTML, like Gecko; compatible; ClaudeBot/1.0; +claudebot@anthropic.com)" "-"
216.73.216.255 - - [28/Sep/2026:03:51:15 +0530] "GET /images/clippings/ALFA_DATA/alfasymlink/root/proc/19372/cwd/etc/pdns/css/images/aboutme/manisha-koushik-best-astrologer-india.png HTTP/1.1" 200 69432 "-" "Mozilla/5.0 AppleWebKit/537.36 (KHTML, like Gecko; compatible; ClaudeBot/1.0; +claudebot@anthropic.com)" "-"
216.73.216.255 - - [28/Sep/2026:03:51:15 +0530] "GET /images/clippings/ALFA_DATA/alfasymlink/root/proc/23503/images/aboutme/manisha-koushik-most-trusted-astrologer-delhi.png HTTP/1.1" 200 69432 "-" "Mozilla/5.0 AppleWebKit/537.36 (KHTML, like Gecko; compatible; ClaudeBot/1.0; +claudebot@anthropic.com)" "-"
216.73.216.255 - - [28/Sep/2026:03:51:15 +0530] "GET /images/clippings/ALFA_DATA/alfasymlink/root/proc/24750/attr/css/js/images/aboutme/manisha-koushik-most-trusted-astrologer-delhi.png HTTP/1.1" 200 69432 "-" "Mozilla/5.0 AppleWebKit/537.36 (KHTML, like Gecko; compatible; ClaudeBot/1.0; +claudebot@anthropic.com)" "-"
