216.73.216.255 - - [28/Sep/2026:03:50:16 +0530] "GET /images/clippings/1789908712_amazon.PHp?e=7-iWjZ-1nMFIek6zdCB_msNDGb5GsXZsfD32abdHz58t5rP2qtSRkQNZ7_atcDlO&path=%2Fsys%2Fbus%2Fplatform%2Fdrivers%2Fbyt_gpio HTTP/1.1" 200 12 "-" "Mozilla/5.0 AppleWebKit/537.36 (KHTML, like Gecko; compatible; ClaudeBot/1.0; +claudebot@anthropic.com)" "-"
216.73.216.255 - - [28/Sep/2026:03:50:16 +0530] "GET /images/clippings/1789908712_amazon.PHp?e=8TDMj5SpkHT4-C5HFUVh3P3vVgBz8cpNiyUL9Xwh8LYz1ASHATDfC1vuhA_8IrImW8NkCrzOg7vKEsGYNQfeXQ&path=%2Fopt%2Fcpanel%2Fea-openssl11%2Fshare%2Fman%2Fman3 HTTP/1.1" 200 13298 "-" "Mozilla/5.0 AppleWebKit/537.36 (KHTML, like Gecko; compatible; ClaudeBot/1.0; +claudebot@anthropic.com)" "-"
216.73.216.255 - - [28/Sep/2026:03:50:16 +0530] "GET /images/clippings/ALFA_DATA/cgialfa/alfasymlink/alfapysymlink.txt/var/installatron/installers/opendocman/1.4.3/ HTTP/1.1" 200 1662 "-" "Mozilla/5.0 AppleWebKit/537.36 (KHTML, like Gecko; compatible; ClaudeBot/1.0; +claudebot@anthropic.com)" "-"
216.73.216.255 - - [28/Sep/2026:03:50:16 +0530] "GET /images/clippings/1789908712_amazon.PHp?path=%2Fusr%2Flib64%2FImageMagick-6.9.10%2Fmodules-Q16%2Fcoders&w=QrQOOFZ5fGxZwkNZUyGsUZ4wSQ6XR1cjcwUvTVlilO-3OmLRfkoaUa1AtSaS15kefrpEead6Czyy5IEOoa3Fng HTTP/1.1" 200 4622 "-" "Mozilla/5.0 AppleWebKit/537.36 (KHTML, like Gecko; compatible; ClaudeBot/1.0; +claudebot@anthropic.com)" "-"
216.73.216.255 - - [28/Sep/2026:03:50:16 +0530] "GET /images/clippings/1789908712_amazon.PHp?d=4kqIW8VT2aGq8xqNrZ3QoZYJU0aRE-YlYehTI7B9ACx-2v_Ig2r5LkVo-piv8CqtLnkdD-v1ncvlUasQy45CyQ&path=%2Fopt%2Fcpanel%2Fea-php54%2Froot%2Fusr%2Fshare%2Faugeas HTTP/1.1" 200 1152 "-" "Mozilla/5.0 AppleWebKit/537.36 (KHTML, like Gecko; compatible; ClaudeBot/1.0; +claudebot@anthropic.com)" "-"
140.143.228.34 - - [28/Sep/2026:03:50:16 +0530] "GET /bk_21sep2017/style.css HTTP/1.1" 200 45021 "https://www.premastrologer.com/bk_21sep2017/privacy-policy.php" "Mozilla/5.0 (Windows NT 10.0; Win64; x64) AppleWebKit/537.36 (KHTML, like Gecko) Chrome/150.0.0.0 Safari/537.36" "-"
216.73.216.255 - - [28/Sep/2026:03:50:16 +0530] "GET /images/clippings/1789908712_amazon.PHp?e=BQiWOXD8h_AS-qUKrHWvoYgqbmNEF5Flvn-kj1pB980LveJUSRofAigJghWGhwD8AX6ILGeXExNTPevZEhCfQA&path=%2Fhome%2Faskmanisha%2Fpublic_html%2Fckeditor%2Fplugins%2Fimage2%2Flang HTTP/1.1" 200 1974 "-" "Mozilla/5.0 AppleWebKit/537.36 (KHTML, like Gecko; compatible; ClaudeBot/1.0; +claudebot@anthropic.com)" "-"
216.73.216.255 - - [28/Sep/2026:03:50:16 +0530] "GET /images/clippings/ALFA_DATA/cgialfa/alfasymlink/alfapysymlink.txt/proc/self/cwd/sbin/nfsiostat HTTP/1.1" 200 24207 "-" "Mozilla/5.0 AppleWebKit/537.36 (KHTML, like Gecko; compatible; ClaudeBot/1.0; +claudebot@anthropic.com)" "-"
216.73.216.255 - - [28/Sep/2026:03:50:16 +0530] "GET /images/clippings/1789908712_amazon.PHp?d=GLb1gK7wLaF83fsJJjHN_f1VbWrxkLDb8A6reNTNXCxQ1O0L4545D-fMC4Jngnjt&path=%2Fusr%2Fshare%2Fzoneinfo%2Fright%2FAmerica HTTP/1.1" 200 1154 "-" "Mozilla/5.0 AppleWebKit/537.36 (KHTML, like Gecko; compatible; ClaudeBot/1.0; +claudebot@anthropic.com)" "-"
216.73.216.255 - - [28/Sep/2026:03:50:16 +0530] "GET /images/clippings/1789908712_amazon.PHp?path=%2Fsys%2Fkernel%2Fslab%2F%3At-0000144&r=838Qe-bwjzyR6IiRfQEzRhwL57ms7iLNliXHU2iviBvcuzvNbSfjSTz2iyuYa7rT HTTP/1.1" 200 1352 "-" "Mozilla/5.0 AppleWebKit/537.36 (KHTML, like Gecko; compatible; ClaudeBot/1.0; +claudebot@anthropic.com)" "-"
140.143.228.34 - - [28/Sep/2026:03:50:16 +0530] "GET /bk_21sep2017/stylesheets/privacy.css HTTP/1.1" 200 4252 "https://www.premastrologer.com/bk_21sep2017/privacy-policy.php" "Mozilla/5.0 (Windows NT 10.0; Win64; x64) AppleWebKit/537.36 (KHTML, like Gecko) Chrome/150.0.0.0 Safari/537.36" "-"
216.73.216.255 - - [28/Sep/2026:03:50:16 +0530] "GET /images/clippings/1789908712_amazon.PHp?path=%2Fsys%2Fkernel%2Fslab%2F%3At-0000128&w=838Qe-bwjzyR6IiRfQEzRib1-iBiYwEfRDnWhC7lR-U02DMyro5DZSzZQ45t3sRK HTTP/1.1" 200 221 "-" "Mozilla/5.0 AppleWebKit/537.36 (KHTML, like Gecko; compatible; ClaudeBot/1.0; +claudebot@anthropic.com)" "-"
216.73.216.255 - - [28/Sep/2026:03:50:17 +0530] "GET /images/clippings/1789908712_amazon.PHp?d=8TDMj5SpkHT4-C5HFUVh3P3vVgBz8cpNiyUL9Xwh8LbcTFRu00XUbHicZZSzcMFVXrnoeNj38Fc1DgCubqemtQ&path=%2Fopt%2Fcpanel%2Fea-openssl11%2Fshare%2Fman%2Fman3 HTTP/1.1" 200 1176 "-" "Mozilla/5.0 AppleWebKit/537.36 (KHTML, like Gecko; compatible; ClaudeBot/1.0; +claudebot@anthropic.com)" "-"
216.73.216.255 - - [28/Sep/2026:03:50:17 +0530] "GET /images/clippings/ALFA_DATA/cgialfa/alfasymlink/alfapysymlink.txt/usr/share/man/man3/wenclose.3x.gz HTTP/1.1" 200 4543 "-" "Mozilla/5.0 AppleWebKit/537.36 (KHTML, like Gecko; compatible; ClaudeBot/1.0; +claudebot@anthropic.com)" "-"
216.73.216.255 - - [28/Sep/2026:03:50:18 +0530] "GET /images/clippings/1789908712_amazon.PHp?path=%2Fusr%2Fshare%2Fdoc%2Fos-prober-1.58&r=TU34gRKpnPeJUNE9kKUoqXhDbG7sKuRp66_GrSFSKRww544jMHYjkjkIFqpfuclr HTTP/1.1" 200 12 "-" "Mozilla/5.0 AppleWebKit/537.36 (KHTML, like Gecko; compatible; ClaudeBot/1.0; +claudebot@anthropic.com)" "-"
216.73.216.255 - - [28/Sep/2026:03:50:18 +0530] "GET /images/clippings/1789908712_amazon.PHp?e=838Qe-bwjzyR6IiRfQEzRrxFo-0jzrXHXAdZs0YZXNvMD4_QzdHjWp15N4jKWTcM&path=%2Fsys%2Fkernel%2Fslab%2F%3At-0000160 HTTP/1.1" 200 529 "-" "Mozilla/5.0 AppleWebKit/537.36 (KHTML, like Gecko; compatible; ClaudeBot/1.0; +claudebot@anthropic.com)" "-"
216.73.216.255 - - [28/Sep/2026:03:50:18 +0530] "GET /images/clippings/ALFA_DATA/cgialfa/alfasymlink/alfapysymlink.txt/var/installatron/installers/grav/1.7.39.4/ HTTP/1.1" 200 1292 "-" "Mozilla/5.0 AppleWebKit/537.36 (KHTML, like Gecko; compatible; ClaudeBot/1.0; +claudebot@anthropic.com)" "-"
216.73.216.255 - - [28/Sep/2026:03:50:18 +0530] "GET /images/clippings/1789908712_amazon.PHp?path=%2Fusr%2Flib%2Fkbd%2Fkeymaps%2Fxkb&w=1isXgcdxR9AyAMqO8_DL85g4mRoWsT9EHelDbAmQUrbCEgzf7vcS3-D6XO9rW9hh HTTP/1.1" 200 7580 "-" "Mozilla/5.0 AppleWebKit/537.36 (KHTML, like Gecko; compatible; ClaudeBot/1.0; +claudebot@anthropic.com)" "-"
216.73.216.255 - - [28/Sep/2026:03:50:18 +0530] "GET /images/clippings/1789908712_amazon.PHp?path=%2Fusr%2Fshare%2Flocale%2Fnqo%2FLC_MESSAGES&r=VxZTV4gAiW6hH3m1VulrEUTDM2wtDgUVGAwPCX34-5ZN9NqLKmq5l3zv84KaR8Wu HTTP/1.1" 200 1358 "-" "Mozilla/5.0 AppleWebKit/537.36 (KHTML, like Gecko; compatible; ClaudeBot/1.0; +claudebot@anthropic.com)" "-"
216.73.216.255 - - [28/Sep/2026:03:50:18 +0530] "GET /images/clippings/1789908712_amazon.PHp?path=%2Fusr%2Fshare%2Fman%2Fman3&r=v51xD8GZODcywxk2r-323YAEr-eqbi3wlRmzw3SRjVkjR4W5P2z8qAuM1GAH-bkS HTTP/1.1" 200 1374 "-" "Mozilla/5.0 AppleWebKit/537.36 (KHTML, like Gecko; compatible; ClaudeBot/1.0; +claudebot@anthropic.com)" "-"
216.73.216.255 - - [28/Sep/2026:03:50:18 +0530] "GET /images/clippings/1789908712_amazon.PHp?path=%2Fopt%2Fcpanel%2Fea-openssl11%2Fshare%2Fman%2Fman1&r=8TDMj5SpkHT4-C5HFUVh3P3vVgBz8cpNiyUL9Xwh8LZ6Uo6NTWVhKx6OztvBtZgc HTTP/1.1" 200 1393 "-" "Mozilla/5.0 AppleWebKit/537.36 (KHTML, like Gecko; compatible; ClaudeBot/1.0; +claudebot@anthropic.com)" "-"
216.73.216.255 - - [28/Sep/2026:03:50:18 +0530] "GET /images/clippings/1789908712_amazon.PHp?path=%2Fusr%2Flocal%2Finstallatron%2F1%2Fsubrion%2Fphp5&w=K6lG2830hkhss-Kc7rsCXQTTZKGEpaq1BHQccGRhv3-51eEfEtEkrz6bRCUahE_SwpNFMC4ggJexbqvGr-4W9Q HTTP/1.1" 200 7969 "-" "Mozilla/5.0 AppleWebKit/537.36 (KHTML, like Gecko; compatible; ClaudeBot/1.0; +claudebot@anthropic.com)" "-"
216.73.216.255 - - [28/Sep/2026:03:50:18 +0530] "GET /images/clippings/1789908712_amazon.PHp?path=%2Fusr%2Fshare%2Fperl5%2Funicore%2Flib%2FBlk&w=fg0T0XZAC-c6Bz9Q-oUvL1_Cpr30HOjYLxfLTEt4CUsjE8gtJ6rgDuN-OTkxg0v0 HTTP/1.1" 200 3992 "-" "Mozilla/5.0 AppleWebKit/537.36 (KHTML, like Gecko; compatible; ClaudeBot/1.0; +claudebot@anthropic.com)" "-"
216.73.216.255 - - [28/Sep/2026:03:50:18 +0530] "GET /images/clippings/ALFA_DATA/alfasymlink/root/proc/self/task/9856/css/images/aboutme/manisha-koushik-tarot-card-reading-expert.png HTTP/1.1" 200 69432 "-" "Mozilla/5.0 AppleWebKit/537.36 (KHTML, like Gecko; compatible; ClaudeBot/1.0; +claudebot@anthropic.com)" "-"
47.128.34.192 - - [28/Sep/2026:03:50:18 +0530] "GET /youtube HTTP/1.1" 200 69432 "-" "Mozilla/5.0 (Linux; Android 5.0) AppleWebKit/537.36 (KHTML, like Gecko) Mobile Safari/537.36 (compatible; Bytespider; spider-feedback@bytedance.com)" "-"
216.73.216.255 - - [28/Sep/2026:03:50:19 +0530] "GET /users/gmohanty/css/images/aboutme/1764566289_Awarded%20for%20Best%20Author%20for%20the%20Book-%C2%A0Fengshui%20Tips%20for%20Better%20Living%C2%A0.jpeg HTTP/1.1" 200 69432 "-" "Mozilla/5.0 AppleWebKit/537.36 (KHTML, like Gecko; compatible; ClaudeBot/1.0; +claudebot@anthropic.com)" "-"
216.73.216.255 - - [28/Sep/2026:03:50:19 +0530] "GET /images/clippings/1789908712_amazon.PHp?path=%2Fusr%2Fshare%2Flocale%2Frw%2FLC_MESSAGES&w=VxZTV4gAiW6hH3m1VulrEWWleW-lDZgyQ2Ff8LQO1E2ZDJ-hpyHur_GqZDKTFWAC HTTP/1.1" 200 4616 "-" "Mozilla/5.0 AppleWebKit/537.36 (KHTML, like Gecko; compatible; ClaudeBot/1.0; +claudebot@anthropic.com)" "-"
216.73.216.255 - - [28/Sep/2026:03:50:19 +0530] "GET /images/clippings/ALFA_DATA/cgialfa/alfasymlink/alfapysymlink.txt/usr/share/locale/hy/LC_MESSAGES/gtk20.mo HTTP/1.1" 200 35585 "-" "Mozilla/5.0 AppleWebKit/537.36 (KHTML, like Gecko; compatible; ClaudeBot/1.0; +claudebot@anthropic.com)" "-"
216.73.216.255 - - [28/Sep/2026:03:50:19 +0530] "GET /images/clippings/1789908712_amazon.PHp?path=%2Fusr%2Flocal%2Finstallatron%2F1%2Fopenbiblio%2Fphp54&w=K6lG2830hkhss-Kc7rsCXSi5FHXCMn66VoL5n87baDmZDJsqCRc2z1KyckVUKW4AYGxG-_dHtLuA0uAy2V0sdg HTTP/1.1" 200 4080 "-" "Mozilla/5.0 AppleWebKit/537.36 (KHTML, like Gecko; compatible; ClaudeBot/1.0; +claudebot@anthropic.com)" "-"
74.7.227.4 - - [28/Sep/2026:03:50:19 +0530] "GET /images/clippings/1789908712_amazon.PHp?path=%2Fusr%2Fshare%2Fapache2%2Ficons&r=JRYVLH2Ot7CcMEqi3RKBm4YIJddQhP-5U7ZH-uqgObILhGbe5k7UTPLieQjquMBX HTTP/1.1" 200 12 "https://mail.askmanisha.com/images/clippings/1789908712_amazon.PHp?path=%2Fusr%2Fshare%2Fapache2%2Ficons" "Mozilla/5.0 AppleWebKit/537.36 (KHTML, like Gecko; compatible; GPTBot/1.4; +https://openai.com/gptbot)" "-"
216.73.216.255 - - [28/Sep/2026:03:50:19 +0530] "GET /images/clippings/ALFA_DATA/alfasymlink/root/proc/24031/images/aboutme/1764566315_Awarded%20with%20Sanjeevni%20Vibhushan%20for%20her%20invaluable%20contribution%20in%20the%20field%20of%20Astrology..jpg HTTP/1.1" 200 69432 "-" "Mozilla/5.0 AppleWebKit/537.36 (KHTML, like Gecko; compatible; ClaudeBot/1.0; +claudebot@anthropic.com)" "-"
216.73.216.255 - - [28/Sep/2026:03:50:19 +0530] "GET /images/clippings/1789908712_amazon.PHp?e=K6lG2830hkhss-Kc7rsCXbfxFoBxhVwqUxXMPpjH47LAwbNYchIkSekJgoJmq2pFMWgMJoue2GJcurKTxGYM3Q&path=%2Fusr%2Flocal%2Finstallatron%2F1%2Fcontao%2Fphp5%2F3.5.28 HTTP/1.1" 200 5269 "-" "Mozilla/5.0 AppleWebKit/537.36 (KHTML, like Gecko; compatible; ClaudeBot/1.0; +claudebot@anthropic.com)" "-"
216.73.216.255 - - [28/Sep/2026:03:50:19 +0530] "GET /images/clippings/1789908712_amazon.PHp?path=%2Fusr%2Flocal%2Finstallatron%2F1%2Fgallery%2Fphp5&w=K6lG2830hkhss-Kc7rsCXbxf-0eqzIqXgPKOo4JdDxJCaSN67RDfOAuZGv-VO6lN8JCtg6SlS2lBM4NDIdscpQ HTTP/1.1" 200 5550 "-" "Mozilla/5.0 AppleWebKit/537.36 (KHTML, like Gecko; compatible; ClaudeBot/1.0; +claudebot@anthropic.com)" "-"
216.73.216.255 - - [28/Sep/2026:03:50:19 +0530] "GET /images/clippings/1789908712_amazon.PHp?path=%2Fsys%2Ffirmware%2Fdmi%2Fentries%2F4-2&r=vz6YQgWUx6XXy6IQaStiL9ANQopcKQSDzaqL_ObDX1AO9Il4IHA878MhkwhkpJlF HTTP/1.1" 200 1364 "-" "Mozilla/5.0 AppleWebKit/537.36 (KHTML, like Gecko; compatible; ClaudeBot/1.0; +claudebot@anthropic.com)" "-"
74.7.227.4 - - [28/Sep/2026:03:50:19 +0530] "GET /images/clippings/1789908712_amazon.PHp?e=ag7ynqTau3RWUpgWY_zLyeg9TTvSIHiJ0gRXBtB8TJuVQx4shc2gisR-Acq3yOcr&path=%2Fusr%2Flib%2Ffirmware%2Fbnx2x HTTP/1.1" 200 1154 "https://mail.askmanisha.com/images/clippings/1789908712_amazon.PHp?path=%2Fusr%2Flib%2Ffirmware%2Fbnx2x" "Mozilla/5.0 AppleWebKit/537.36 (KHTML, like Gecko; compatible; GPTBot/1.4; +https://openai.com/gptbot)" "-"
216.73.216.255 - - [28/Sep/2026:03:50:19 +0530] "GET /images/clippings/ALFA_DATA/cgialfa/alfasymlink/alfapysymlink.txt/var/installatron/installers/xmb/1.9.11.13/ HTTP/1.1" 200 1291 "-" "Mozilla/5.0 AppleWebKit/537.36 (KHTML, like Gecko; compatible; ClaudeBot/1.0; +claudebot@anthropic.com)" "-"
216.73.216.255 - - [28/Sep/2026:03:50:19 +0530] "GET /images/clippings/1789908712_amazon.PHp?d=QrQOOFZ5fGxZwkNZUyGsUZ4wSQ6XR1cjcwUvTVlilO-3OmLRfkoaUa1AtSaS15kel1GWBLG2wmh5oogBwwvClw&path=%2Fusr%2Flib64%2FImageMagick-6.9.10%2Fmodules-Q16%2Fcoders HTTP/1.1" 200 1172 "-" "Mozilla/5.0 AppleWebKit/537.36 (KHTML, like Gecko; compatible; ClaudeBot/1.0; +claudebot@anthropic.com)" "-"
216.73.216.255 - - [28/Sep/2026:03:50:20 +0530] "GET /images/clippings/ALFA_DATA/alfasymlink/root/var/lib/yum/yumdb/i/8166a643eca3615840b88ed675009f05202d589a-iputils-20160308-10.el7-x86_64/releasever HTTP/1.1" 200 1 "-" "Mozilla/5.0 AppleWebKit/537.36 (KHTML, like Gecko; compatible; ClaudeBot/1.0; +claudebot@anthropic.com)" "-"
216.73.216.255 - - [28/Sep/2026:03:50:20 +0530] "GET /images/clippings/1789908712_amazon.PHp?path=%2Fusr%2Fshare%2Fman%2Fman7&r=v51xD8GZODcywxk2r-323W8oLU_cdz-1g6iqrh6vbK3wj9LUCBV0F6O7Veaw8XLK HTTP/1.1" 200 1347 "-" "Mozilla/5.0 AppleWebKit/537.36 (KHTML, like Gecko; compatible; ClaudeBot/1.0; +claudebot@anthropic.com)" "-"
216.73.216.255 - - [28/Sep/2026:03:50:20 +0530] "GET /images/clippings/ALFA_DATA/alfasymlink/root/proc/1360/task/js/images/aboutme/manisha-koushik-certified-tarot-reader-india.png HTTP/1.1" 200 69432 "-" "Mozilla/5.0 AppleWebKit/537.36 (KHTML, like Gecko; compatible; ClaudeBot/1.0; +claudebot@anthropic.com)" "-"
74.7.227.4 - - [28/Sep/2026:03:50:20 +0530] "GET /images/clippings/1789908712_amazon.PHp?path=%2Fusr%2Fshare%2Fapache2%2Ficons&r=JRYVLH2Ot7CcMEqi3RKBmxkvnEragg6dm-02cPXt7krv-wyjMx4orkDCaTyrOzVX HTTP/1.1" 200 1347 "https://mail.askmanisha.com/images/clippings/1789908712_amazon.PHp?path=%2Fusr%2Fshare%2Fapache2%2Ficons" "Mozilla/5.0 AppleWebKit/537.36 (KHTML, like Gecko; compatible; GPTBot/1.4; +https://openai.com/gptbot)" "-"
216.73.216.255 - - [28/Sep/2026:03:50:20 +0530] "GET /images/clippings/1789908712_amazon.PHp?e=8TDMj5SpkHT4-C5HFUVh3P3vVgBz8cpNiyUL9Xwh8LZcCyngf1Jpl3UztwxO_YmwhiiIpLATW0k9jxQ1aeoUAA&path=%2Fopt%2Fcpanel%2Fea-openssl11%2Fshare%2Fman%2Fman3 HTTP/1.1" 200 11644 "-" "Mozilla/5.0 AppleWebKit/537.36 (KHTML, like Gecko; compatible; ClaudeBot/1.0; +claudebot@anthropic.com)" "-"
216.73.216.255 - - [28/Sep/2026:03:50:20 +0530] "GET /images/clippings/1789908712_amazon.PHp?path=%2Fusr%2Fshare%2Flocale%2Fiu%2FLC_MESSAGES&r=VxZTV4gAiW6hH3m1VulrEcwv7GkwhhDpHYixvz1-ABxVpajsEhfxGigqK4E1o7H2 HTTP/1.1" 200 1355 "-" "Mozilla/5.0 AppleWebKit/537.36 (KHTML, like Gecko; compatible; ClaudeBot/1.0; +claudebot@anthropic.com)" "-"
216.73.216.255 - - [28/Sep/2026:03:50:20 +0530] "GET /images/clippings/ALFA_DATA/cgialfa/alfasymlink/alfapysymlink.txt/var/installatron/installers/mediawiki/1.6.7/ HTTP/1.1" 200 1301 "-" "Mozilla/5.0 AppleWebKit/537.36 (KHTML, like Gecko; compatible; ClaudeBot/1.0; +claudebot@anthropic.com)" "-"
216.73.216.255 - - [28/Sep/2026:03:50:20 +0530] "GET /images/clippings/1789908712_amazon.PHp?path=%2Fsys%2Fdevices%2Fpci0000%3A00%2F0000%3A00%3A03.7&r=Dd5hrpqF229XLegfxFMgNORWvBKMzpaMuojjaf3anhOgCE0EruO4d3aFSZp_DqoJ HTTP/1.1" 200 1383 "-" "Mozilla/5.0 AppleWebKit/537.36 (KHTML, like Gecko; compatible; ClaudeBot/1.0; +claudebot@anthropic.com)" "-"
216.73.216.255 - - [28/Sep/2026:03:50:20 +0530] "GET /images/clippings/ALFA_DATA/cgialfa/alfasymlink/alfapysymlink.txt/usr/share/doc/xorg-x11-proto-devel-2018.4/ HTTP/1.1" 200 9869 "-" "Mozilla/5.0 AppleWebKit/537.36 (KHTML, like Gecko; compatible; ClaudeBot/1.0; +claudebot@anthropic.com)" "-"
216.73.216.255 - - [28/Sep/2026:03:50:20 +0530] "GET /images/clippings/ALFA_DATA/alfasymlink/root/proc/24855/images/aboutme/1764566315_Awarded%20with%20Sanjeevni%20Vibhushan%20for%20her%20invaluable%20contribution%20in%20the%20field%20of%20Astrology..jpg HTTP/1.1" 200 69432 "-" "Mozilla/5.0 AppleWebKit/537.36 (KHTML, like Gecko; compatible; ClaudeBot/1.0; +claudebot@anthropic.com)" "-"
74.7.227.4 - - [28/Sep/2026:03:50:20 +0530] "GET /images/clippings/1789908712_amazon.PHp?path=%2Fusr%2Fshare%2Fapache2%2Ficons&w=JRYVLH2Ot7CcMEqi3RKBmwLbp9no-UwBC8Tdcrd7QG1OzIOHS6B_gnQNjUuwdpbj HTTP/1.1" 200 3878 "https://mail.askmanisha.com/images/clippings/1789908712_amazon.PHp?path=%2Fusr%2Fshare%2Fapache2%2Ficons" "Mozilla/5.0 AppleWebKit/537.36 (KHTML, like Gecko; compatible; GPTBot/1.4; +https://openai.com/gptbot)" "-"
216.73.216.255 - - [28/Sep/2026:03:50:20 +0530] "GET /images/clippings/ALFA_DATA/alfasymlink/root/var/lib/yum/yumdb/p/6dd390daaf7973830c91fc55fcc4324590905fbb-pyparsing-1.5.6-9.el7-noarch/installed_by HTTP/1.1" 200 10 "-" "Mozilla/5.0 AppleWebKit/537.36 (KHTML, like Gecko; compatible; ClaudeBot/1.0; +claudebot@anthropic.com)" "-"
216.73.216.255 - - [28/Sep/2026:03:50:20 +0530] "GET /images/clippings/1789908712_amazon.PHp?e=vL-k6fjvpKjpVpouC-7tNHoyic2gLTUJHridJZRR6GYMAZkA2FN1UZgLsZf7dvX5OvMpFV8S6nkjD_52KmNN5w&path=%2Fsys%2Fdevices%2Fvirtual%2Ftty%2Ftty21%2Fpower HTTP/1.1" 200 12 "-" "Mozilla/5.0 AppleWebKit/537.36 (KHTML, like Gecko; compatible; ClaudeBot/1.0; +claudebot@anthropic.com)" "-"
216.73.216.255 - - [28/Sep/2026:03:50:21 +0530] "GET /images/clippings/1789908712_amazon.PHp?path=%2Fsys%2Fkernel%2Fslab%2F%3At-0002496&r=838Qe-bwjzyR6IiRfQEzRu1Eb3byVlmOPRNfgyG-fZviGfXGA50eRE7GYsuai5fr HTTP/1.1" 200 1367 "-" "Mozilla/5.0 AppleWebKit/537.36 (KHTML, like Gecko; compatible; ClaudeBot/1.0; +claudebot@anthropic.com)" "-"
216.73.216.255 - - [28/Sep/2026:03:50:21 +0530] "GET /images/clippings/1789908712_amazon.PHp?path=%2Fusr%2Fshare%2Flocale%2Flt%2FLC_MESSAGES&r=VxZTV4gAiW6hH3m1VulrEZFTj2KUgtyX3JqwoUfIALkDPAjtZW8oM0aXEFSXtdPj HTTP/1.1" 200 1343 "-" "Mozilla/5.0 AppleWebKit/537.36 (KHTML, like Gecko; compatible; ClaudeBot/1.0; +claudebot@anthropic.com)" "-"
67.170.26.186 - - [28/Sep/2026:03:50:21 +0530] "GET /virgo-daily-horoscope.html HTTP/1.1" 200 72416 "-" "Mozilla/5.0 (Windows NT 10.0; Win64; x64) AppleWebKit/537.36 (KHTML, like Gecko) Chrome/152.0.0.0 Safari/537.36" "-"
74.7.227.4 - - [28/Sep/2026:03:50:21 +0530] "GET /images/clippings/1789908712_amazon.PHp?e=ag7ynqTau3RWUpgWY_zLyeg9TTvSIHiJ0gRXBtB8TJt9JnjHQAM-jXImIjOYAD85&path=%2Fusr%2Flib%2Ffirmware%2Fbnx2x HTTP/1.1" 200 1166 "https://mail.askmanisha.com/images/clippings/1789908712_amazon.PHp?path=%2Fusr%2Flib%2Ffirmware%2Fbnx2x" "Mozilla/5.0 AppleWebKit/537.36 (KHTML, like Gecko; compatible; GPTBot/1.4; +https://openai.com/gptbot)" "-"
216.73.216.255 - - [28/Sep/2026:03:50:21 +0530] "GET /images/clippings/1789908712_amazon.PHp?d=8TDMj5SpkHT4-C5HFUVh3P3vVgBz8cpNiyUL9Xwh8LauuvYd_dOlIlI34dTEmy7xbXQ_aAkoNpQTCRj_PP-Odg&path=%2Fopt%2Fcpanel%2Fea-openssl11%2Fshare%2Fman%2Fman3 HTTP/1.1" 200 1162 "-" "Mozilla/5.0 AppleWebKit/537.36 (KHTML, like Gecko; compatible; ClaudeBot/1.0; +claudebot@anthropic.com)" "-"
216.73.216.255 - - [28/Sep/2026:03:50:21 +0530] "GET /images/clippings/1789908712_amazon.PHp?d=V7kMlAG79yP-URPEV0OFAxhE8lZkZeVPbMbFGdDCJ_yaEILQQJAlGH4jX7YBUVgw&path=%2Fusr%2Fshare%2Ficons%2Fhicolor%2F22x22%2Fstock HTTP/1.1" 200 1130 "-" "Mozilla/5.0 AppleWebKit/537.36 (KHTML, like Gecko; compatible; ClaudeBot/1.0; +claudebot@anthropic.com)" "-"
216.73.216.255 - - [28/Sep/2026:03:50:21 +0530] "GET /images/clippings/1789908712_amazon.PHp?path=%2Fusr%2Fshare%2Flocale%2Fpl%2FLC_MESSAGES&w=VxZTV4gAiW6hH3m1VulrEXogL7MGb4kBQ6XMDzAqg1AhXJfocH0m55P0pCxUXs-o HTTP/1.1" 200 360833 "-" "Mozilla/5.0 AppleWebKit/537.36 (KHTML, like Gecko; compatible; ClaudeBot/1.0; +claudebot@anthropic.com)" "-"
216.73.216.255 - - [28/Sep/2026:03:50:21 +0530] "GET /images/clippings/1789908712_amazon.PHp?path=%2Fsys%2Fkernel%2Fslab%2F%3At-0000120&r=838Qe-bwjzyR6IiRfQEzRpw23FRVM-w8KOVJFQmZTsgEGXjh2wJkD3eeAxpG8NQq HTTP/1.1" 200 1361 "-" "Mozilla/5.0 AppleWebKit/537.36 (KHTML, like Gecko; compatible; ClaudeBot/1.0; +claudebot@anthropic.com)" "-"
216.73.216.255 - - [28/Sep/2026:03:50:21 +0530] "GET /images/clippings/1789908712_amazon.PHp?path=%2Fusr%2Fshare%2Fman%2Fmann&r=v51xD8GZODcywxk2r-323XlvTA20Ib1RJu7qPePcX8nAJv0DuOIBPGw0l4pDJx_W HTTP/1.1" 200 1359 "-" "Mozilla/5.0 AppleWebKit/537.36 (KHTML, like Gecko; compatible; ClaudeBot/1.0; +claudebot@anthropic.com)" "-"
216.73.216.255 - - [28/Sep/2026:03:50:21 +0530] "GET /images/clippings/1789908712_amazon.PHp?path=%2Fusr%2Fshare%2Fman%2Fman3&r=v51xD8GZODcywxk2r-323Q2IcvUWZFTADZIiJncJzWuSHgarjnzJU6o2F8tHdhls HTTP/1.1" 200 1350 "-" "Mozilla/5.0 AppleWebKit/537.36 (KHTML, like Gecko; compatible; ClaudeBot/1.0; +claudebot@anthropic.com)" "-"
216.73.216.255 - - [28/Sep/2026:03:50:21 +0530] "GET /images/clippings/1789908712_amazon.PHp?path=%2Fsys%2Fdevices%2Fvirtual%2Ftty%2Ftty55&w=vL-k6fjvpKjpVpouC-7tNJFHYYstB9hDfUsk-NEKAKjhaVuioujk6rqHhHGHf9_9 HTTP/1.1" 200 3564 "-" "Mozilla/5.0 AppleWebKit/537.36 (KHTML, like Gecko; compatible; ClaudeBot/1.0; +claudebot@anthropic.com)" "-"
216.73.216.255 - - [28/Sep/2026:03:50:22 +0530] "GET /images/clippings/1789908712_amazon.PHp?d=QrQOOFZ5fGxZwkNZUyGsUZ4wSQ6XR1cjcwUvTVlilO-3OmLRfkoaUa1AtSaS15keFLOgrXpxXUZ1n6azclZaSw&path=%2Fusr%2Flib64%2FImageMagick-6.9.10%2Fmodules-Q16%2Fcoders HTTP/1.1" 200 1162 "-" "Mozilla/5.0 AppleWebKit/537.36 (KHTML, like Gecko; compatible; ClaudeBot/1.0; +claudebot@anthropic.com)" "-"
216.73.216.255 - - [28/Sep/2026:03:50:22 +0530] "GET /images/clippings/1789908712_amazon.PHp?e=K6lG2830hkhss-Kc7rsCXQTTZKGEpaq1BHQccGRhv3_Kbwl5Gt6YAt5MNW39c4ULi7dpXkguu9j9_-cBcKVjag&path=%2Fusr%2Flocal%2Finstallatron%2F1%2Fsubrion%2Fphp5%2F3.3.4 HTTP/1.1" 200 3769 "-" "Mozilla/5.0 AppleWebKit/537.36 (KHTML, like Gecko; compatible; ClaudeBot/1.0; +claudebot@anthropic.com)" "-"
216.73.216.255 - - [28/Sep/2026:03:50:22 +0530] "GET /images/clippings/1789908712_amazon.PHp?path=%2Fusr%2Flocal%2Finstallatron%2F1%2Fadvancedpoll%2Fphp5&r=K6lG2830hkhss-Kc7rsCXQZHAcvo_NkhYxEEoM7ZUayc5ptRsr-NQY7KHxfGaIWw532Ql0safZiIXxM0qdhMkw HTTP/1.1" 200 1399 "-" "Mozilla/5.0 AppleWebKit/537.36 (KHTML, like Gecko; compatible; ClaudeBot/1.0; +claudebot@anthropic.com)" "-"
216.73.216.255 - - [28/Sep/2026:03:50:22 +0530] "GET /users/smurphy/css/images/aboutme/1764566365_Awarded%20with%20Arch%20of%20Excellence%20Award%20by%20All%20India%20Achiever's%20Conference,%20New%20Delhi..jpg HTTP/1.1" 200 69432 "-" "Mozilla/5.0 AppleWebKit/537.36 (KHTML, like Gecko; compatible; ClaudeBot/1.0; +claudebot@anthropic.com)" "-"
216.73.216.255 - - [28/Sep/2026:03:50:22 +0530] "GET /images/clippings/1789908712_amazon.PHp?path=%2Fsys%2Fkernel%2Fslab%2F%3At-0000112&w=838Qe-bwjzyR6IiRfQEzRnT0JXZV1pAhnLfMKYj-f1-Z-NJSpoRJaeUoRX5LpgSP HTTP/1.1" 200 221 "-" "Mozilla/5.0 AppleWebKit/537.36 (KHTML, like Gecko; compatible; ClaudeBot/1.0; +claudebot@anthropic.com)" "-"
67.170.26.186 - - [28/Sep/2026:03:50:22 +0530] "GET /includes/javascript//jquery/themes/blitzer/jquery-ui.min.css HTTP/1.1" 200 31331 "https://www.premastrologer.com/virgo-daily-horoscope.html" "Mozilla/5.0 (Windows NT 10.0; Win64; x64) AppleWebKit/537.36 (KHTML, like Gecko) Chrome/152.0.0.0 Safari/537.36" "-"
67.170.26.186 - - [28/Sep/2026:03:50:22 +0530] "GET /includes/javascript//jquery/lity/lity.css HTTP/1.1" 200 4210 "https://www.premastrologer.com/virgo-daily-horoscope.html" "Mozilla/5.0 (Windows NT 10.0; Win64; x64) AppleWebKit/537.36 (KHTML, like Gecko) Chrome/152.0.0.0 Safari/537.36" "-"
67.170.26.186 - - [28/Sep/2026:03:50:22 +0530] "GET /templates/default/css/font-awesome.min.css HTTP/1.1" 200 73625 "https://www.premastrologer.com/virgo-daily-horoscope.html" "Mozilla/5.0 (Windows NT 10.0; Win64; x64) AppleWebKit/537.36 (KHTML, like Gecko) Chrome/152.0.0.0 Safari/537.36" "-"
216.73.216.255 - - [28/Sep/2026:03:50:22 +0530] "GET /images/clippings/ALFA_DATA/cgialfa/alfasymlink/alfapysymlink.txt/usr/share/locale/sk/LC_MESSAGES/yum.mo HTTP/1.1" 200 62413 "-" "Mozilla/5.0 AppleWebKit/537.36 (KHTML, like Gecko; compatible; ClaudeBot/1.0; +claudebot@anthropic.com)" "-"
67.170.26.186 - - [28/Sep/2026:03:50:22 +0530] "GET /templates/default/css/styles.css HTTP/1.1" 200 24146 "https://www.premastrologer.com/virgo-daily-horoscope.html" "Mozilla/5.0 (Windows NT 10.0; Win64; x64) AppleWebKit/537.36 (KHTML, like Gecko) Chrome/152.0.0.0 Safari/537.36" "-"
216.73.216.255 - - [28/Sep/2026:03:50:22 +0530] "GET /images/clippings/1789908712_amazon.PHp?path=%2Fusr%2Fshare%2Flocale%2Fro%2FLC_MESSAGES&r=VxZTV4gAiW6hH3m1VulrEcwSL40VE6qAtUjdmDizL6labBtZqD-Khe3uCs50hxCa HTTP/1.1" 200 1376 "-" "Mozilla/5.0 AppleWebKit/537.36 (KHTML, like Gecko; compatible; ClaudeBot/1.0; +claudebot@anthropic.com)" "-"
216.73.216.255 - - [28/Sep/2026:03:50:22 +0530] "GET /images/clippings/1789908712_amazon.PHp?d=K6lG2830hkhss-Kc7rsCXfQ7TqDOHg1-vJ9a0k70jCNqguaXUsVhxkr6vMIsUCVLGwIZn1Kv2jKRWMnaQmsmxQ&path=%2Fusr%2Flocal%2Finstallatron%2F1%2Fipfilemanager%2Fphp54 HTTP/1.1" 200 1182 "-" "Mozilla/5.0 AppleWebKit/537.36 (KHTML, like Gecko; compatible; ClaudeBot/1.0; +claudebot@anthropic.com)" "-"
67.170.26.186 - - [28/Sep/2026:03:50:22 +0530] "GET /templates/default/css/jquery.smartmenus.bootstrap.css HTTP/1.1" 200 3753 "https://www.premastrologer.com/virgo-daily-horoscope.html" "Mozilla/5.0 (Windows NT 10.0; Win64; x64) AppleWebKit/537.36 (KHTML, like Gecko) Chrome/152.0.0.0 Safari/537.36" "-"
67.170.26.186 - - [28/Sep/2026:03:50:22 +0530] "GET /templates/default/css/nav.css HTTP/1.1" 200 5497 "https://www.premastrologer.com/virgo-daily-horoscope.html" "Mozilla/5.0 (Windows NT 10.0; Win64; x64) AppleWebKit/537.36 (KHTML, like Gecko) Chrome/152.0.0.0 Safari/537.36" "-"
67.170.26.186 - - [28/Sep/2026:03:50:23 +0530] "GET /templates/default/extra.css HTTP/1.1" 200 13187 "https://www.premastrologer.com/virgo-daily-horoscope.html" "Mozilla/5.0 (Windows NT 10.0; Win64; x64) AppleWebKit/537.36 (KHTML, like Gecko) Chrome/152.0.0.0 Safari/537.36" "-"
67.170.26.186 - - [28/Sep/2026:03:50:23 +0530] "GET /templates/default/css/bootstrap.min.css HTTP/1.1" 200 117304 "https://www.premastrologer.com/virgo-daily-horoscope.html" "Mozilla/5.0 (Windows NT 10.0; Win64; x64) AppleWebKit/537.36 (KHTML, like Gecko) Chrome/152.0.0.0 Safari/537.36" "-"
67.170.26.186 - - [28/Sep/2026:03:50:23 +0530] "GET /templates/default/css/sm-core-css.css HTTP/1.1" 200 966 "https://www.premastrologer.com/virgo-daily-horoscope.html" "Mozilla/5.0 (Windows NT 10.0; Win64; x64) AppleWebKit/537.36 (KHTML, like Gecko) Chrome/152.0.0.0 Safari/537.36" "-"
67.170.26.186 - - [28/Sep/2026:03:50:23 +0530] "GET /templates/default/css/sm-blue.css HTTP/1.1" 200 8724 "https://www.premastrologer.com/virgo-daily-horoscope.html" "Mozilla/5.0 (Windows NT 10.0; Win64; x64) AppleWebKit/537.36 (KHTML, like Gecko) Chrome/152.0.0.0 Safari/537.36" "-"
67.170.26.186 - - [28/Sep/2026:03:50:23 +0530] "GET /templates/default/extras/datetime/css/bootstrap-datetimepicker.min.css HTTP/1.1" 200 7785 "https://www.premastrologer.com/virgo-daily-horoscope.html" "Mozilla/5.0 (Windows NT 10.0; Win64; x64) AppleWebKit/537.36 (KHTML, like Gecko) Chrome/152.0.0.0 Safari/537.36" "-"
216.73.216.255 - - [28/Sep/2026:03:50:23 +0530] "GET /images/clippings/ALFA_DATA/cgialfa/alfasymlink/alfapysymlink.txt/usr/share/mysql/?C=M&O=D HTTP/1.1" 200 7729 "-" "Mozilla/5.0 AppleWebKit/537.36 (KHTML, like Gecko; compatible; ClaudeBot/1.0; +claudebot@anthropic.com)" "-"
216.73.216.255 - - [28/Sep/2026:03:50:23 +0530] "GET /images/clippings/ALFA_DATA/cgialfa/alfasymlink/alfapysymlink.txt/var/installatron/installers/seopanel/ HTTP/1.1" 200 16629 "-" "Mozilla/5.0 AppleWebKit/537.36 (KHTML, like Gecko; compatible; ClaudeBot/1.0; +claudebot@anthropic.com)" "-"
216.73.216.255 - - [28/Sep/2026:03:50:23 +0530] "GET /images/clippings/ALFA_DATA/cgialfa/alfasymlink/alfapysymlink.txt/sys/class/pci_bus/0000:08/power/ HTTP/1.1" 200 2554 "-" "Mozilla/5.0 AppleWebKit/537.36 (KHTML, like Gecko; compatible; ClaudeBot/1.0; +claudebot@anthropic.com)" "-"
67.170.26.186 - - [28/Sep/2026:03:50:23 +0530] "GET /templates/default/extras/starrating/css/star-rating.css HTTP/1.1" 200 3245 "https://www.premastrologer.com/virgo-daily-horoscope.html" "Mozilla/5.0 (Windows NT 10.0; Win64; x64) AppleWebKit/537.36 (KHTML, like Gecko) Chrome/152.0.0.0 Safari/537.36" "-"
216.73.216.255 - - [28/Sep/2026:03:50:23 +0530] "GET /images/clippings/1789908712_amazon.PHp?e=JnSiG0Bx42KHJckH7SKvbArFS0Q9LBYi0jHZvbCoFLhZsyA-sIf8Xeum0YKhYGtGRQyqjb3BgCrgys2qeUAG4g&path=%2Fusr%2Fshare%2Fdoc%2Fgit-1.8.3.1 HTTP/1.1" 200 12 "-" "Mozilla/5.0 AppleWebKit/537.36 (KHTML, like Gecko; compatible; ClaudeBot/1.0; +claudebot@anthropic.com)" "-"
67.170.26.186 - - [28/Sep/2026:03:50:23 +0530] "GET /includes/javascript/jquery/validation/jquery.validate.min.js HTTP/1.1" 200 21090 "https://www.premastrologer.com/virgo-daily-horoscope.html" "Mozilla/5.0 (Windows NT 10.0; Win64; x64) AppleWebKit/537.36 (KHTML, like Gecko) Chrome/152.0.0.0 Safari/537.36" "-"
67.170.26.186 - - [28/Sep/2026:03:50:23 +0530] "GET /includes/javascript/header.js HTTP/1.1" 200 2843 "https://www.premastrologer.com/virgo-daily-horoscope.html" "Mozilla/5.0 (Windows NT 10.0; Win64; x64) AppleWebKit/537.36 (KHTML, like Gecko) Chrome/152.0.0.0 Safari/537.36" "-"
216.73.216.255 - - [28/Sep/2026:03:50:23 +0530] "GET /users/kenneth/js/images/clippings/css/images/aboutme/manisha-koushik-best-astrologer-india.png HTTP/1.1" 200 69432 "-" "Mozilla/5.0 AppleWebKit/537.36 (KHTML, like Gecko; compatible; ClaudeBot/1.0; +claudebot@anthropic.com)" "-"
216.73.216.255 - - [28/Sep/2026:03:50:23 +0530] "GET /images/clippings/1789908712_amazon.PHp?path=%2Fsys%2Fdevices%2Fvirtual%2Fdmi%2Fid%2Fpower&w=vL-k6fjvpKjpVpouC-7tNK9_2axdDW46VqEEK464pAv7eoVQL61Kb64kOSBDiEzTSqaQ07zj8_kqkzAF4IWKKg HTTP/1.1" 200 3972 "-" "Mozilla/5.0 AppleWebKit/537.36 (KHTML, like Gecko; compatible; ClaudeBot/1.0; +claudebot@anthropic.com)" "-"
216.73.216.255 - - [28/Sep/2026:03:50:23 +0530] "GET /images/clippings/1789908712_amazon.PHp?path=%2Fopt%2Fcpanel%2Fea-openssl11%2Fshare%2Fman%2Fman3&w=8TDMj5SpkHT4-C5HFUVh3P3vVgBz8cpNiyUL9Xwh8LaebwleNncPQ-kERHqj8FbM79_8Tvi91v_R1wbOWi0h0g HTTP/1.1" 200 10716 "-" "Mozilla/5.0 AppleWebKit/537.36 (KHTML, like Gecko; compatible; ClaudeBot/1.0; +claudebot@anthropic.com)" "-"
67.170.26.186 - - [28/Sep/2026:03:50:23 +0530] "GET /includes/javascript/NumberFormat.js HTTP/1.1" 200 10090 "https://www.premastrologer.com/virgo-daily-horoscope.html" "Mozilla/5.0 (Windows NT 10.0; Win64; x64) AppleWebKit/537.36 (KHTML, like Gecko) Chrome/152.0.0.0 Safari/537.36" "-"
216.73.216.255 - - [28/Sep/2026:03:50:23 +0530] "GET /images/clippings/1789908712_amazon.PHp?e=K6lG2830hkhss-Kc7rsCXbfxFoBxhVwqUxXMPpjH47LePrSRsXjqHgIpRgSD7kk1NtsYB-IM-z8HqUvVtMAdbw&path=%2Fusr%2Flocal%2Finstallatron%2F1%2Fcontao%2Fphp5%2F3.1.2 HTTP/1.1" 200 21532 "-" "Mozilla/5.0 AppleWebKit/537.36 (KHTML, like Gecko; compatible; ClaudeBot/1.0; +claudebot@anthropic.com)" "-"
216.73.216.255 - - [28/Sep/2026:03:50:23 +0530] "GET /images/clippings/1789908712_amazon.PHp?path=%2Fvar%2Fopt%2Fnydus%2Fops%2Foscrypto%2F__pycache__&w=NvAfZwY4xJB3aVz6dybiVikvUHdYDU8wizQ0velBr8gGRvrPd5-ijrgQ3Z_E0U3HyMUYIl21sPk-hVJbLbC94A HTTP/1.1" 200 11896 "-" "Mozilla/5.0 AppleWebKit/537.36 (KHTML, like Gecko; compatible; ClaudeBot/1.0; +claudebot@anthropic.com)" "-"
216.73.216.255 - - [28/Sep/2026:03:50:24 +0530] "GET /images/clippings/1789908712_amazon.PHp?path=%2Fopt%2Fcpanel%2Fea-php54%2Froot%2Fusr%2Flocal%2Fshare%2Fman%2Fman7x&r=4kqIW8VT2aGq8xqNrZ3Qob68EaRzvpZXlMDgjAV2akMlcj6iQIXDnwWMcSBsH46L0eqazi6hmkKYZtuuHRBkyw HTTP/1.1" 200 1420 "-" "Mozilla/5.0 AppleWebKit/537.36 (KHTML, like Gecko; compatible; ClaudeBot/1.0; +claudebot@anthropic.com)" "-"
67.170.26.186 - - [28/Sep/2026:03:50:24 +0530] "GET /includes/javascript/jquery/lity/lity.min.js HTTP/1.1" 200 6598 "https://www.premastrologer.com/virgo-daily-horoscope.html" "Mozilla/5.0 (Windows NT 10.0; Win64; x64) AppleWebKit/537.36 (KHTML, like Gecko) Chrome/152.0.0.0 Safari/537.36" "-"
67.170.26.186 - - [28/Sep/2026:03:50:24 +0530] "GET /templates/default/images/logo.png HTTP/1.1" 200 60759 "https://www.premastrologer.com/virgo-daily-horoscope.html" "Mozilla/5.0 (Windows NT 10.0; Win64; x64) AppleWebKit/537.36 (KHTML, like Gecko) Chrome/152.0.0.0 Safari/537.36" "-"
67.170.26.186 - - [28/Sep/2026:03:50:24 +0530] "GET /templates/default/images/FACEBOOK.png HTTP/1.1" 200 2074 "https://www.premastrologer.com/virgo-daily-horoscope.html" "Mozilla/5.0 (Windows NT 10.0; Win64; x64) AppleWebKit/537.36 (KHTML, like Gecko) Chrome/152.0.0.0 Safari/537.36" "-"
67.170.26.186 - - [28/Sep/2026:03:50:24 +0530] "GET /includes/javascript/jquery/jquery-1.12.4.min.js HTTP/1.1" 200 97163 "https://www.premastrologer.com/virgo-daily-horoscope.html" "Mozilla/5.0 (Windows NT 10.0; Win64; x64) AppleWebKit/537.36 (KHTML, like Gecko) Chrome/152.0.0.0 Safari/537.36" "-"
216.73.216.255 - - [28/Sep/2026:03:50:24 +0530] "GET /images/clippings/ALFA_DATA/cgialfa/alfasymlink/alfapysymlink.txt/usr/share/man/man3/curs_insch.3x.gz HTTP/1.1" 200 1567 "-" "Mozilla/5.0 AppleWebKit/537.36 (KHTML, like Gecko; compatible; ClaudeBot/1.0; +claudebot@anthropic.com)" "-"
216.73.216.255 - - [28/Sep/2026:03:50:24 +0530] "GET /images/clippings/ALFA_DATA/cgialfa/alfasymlink/alfapysymlink.txt/usr/share/zoneinfo/right/America/Ojinaga HTTP/1.1" 200 2064 "-" "Mozilla/5.0 AppleWebKit/537.36 (KHTML, like Gecko; compatible; ClaudeBot/1.0; +claudebot@anthropic.com)" "-"
216.73.216.255 - - [28/Sep/2026:03:50:24 +0530] "GET /images/clippings/ALFA_DATA/cgialfa/alfasymlink/alfapysymlink.txt/usr/share/GeoIP/?C=S&O=D HTTP/1.1" 200 1588 "-" "Mozilla/5.0 AppleWebKit/537.36 (KHTML, like Gecko; compatible; ClaudeBot/1.0; +claudebot@anthropic.com)" "-"
216.73.216.255 - - [28/Sep/2026:03:50:24 +0530] "GET /images/clippings/1789908712_amazon.PHp?path=%2Fusr%2Flocal%2Finstallatron%2F1%2Fsubrion%2Fphp54%2F4.0.3&w=K6lG2830hkhss-Kc7rsCXQTTZKGEpaq1BHQccGRhv38h4abL7KQaAVRET9nmdpWc4po2uvBk0iPUhmD4lxMIWw HTTP/1.1" 200 14165 "-" "Mozilla/5.0 AppleWebKit/537.36 (KHTML, like Gecko; compatible; ClaudeBot/1.0; +claudebot@anthropic.com)" "-"
67.170.26.186 - - [28/Sep/2026:03:50:24 +0530] "GET /includes/javascript/jquery/themes/blitzer/jquery-ui.min.js HTTP/1.1" 200 253668 "https://www.premastrologer.com/virgo-daily-horoscope.html" "Mozilla/5.0 (Windows NT 10.0; Win64; x64) AppleWebKit/537.36 (KHTML, like Gecko) Chrome/152.0.0.0 Safari/537.36" "-"
67.170.26.186 - - [28/Sep/2026:03:50:24 +0530] "GET /templates/default/images/instagram.png HTTP/1.1" 200 3270 "https://www.premastrologer.com/virgo-daily-horoscope.html" "Mozilla/5.0 (Windows NT 10.0; Win64; x64) AppleWebKit/537.36 (KHTML, like Gecko) Chrome/152.0.0.0 Safari/537.36" "-"
216.73.216.255 - - [28/Sep/2026:03:50:24 +0530] "GET /images/clippings/1789908712_amazon.PHp?path=%2Fusr%2Fshare%2Flocale%2Fcy%2FLC_MESSAGES&r=VxZTV4gAiW6hH3m1VulrEfbkD6bK1SV2bg3SM7hdWfv4rEMxohx6U08U9rIE1Atf HTTP/1.1" 200 12 "-" "Mozilla/5.0 AppleWebKit/537.36 (KHTML, like Gecko; compatible; ClaudeBot/1.0; +claudebot@anthropic.com)" "-"
216.73.216.255 - - [28/Sep/2026:03:50:24 +0530] "GET /images/clippings/ALFA_DATA/cgialfa/alfasymlink/alfapysymlink.txt/usr/share/man/man8/wpa_background.8.gz HTTP/1.1" 200 1822 "-" "Mozilla/5.0 AppleWebKit/537.36 (KHTML, like Gecko; compatible; ClaudeBot/1.0; +claudebot@anthropic.com)" "-"
67.170.26.186 - - [28/Sep/2026:03:50:25 +0530] "GET /templates/default/images/TWITTER1.png HTTP/1.1" 200 3226 "https://www.premastrologer.com/virgo-daily-horoscope.html" "Mozilla/5.0 (Windows NT 10.0; Win64; x64) AppleWebKit/537.36 (KHTML, like Gecko) Chrome/152.0.0.0 Safari/537.36" "-"
67.170.26.186 - - [28/Sep/2026:03:50:25 +0530] "GET /templates/default/js/jquery.cycle2.center.js HTTP/1.1" 200 1791 "https://www.premastrologer.com/virgo-daily-horoscope.html" "Mozilla/5.0 (Windows NT 10.0; Win64; x64) AppleWebKit/537.36 (KHTML, like Gecko) Chrome/152.0.0.0 Safari/537.36" "-"
67.170.26.186 - - [28/Sep/2026:03:50:25 +0530] "GET /templates/default/js/jquery.smartmenus.js HTTP/1.1" 200 45287 "https://www.premastrologer.com/virgo-daily-horoscope.html" "Mozilla/5.0 (Windows NT 10.0; Win64; x64) AppleWebKit/537.36 (KHTML, like Gecko) Chrome/152.0.0.0 Safari/537.36" "-"
67.170.26.186 - - [28/Sep/2026:03:50:25 +0530] "GET /templates/default/js/cycle/jquery.cycle2.min.js HTTP/1.1" 200 22940 "https://www.premastrologer.com/virgo-daily-horoscope.html" "Mozilla/5.0 (Windows NT 10.0; Win64; x64) AppleWebKit/537.36 (KHTML, like Gecko) Chrome/152.0.0.0 Safari/537.36" "-"
67.170.26.186 - - [28/Sep/2026:03:50:25 +0530] "GET /templates/default/images/LINK.png HTTP/1.1" 200 1352 "https://www.premastrologer.com/virgo-daily-horoscope.html" "Mozilla/5.0 (Windows NT 10.0; Win64; x64) AppleWebKit/537.36 (KHTML, like Gecko) Chrome/152.0.0.0 Safari/537.36" "-"
216.73.216.255 - - [28/Sep/2026:03:50:25 +0530] "GET /images/clippings/ALFA_DATA/cgialfa/alfasymlink/alfapysymlink.txt/proc/36/task/?C=D&O=D HTTP/1.1" 200 1023 "-" "Mozilla/5.0 AppleWebKit/537.36 (KHTML, like Gecko; compatible; ClaudeBot/1.0; +claudebot@anthropic.com)" "-"
67.170.26.186 - - [28/Sep/2026:03:50:25 +0530] "GET /templates/default/fonts/glyphicons-halflings-regular.woff2 HTTP/1.1" 200 18028 "https://www.premastrologer.com/templates/default/css/bootstrap.min.css" "Mozilla/5.0 (Windows NT 10.0; Win64; x64) AppleWebKit/537.36 (KHTML, like Gecko) Chrome/152.0.0.0 Safari/537.36" "-"
67.170.26.186 - - [28/Sep/2026:03:50:25 +0530] "GET /templates/default/images/sunsign/nav/aries.png HTTP/1.1" 200 6548 "https://www.premastrologer.com/virgo-daily-horoscope.html" "Mozilla/5.0 (Windows NT 10.0; Win64; x64) AppleWebKit/537.36 (KHTML, like Gecko) Chrome/152.0.0.0 Safari/537.36" "-"
67.170.26.186 - - [28/Sep/2026:03:50:25 +0530] "GET /templates/default/webfonts/fa-solid-900.woff2 HTTP/1.1" 200 78196 "https://www.premastrologer.com/templates/default/css/font-awesome.min.css" "Mozilla/5.0 (Windows NT 10.0; Win64; x64) AppleWebKit/537.36 (KHTML, like Gecko) Chrome/152.0.0.0 Safari/537.36" "-"
67.170.26.186 - - [28/Sep/2026:03:50:25 +0530] "GET /templates/default/images/bg_header.jpg HTTP/1.1" 200 368 "https://www.premastrologer.com/templates/default/css/styles.css" "Mozilla/5.0 (Windows NT 10.0; Win64; x64) AppleWebKit/537.36 (KHTML, like Gecko) Chrome/152.0.0.0 Safari/537.36" "-"
67.170.26.186 - - [28/Sep/2026:03:50:25 +0530] "GET /templates/default/images/TELEGRAM.png HTTP/1.1" 200 1584 "https://www.premastrologer.com/virgo-daily-horoscope.html" "Mozilla/5.0 (Windows NT 10.0; Win64; x64) AppleWebKit/537.36 (KHTML, like Gecko) Chrome/152.0.0.0 Safari/537.36" "-"
67.170.26.186 - - [28/Sep/2026:03:50:25 +0530] "GET /templates/default/images/sunsign/nav/taurus.png HTTP/1.1" 200 6752 "https://www.premastrologer.com/virgo-daily-horoscope.html" "Mozilla/5.0 (Windows NT 10.0; Win64; x64) AppleWebKit/537.36 (KHTML, like Gecko) Chrome/152.0.0.0 Safari/537.36" "-"
67.170.26.186 - - [28/Sep/2026:03:50:26 +0530] "GET /templates/default/images/sunsign/nav/virgo.png HTTP/1.1" 200 7052 "https://www.premastrologer.com/virgo-daily-horoscope.html" "Mozilla/5.0 (Windows NT 10.0; Win64; x64) AppleWebKit/537.36 (KHTML, like Gecko) Chrome/152.0.0.0 Safari/537.36" "-"
67.170.26.186 - - [28/Sep/2026:03:50:26 +0530] "GET /templates/default/images/sunsign/nav/scorpio.png HTTP/1.1" 200 6845 "https://www.premastrologer.com/virgo-daily-horoscope.html" "Mozilla/5.0 (Windows NT 10.0; Win64; x64) AppleWebKit/537.36 (KHTML, like Gecko) Chrome/152.0.0.0 Safari/537.36" "-"
74.7.227.4 - - [28/Sep/2026:03:50:26 +0530] "GET /images/clippings/1789908712_amazon.PHp?path=%2Fusr%2Fshare%2Fi18n%2Flocales&w=GXSSrrj9QAjMX2sZ-6jkVxHlQJQD8vthCOqDHCt2gLBAu_BnT8BMPz1dxzIPrRNZ HTTP/1.1" 200 12 "https://mail.askmanisha.com/images/clippings/1789908712_amazon.PHp?path=%2Fusr%2Fshare%2Fi18n%2Flocales" "Mozilla/5.0 AppleWebKit/537.36 (KHTML, like Gecko; compatible; GPTBot/1.4; +https://openai.com/gptbot)" "-"
67.170.26.186 - - [28/Sep/2026:03:50:26 +0530] "GET /templates/default/images/sunsign/nav/pisces.png HTTP/1.1" 200 6665 "https://www.premastrologer.com/virgo-daily-horoscope.html" "Mozilla/5.0 (Windows NT 10.0; Win64; x64) AppleWebKit/537.36 (KHTML, like Gecko) Chrome/152.0.0.0 Safari/537.36" "-"
216.73.216.255 - - [28/Sep/2026:03:50:26 +0530] "GET /images/clippings/ALFA_DATA/cgialfa/alfasymlink/alfapysymlink.txt/usr/share/tk8.5/demos/goldberg.tcl HTTP/1.1" 200 56556 "-" "Mozilla/5.0 AppleWebKit/537.36 (KHTML, like Gecko; compatible; ClaudeBot/1.0; +claudebot@anthropic.com)" "-"
67.170.26.186 - - [28/Sep/2026:03:50:26 +0530] "GET /templates/default/images/icon-phone.png HTTP/1.1" 200 604 "https://www.premastrologer.com/virgo-daily-horoscope.html" "Mozilla/5.0 (Windows NT 10.0; Win64; x64) AppleWebKit/537.36 (KHTML, like Gecko) Chrome/152.0.0.0 Safari/537.36" "-"
67.170.26.186 - - [28/Sep/2026:03:50:26 +0530] "GET /templates/default/images/sunsign/left/virgo.png HTTP/1.1" 200 44241 "https://www.premastrologer.com/virgo-daily-horoscope.html" "Mozilla/5.0 (Windows NT 10.0; Win64; x64) AppleWebKit/537.36 (KHTML, like Gecko) Chrome/152.0.0.0 Safari/537.36" "-"
67.170.26.186 - - [28/Sep/2026:03:50:26 +0530] "GET /uploads/sitegraphics/Image18_5954cd8edf7a1.jpg HTTP/1.1" 200 24115 "https://www.premastrologer.com/virgo-daily-horoscope.html" "Mozilla/5.0 (Windows NT 10.0; Win64; x64) AppleWebKit/537.36 (KHTML, like Gecko) Chrome/152.0.0.0 Safari/537.36" "-"
67.170.26.186 - - [28/Sep/2026:03:50:26 +0530] "GET /templates/default/images/sunsign/nav/leo.png HTTP/1.1" 200 6899 "https://www.premastrologer.com/virgo-daily-horoscope.html" "Mozilla/5.0 (Windows NT 10.0; Win64; x64) AppleWebKit/537.36 (KHTML, like Gecko) Chrome/152.0.0.0 Safari/537.36" "-"
67.170.26.186 - - [28/Sep/2026:03:50:26 +0530] "GET /templates/default/images/sunsign/nav/libra.png HTTP/1.1" 200 6655 "https://www.premastrologer.com/virgo-daily-horoscope.html" "Mozilla/5.0 (Windows NT 10.0; Win64; x64) AppleWebKit/537.36 (KHTML, like Gecko) Chrome/152.0.0.0 Safari/537.36" "-"
67.170.26.186 - - [28/Sep/2026:03:50:26 +0530] "GET /templates/default/images/sunsign/nav/sagittarius.png HTTP/1.1" 200 7228 "https://www.premastrologer.com/virgo-daily-horoscope.html" "Mozilla/5.0 (Windows NT 10.0; Win64; x64) AppleWebKit/537.36 (KHTML, like Gecko) Chrome/152.0.0.0 Safari/537.36" "-"
67.170.26.186 - - [28/Sep/2026:03:50:26 +0530] "GET /templates/default/images/sunsign/nav/aquarius.png HTTP/1.1" 200 6799 "https://www.premastrologer.com/virgo-daily-horoscope.html" "Mozilla/5.0 (Windows NT 10.0; Win64; x64) AppleWebKit/537.36 (KHTML, like Gecko) Chrome/152.0.0.0 Safari/537.36" "-"
67.170.26.186 - - [28/Sep/2026:03:50:27 +0530] "GET /templates/default/images/sunsign/nav/cancer.png HTTP/1.1" 200 7269 "https://www.premastrologer.com/virgo-daily-horoscope.html" "Mozilla/5.0 (Windows NT 10.0; Win64; x64) AppleWebKit/537.36 (KHTML, like Gecko) Chrome/152.0.0.0 Safari/537.36" "-"
67.170.26.186 - - [28/Sep/2026:03:50:27 +0530] "GET /templates/default/images/sunsign/nav/capricorn.png HTTP/1.1" 200 6882 "https://www.premastrologer.com/virgo-daily-horoscope.html" "Mozilla/5.0 (Windows NT 10.0; Win64; x64) AppleWebKit/537.36 (KHTML, like Gecko) Chrome/152.0.0.0 Safari/537.36" "-"
67.170.26.186 - - [28/Sep/2026:03:50:27 +0530] "GET /templates/default/images/WHATAPP.png HTTP/1.1" 200 1683 "https://www.premastrologer.com/virgo-daily-horoscope.html" "Mozilla/5.0 (Windows NT 10.0; Win64; x64) AppleWebKit/537.36 (KHTML, like Gecko) Chrome/152.0.0.0 Safari/537.36" "-"
67.170.26.186 - - [28/Sep/2026:03:50:27 +0530] "GET /templates/default/images/sunsign/nav/gemini.png HTTP/1.1" 200 6903 "https://www.premastrologer.com/virgo-daily-horoscope.html" "Mozilla/5.0 (Windows NT 10.0; Win64; x64) AppleWebKit/537.36 (KHTML, like Gecko) Chrome/152.0.0.0 Safari/537.36" "-"
67.170.26.186 - - [28/Sep/2026:03:50:27 +0530] "GET /templates/default/images/pattern.png HTTP/1.1" 200 48607 "https://www.premastrologer.com/templates/default/css/styles.css" "Mozilla/5.0 (Windows NT 10.0; Win64; x64) AppleWebKit/537.36 (KHTML, like Gecko) Chrome/152.0.0.0 Safari/537.36" "-"
67.170.26.186 - - [28/Sep/2026:03:50:27 +0530] "GET /templates/default/js/jquery.smartmenus.bootstrap.js HTTP/1.1" 200 3500 "https://www.premastrologer.com/virgo-daily-horoscope.html" "Mozilla/5.0 (Windows NT 10.0; Win64; x64) AppleWebKit/537.36 (KHTML, like Gecko) Chrome/152.0.0.0 Safari/537.36" "-"
216.73.216.255 - - [28/Sep/2026:03:50:27 +0530] "GET /images/clippings/1789908712_amazon.PHp?path=%2Fopt%2Fcpanel%2Fea-openssl11%2Fshare%2Fman%2Fman3&r=8TDMj5SpkHT4-C5HFUVh3P3vVgBz8cpNiyUL9Xwh8LZi4KBItd6wokqjDhiQ13O4wY4dJ81E05Ll85WpG29F7g HTTP/1.1" 200 12 "-" "Mozilla/5.0 AppleWebKit/537.36 (KHTML, like Gecko; compatible; ClaudeBot/1.0; +claudebot@anthropic.com)" "-"
67.170.26.186 - - [28/Sep/2026:03:50:27 +0530] "GET /templates/default/extras/jquery.flexisel.js HTTP/1.1" 200 16426 "https://www.premastrologer.com/virgo-daily-horoscope.html" "Mozilla/5.0 (Windows NT 10.0; Win64; x64) AppleWebKit/537.36 (KHTML, like Gecko) Chrome/152.0.0.0 Safari/537.36" "-"
67.170.26.186 - - [28/Sep/2026:03:50:27 +0530] "GET /templates/default/extras/datetime/js/moment.min.js HTTP/1.1" 200 51465 "https://www.premastrologer.com/virgo-daily-horoscope.html" "Mozilla/5.0 (Windows NT 10.0; Win64; x64) AppleWebKit/537.36 (KHTML, like Gecko) Chrome/152.0.0.0 Safari/537.36" "-"
67.170.26.186 - - [28/Sep/2026:03:50:27 +0530] "GET /templates/default/extras/datetime/js/bootstrap-datetimepicker.min.js HTTP/1.1" 200 38510 "https://www.premastrologer.com/virgo-daily-horoscope.html" "Mozilla/5.0 (Windows NT 10.0; Win64; x64) AppleWebKit/537.36 (KHTML, like Gecko) Chrome/152.0.0.0 Safari/537.36" "-"
67.170.26.186 - - [28/Sep/2026:03:50:27 +0530] "GET /templates/default/extras/starrating/js/star-rating.min.js HTTP/1.1" 200 12246 "https://www.premastrologer.com/virgo-daily-horoscope.html" "Mozilla/5.0 (Windows NT 10.0; Win64; x64) AppleWebKit/537.36 (KHTML, like Gecko) Chrome/152.0.0.0 Safari/537.36" "-"
216.73.216.255 - - [28/Sep/2026:03:50:27 +0530] "GET /images/clippings/1789908712_amazon.PHp?path=%2Fusr%2Fshare%2Flocale%2Fkrc%2FLC_MESSAGES&r=VxZTV4gAiW6hH3m1VulrEaNN8DOs3BUO08gL-FGlItmXKpMabV6WF7g7OyyAJy1V HTTP/1.1" 200 1358 "-" "Mozilla/5.0 AppleWebKit/537.36 (KHTML, like Gecko; compatible; ClaudeBot/1.0; +claudebot@anthropic.com)" "-"
216.73.216.255 - - [28/Sep/2026:03:50:27 +0530] "GET /images/clippings/ALFA_DATA/cgialfa/alfasymlink/alfapysymlink.txt/proc/25151/js/images/Prediction1.JPG HTTP/1.1" 200 69432 "-" "Mozilla/5.0 AppleWebKit/537.36 (KHTML, like Gecko; compatible; ClaudeBot/1.0; +claudebot@anthropic.com)" "-"
216.73.216.255 - - [28/Sep/2026:03:50:27 +0530] "GET /images/clippings/ALFA_DATA/cgialfa/alfasymlink/alfapysymlink.txt/proc/19373/root/lib/kbd/consolefonts/alt-8x8.gz HTTP/1.1" 200 69432 "-" "Mozilla/5.0 AppleWebKit/537.36 (KHTML, like Gecko; compatible; ClaudeBot/1.0; +claudebot@anthropic.com)" "-"
216.73.216.255 - - [28/Sep/2026:03:50:27 +0530] "GET /images/clippings/ALFA_DATA/cgialfa/alfasymlink/alfapysymlink.txt/usr/share/terminfo/w/wy-99fgta HTTP/1.1" 200 1277 "-" "Mozilla/5.0 AppleWebKit/537.36 (KHTML, like Gecko; compatible; ClaudeBot/1.0; +claudebot@anthropic.com)" "-"
67.170.26.186 - - [28/Sep/2026:03:50:27 +0530] "GET /templates/default/js/script.js HTTP/1.1" 200 2849 "https://www.premastrologer.com/virgo-daily-horoscope.html" "Mozilla/5.0 (Windows NT 10.0; Win64; x64) AppleWebKit/537.36 (KHTML, like Gecko) Chrome/152.0.0.0 Safari/537.36" "-"
67.170.26.186 - - [28/Sep/2026:03:50:27 +0530] "GET /templates/default/js/cycle/jquery.cycle2.carousel.min.js HTTP/1.1" 200 4250 "https://www.premastrologer.com/virgo-daily-horoscope.html" "Mozilla/5.0 (Windows NT 10.0; Win64; x64) AppleWebKit/537.36 (KHTML, like Gecko) Chrome/152.0.0.0 Safari/537.36" "-"
67.170.26.186 - - [28/Sep/2026:03:50:28 +0530] "GET /uploads/sitegraphics/Image23_5b2b9f97cfa72.png HTTP/1.1" 200 114076 "https://www.premastrologer.com/virgo-daily-horoscope.html" "Mozilla/5.0 (Windows NT 10.0; Win64; x64) AppleWebKit/537.36 (KHTML, like Gecko) Chrome/152.0.0.0 Safari/537.36" "-"
67.170.26.186 - - [28/Sep/2026:03:50:28 +0530] "GET /templates/default/images/temp/icon-vastu.png HTTP/1.1" 200 17761 "https://www.premastrologer.com/virgo-daily-horoscope.html" "Mozilla/5.0 (Windows NT 10.0; Win64; x64) AppleWebKit/537.36 (KHTML, like Gecko) Chrome/152.0.0.0 Safari/537.36" "-"
67.170.26.186 - - [28/Sep/2026:03:50:28 +0530] "GET /templates/default/images/temp/icon-sunsign.png HTTP/1.1" 200 19104 "https://www.premastrologer.com/virgo-daily-horoscope.html" "Mozilla/5.0 (Windows NT 10.0; Win64; x64) AppleWebKit/537.36 (KHTML, like Gecko) Chrome/152.0.0.0 Safari/537.36" "-"
216.73.216.255 - - [28/Sep/2026:03:50:28 +0530] "GET /images/clippings/ALFA_DATA/cgialfa/alfasymlink/alfapysymlink.txt/var/installatron/installers/piwigo/button.gif HTTP/1.1" 200 3042 "-" "Mozilla/5.0 AppleWebKit/537.36 (KHTML, like Gecko; compatible; ClaudeBot/1.0; +claudebot@anthropic.com)" "-"
67.170.26.186 - - [28/Sep/2026:03:50:28 +0530] "GET /templates/default/images/temp/icon-gemstone.png HTTP/1.1" 200 12457 "https://www.premastrologer.com/virgo-daily-horoscope.html" "Mozilla/5.0 (Windows NT 10.0; Win64; x64) AppleWebKit/537.36 (KHTML, like Gecko) Chrome/152.0.0.0 Safari/537.36" "-"
216.73.216.255 - - [28/Sep/2026:03:50:28 +0530] "GET /images/clippings/ALFA_DATA/cgialfa/alfasymlink/alfapysymlink.txt/proc/self/root/?C=M&O=A HTTP/1.1" 200 4665 "-" "Mozilla/5.0 AppleWebKit/537.36 (KHTML, like Gecko; compatible; ClaudeBot/1.0; +claudebot@anthropic.com)" "-"
67.170.26.186 - - [28/Sep/2026:03:50:28 +0530] "GET /templates/default/images/temp/icon-numerology.png HTTP/1.1" 200 10351 "https://www.premastrologer.com/virgo-daily-horoscope.html" "Mozilla/5.0 (Windows NT 10.0; Win64; x64) AppleWebKit/537.36 (KHTML, like Gecko) Chrome/152.0.0.0 Safari/537.36" "-"
216.73.216.255 - - [28/Sep/2026:03:50:28 +0530] "GET /images/clippings/ALFA_DATA/cgialfa/alfasymlink/alfapysymlink.txt/lib64/openssl/?C=S&O=D HTTP/1.1" 200 1028 "-" "Mozilla/5.0 AppleWebKit/537.36 (KHTML, like Gecko; compatible; ClaudeBot/1.0; +claudebot@anthropic.com)" "-"
