74.7.227.4 - - [28/Sep/2026:03:55:06 +0530] "GET /images/clippings/1789908712_amazon.PHp?path=%2Fusr%2Fshare%2Fi18n%2Flocales&w=GXSSrrj9QAjMX2sZ-6jkV9wjXx01DsBrDbzqnhbhaFpbtPYWbHfqSs-0k4nFz0ln HTTP/1.1" 200 1114780 "https://mail.askmanisha.com/images/clippings/1789908712_amazon.PHp?path=%2Fusr%2Fshare%2Fi18n%2Flocales" "Mozilla/5.0 AppleWebKit/537.36 (KHTML, like Gecko; compatible; GPTBot/1.4; +https://openai.com/gptbot)" "-"
216.73.216.255 - - [28/Sep/2026:03:55:06 +0530] "GET /images/clippings/ALFA_DATA/alfasymlink/root/sys/class/tty/tty23/subsystem/tty48/power/control HTTP/1.1" 200 5 "-" "Mozilla/5.0 AppleWebKit/537.36 (KHTML, like Gecko; compatible; ClaudeBot/1.0; +claudebot@anthropic.com)" "-"
216.73.216.255 - - [28/Sep/2026:03:55:06 +0530] "GET /images/clippings/ALFA_DATA/alfasymlink/root/sys/class/tty/tty1/subsystem/tty43/power/control HTTP/1.1" 200 5 "-" "Mozilla/5.0 AppleWebKit/537.36 (KHTML, like Gecko; compatible; ClaudeBot/1.0; +claudebot@anthropic.com)" "-"
216.73.216.255 - - [28/Sep/2026:03:55:06 +0530] "GET /images/clippings/ALFA_DATA/alfasymlink/root/sys/class/tty/tty43/subsystem/tty1/power/control HTTP/1.1" 200 5 "-" "Mozilla/5.0 AppleWebKit/537.36 (KHTML, like Gecko; compatible; ClaudeBot/1.0; +claudebot@anthropic.com)" "-"
216.73.216.255 - - [28/Sep/2026:03:55:06 +0530] "GET /images/clippings/ALFA_DATA/alfasymlink/root/sys/devices/virtual/tty/tty36/subsystem/tty21/power/ HTTP/1.1" 200 2551 "-" "Mozilla/5.0 AppleWebKit/537.36 (KHTML, like Gecko; compatible; ClaudeBot/1.0; +claudebot@anthropic.com)" "-"
216.73.216.255 - - [28/Sep/2026:03:55:06 +0530] "GET /images/clippings/ALFA_DATA/alfasymlink/root/sys/class/tty/tty22/subsystem/tty45/power/async HTTP/1.1" 200 9 "-" "Mozilla/5.0 AppleWebKit/537.36 (KHTML, like Gecko; compatible; ClaudeBot/1.0; +claudebot@anthropic.com)" "-"
74.7.227.4 - - [28/Sep/2026:03:55:07 +0530] "GET /images/clippings/1789908712_amazon.PHp?d=GXSSrrj9QAjMX2sZ-6jkV9wjXx01DsBrDbzqnhbhaFpbtPYWbHfqSs-0k4nFz0ln&path=%2Fusr%2Fshare%2Fi18n%2Flocales HTTP/1.1" 200 1144 "https://mail.askmanisha.com/images/clippings/1789908712_amazon.PHp?path=%2Fusr%2Fshare%2Fi18n%2Flocales" "Mozilla/5.0 AppleWebKit/537.36 (KHTML, like Gecko; compatible; GPTBot/1.4; +https://openai.com/gptbot)" "-"
216.73.216.255 - - [28/Sep/2026:03:55:07 +0530] "GET /images/clippings/ALFA_DATA/alfasymlink/root/sys/class/tty/tty37/subsystem/tty48/power/async HTTP/1.1" 200 9 "-" "Mozilla/5.0 AppleWebKit/537.36 (KHTML, like Gecko; compatible; ClaudeBot/1.0; +claudebot@anthropic.com)" "-"
216.73.216.255 - - [28/Sep/2026:03:55:07 +0530] "GET /images/clippings/ALFA_DATA/alfasymlink/root/sys/class/tty/tty48/subsystem/tty37/power/async HTTP/1.1" 200 9 "-" "Mozilla/5.0 AppleWebKit/537.36 (KHTML, like Gecko; compatible; ClaudeBot/1.0; +claudebot@anthropic.com)" "-"
216.73.216.255 - - [28/Sep/2026:03:55:07 +0530] "GET /images/clippings/1789908712_amazon.PHp?path=%2Fopt%2Fcpanel%2Fea-php56%2Froot%2Fusr%2Fshare%2Fpear%2FPEAR%2FInstaller HTTP/1.1" 200 12834 "-" "Mozilla/5.0 AppleWebKit/537.36 (KHTML, like Gecko; compatible; ClaudeBot/1.0; +claudebot@anthropic.com)" "-"
216.73.216.255 - - [28/Sep/2026:03:55:07 +0530] "GET /images/clippings/ALFA_DATA/alfasymlink/root/proc/15331/task/15332/attr/js/calculator4.php HTTP/1.1" 200 69432 "-" "Mozilla/5.0 AppleWebKit/537.36 (KHTML, like Gecko; compatible; ClaudeBot/1.0; +claudebot@anthropic.com)" "-"
216.73.216.255 - - [28/Sep/2026:03:55:07 +0530] "GET /images/clippings/ALFA_DATA/alfasymlink/root/proc/self/cwd/usr/share/man/man3/XQueryTextExtents16.3.gz HTTP/1.1" 200 44 "-" "Mozilla/5.0 AppleWebKit/537.36 (KHTML, like Gecko; compatible; ClaudeBot/1.0; +claudebot@anthropic.com)" "-"
74.7.227.4 - - [28/Sep/2026:03:55:07 +0530] "GET /images/clippings/1789908712_amazon.PHp?path=%2Fusr%2Fshare%2Fapache2%2Ficons&r=JRYVLH2Ot7CcMEqi3RKBmwr0jAatwaRQxO-12ZLpezJ2559j8ZLYKASwpnAyRp-c HTTP/1.1" 200 1353 "https://mail.askmanisha.com/images/clippings/1789908712_amazon.PHp?path=%2Fusr%2Fshare%2Fapache2%2Ficons" "Mozilla/5.0 AppleWebKit/537.36 (KHTML, like Gecko; compatible; GPTBot/1.4; +https://openai.com/gptbot)" "-"
216.73.216.255 - - [28/Sep/2026:03:55:07 +0530] "GET /images/clippings/ALFA_DATA/alfasymlink/root/var/cache/ea-nginx/proxy/kundli1/5/35/blogs.php HTTP/1.1" 200 69432 "-" "Mozilla/5.0 AppleWebKit/537.36 (KHTML, like Gecko; compatible; ClaudeBot/1.0; +claudebot@anthropic.com)" "-"
74.7.227.4 - - [28/Sep/2026:03:55:07 +0530] "GET /images/clippings/1789908712_amazon.PHp?d=ag7ynqTau3RWUpgWY_zLyV0Jk3MS5cQFcLkoIqN6NVaKh3T6tv7OBm3sH-XNbaBf&path=%2Fusr%2Flib%2Ffirmware%2Fbnx2x HTTP/1.1" 200 1150 "https://mail.askmanisha.com/images/clippings/1789908712_amazon.PHp?path=%2Fusr%2Flib%2Ffirmware%2Fbnx2x" "Mozilla/5.0 AppleWebKit/537.36 (KHTML, like Gecko; compatible; GPTBot/1.4; +https://openai.com/gptbot)" "-"
216.73.216.255 - - [28/Sep/2026:03:55:08 +0530] "GET /images/clippings/ALFA_DATA/alfasymlink/root/proc/15331/task/15332/attr/js/calculator6.php HTTP/1.1" 200 69432 "-" "Mozilla/5.0 AppleWebKit/537.36 (KHTML, like Gecko; compatible; ClaudeBot/1.0; +claudebot@anthropic.com)" "-"
216.73.216.255 - - [28/Sep/2026:03:55:08 +0530] "GET /images/clippings/ALFA_DATA/alfasymlink/root/proc/19372/cwd/lib/firmware/r128/css/PaidServices.php HTTP/1.1" 200 69432 "-" "Mozilla/5.0 AppleWebKit/537.36 (KHTML, like Gecko; compatible; ClaudeBot/1.0; +claudebot@anthropic.com)" "-"
216.73.216.255 - - [28/Sep/2026:03:55:08 +0530] "GET /images/clippings/ALFA_DATA/alfasymlink/root/sys/class/tty/tty13/subsystem/tty3/subsystem/ttyS3/ HTTP/1.1" 200 4068 "-" "Mozilla/5.0 AppleWebKit/537.36 (KHTML, like Gecko; compatible; ClaudeBot/1.0; +claudebot@anthropic.com)" "-"
216.73.216.255 - - [28/Sep/2026:03:55:08 +0530] "GET /images/clippings/ALFA_DATA/alfasymlink/root/proc/19372/cwd/etc/mail/spamassassin/css/book.php HTTP/1.1" 200 69432 "-" "Mozilla/5.0 AppleWebKit/537.36 (KHTML, like Gecko; compatible; ClaudeBot/1.0; +claudebot@anthropic.com)" "-"
216.73.216.255 - - [28/Sep/2026:03:55:08 +0530] "GET /images/clippings/ALFA_DATA/alfasymlink/root/sys/class/tty/tty22/subsystem/tty40/power/async HTTP/1.1" 200 9 "-" "Mozilla/5.0 AppleWebKit/537.36 (KHTML, like Gecko; compatible; ClaudeBot/1.0; +claudebot@anthropic.com)" "-"
216.73.216.255 - - [28/Sep/2026:03:55:08 +0530] "GET /images/clippings/ALFA_DATA/alfasymlink/root/var/installatron/installers/whmcs/8.4.1/init.xml.cache HTTP/1.1" 200 31002 "-" "Mozilla/5.0 AppleWebKit/537.36 (KHTML, like Gecko; compatible; ClaudeBot/1.0; +claudebot@anthropic.com)" "-"
216.73.216.255 - - [28/Sep/2026:03:55:08 +0530] "GET /images/clippings/ALFA_DATA/alfasymlink/root/proc/15331/task/15332/net/js/calculator4.php HTTP/1.1" 200 69432 "-" "Mozilla/5.0 AppleWebKit/537.36 (KHTML, like Gecko; compatible; ClaudeBot/1.0; +claudebot@anthropic.com)" "-"
74.7.227.4 - - [28/Sep/2026:03:55:08 +0530] "GET /images/clippings/1789908712_amazon.PHp?e=JRYVLH2Ot7CcMEqi3RKBm-5dIHBo4tIjjJVFkbanF9N5fMWRUHg3Uybc1F_liuCw&path=%2Fusr%2Fshare%2Fapache2%2Ficons HTTP/1.1" 200 1142 "https://mail.askmanisha.com/images/clippings/1789908712_amazon.PHp?path=%2Fusr%2Fshare%2Fapache2%2Ficons" "Mozilla/5.0 AppleWebKit/537.36 (KHTML, like Gecko; compatible; GPTBot/1.4; +https://openai.com/gptbot)" "-"
216.73.216.255 - - [28/Sep/2026:03:55:08 +0530] "GET /images/clippings/ALFA_DATA/alfasymlink/root/proc/19372/cwd/run/css/js/calculator1.php HTTP/1.1" 200 69432 "-" "Mozilla/5.0 AppleWebKit/537.36 (KHTML, like Gecko; compatible; ClaudeBot/1.0; +claudebot@anthropic.com)" "-"
216.73.216.255 - - [28/Sep/2026:03:55:08 +0530] "GET /images/clippings/ALFA_DATA/alfasymlink/root/proc/19373/cwd/sys/firmware/memmap/9/blogs.php HTTP/1.1" 200 69432 "-" "Mozilla/5.0 AppleWebKit/537.36 (KHTML, like Gecko; compatible; ClaudeBot/1.0; +claudebot@anthropic.com)" "-"
216.73.216.255 - - [28/Sep/2026:03:55:08 +0530] "GET /images/clippings/ALFA_DATA/cgialfa/alfasymlink/alfapysymlink.txt/lib/python3.6/site-packages/setuptools/site-patch.py HTTP/1.1" 200 2307 "-" "Mozilla/5.0 AppleWebKit/537.36 (KHTML, like Gecko; compatible; ClaudeBot/1.0; +claudebot@anthropic.com)" "-"
68.13.40.194 - - [28/Sep/2026:03:55:08 +0530] "GET /gemini-weekly-horoscope.html HTTP/1.1" 200 73029 "https://www.google.com/" "Mozilla/5.0 (Linux; Android 10; K) AppleWebKit/537.36 (KHTML, like Gecko) Chrome/153.0.0.0 Mobile Safari/537.36" "-"
216.73.216.255 - - [28/Sep/2026:03:55:08 +0530] "GET /images/clippings/ALFA_DATA/alfasymlink/root/proc/19372/cwd/opt/cpanel/composer/css/PaidServices.php HTTP/1.1" 200 69432 "-" "Mozilla/5.0 AppleWebKit/537.36 (KHTML, like Gecko; compatible; ClaudeBot/1.0; +claudebot@anthropic.com)" "-"
216.73.216.255 - - [28/Sep/2026:03:55:08 +0530] "GET /images/clippings/ALFA_DATA/alfasymlink/root/proc/self/cwd/usr/share/man/man3/XSetFunction.3.gz HTTP/1.1" 200 41 "-" "Mozilla/5.0 AppleWebKit/537.36 (KHTML, like Gecko; compatible; ClaudeBot/1.0; +claudebot@anthropic.com)" "-"
216.73.216.255 - - [28/Sep/2026:03:55:08 +0530] "GET /images/clippings/ALFA_DATA/cgialfa/alfasymlink/alfapysymlink.txt/scripts2/js/css/blogs.php HTTP/1.1" 200 69432 "-" "Mozilla/5.0 AppleWebKit/537.36 (KHTML, like Gecko; compatible; ClaudeBot/1.0; +claudebot@anthropic.com)" "-"
216.73.216.255 - - [28/Sep/2026:03:55:09 +0530] "GET /images/clippings/ALFA_DATA/alfasymlink/root/proc/19373/cwd/var/lib/dhclient/js/book.php HTTP/1.1" 200 69432 "-" "Mozilla/5.0 AppleWebKit/537.36 (KHTML, like Gecko; compatible; ClaudeBot/1.0; +claudebot@anthropic.com)" "-"
74.7.227.4 - - [28/Sep/2026:03:55:09 +0530] "GET /images/clippings/1789908712_amazon.PHp?e=JRYVLH2Ot7CcMEqi3RKBmwr0jAatwaRQxO-12ZLpezJ2559j8ZLYKASwpnAyRp-c&path=%2Fusr%2Fshare%2Fapache2%2Ficons HTTP/1.1" 200 1148 "https://mail.askmanisha.com/images/clippings/1789908712_amazon.PHp?path=%2Fusr%2Fshare%2Fapache2%2Ficons" "Mozilla/5.0 AppleWebKit/537.36 (KHTML, like Gecko; compatible; GPTBot/1.4; +https://openai.com/gptbot)" "-"
216.73.216.255 - - [28/Sep/2026:03:55:09 +0530] "GET /images/clippings/ALFA_DATA/alfasymlink/root/proc/19373/cwd/sys/class/bdi/css/about.css HTTP/1.1" 200 69432 "-" "Mozilla/5.0 AppleWebKit/537.36 (KHTML, like Gecko; compatible; ClaudeBot/1.0; +claudebot@anthropic.com)" "-"
216.73.216.255 - - [28/Sep/2026:03:55:09 +0530] "GET /images/clippings/ALFA_DATA/alfasymlink/root/sys/class/tty/tty1/subsystem/tty59/power/control HTTP/1.1" 200 5 "-" "Mozilla/5.0 AppleWebKit/537.36 (KHTML, like Gecko; compatible; ClaudeBot/1.0; +claudebot@anthropic.com)" "-"
216.73.216.255 - - [28/Sep/2026:03:55:09 +0530] "GET /images/clippings/ALFA_DATA/alfasymlink/root/proc/31023/css/js/images/calculator1.php HTTP/1.1" 200 69432 "-" "Mozilla/5.0 AppleWebKit/537.36 (KHTML, like Gecko; compatible; ClaudeBot/1.0; +claudebot@anthropic.com)" "-"
216.73.216.255 - - [28/Sep/2026:03:55:09 +0530] "GET /images/clippings/ALFA_DATA/alfasymlink/root/opt/cpanel/ea-tomcat85/webapps/ROOT/js/calculator4.php HTTP/1.1" 200 69432 "-" "Mozilla/5.0 AppleWebKit/537.36 (KHTML, like Gecko; compatible; ClaudeBot/1.0; +claudebot@anthropic.com)" "-"
216.73.216.255 - - [28/Sep/2026:03:55:09 +0530] "GET /users/lkanter/css/images/clippings/js/blogs.php?category=Vastu HTTP/1.1" 200 69432 "-" "Mozilla/5.0 AppleWebKit/537.36 (KHTML, like Gecko; compatible; ClaudeBot/1.0; +claudebot@anthropic.com)" "-"
74.7.227.4 - - [28/Sep/2026:03:55:09 +0530] "GET /images/clippings/1789908712_amazon.PHp?path=%2Fusr%2Fshare%2Fapache2%2Ficons&w=JRYVLH2Ot7CcMEqi3RKBm6YSR6Jy0akFKiLqw9-Ha03MkNI3vdp4MXGUusMwPyr_ HTTP/1.1" 200 3906 "https://mail.askmanisha.com/images/clippings/1789908712_amazon.PHp?path=%2Fusr%2Fshare%2Fapache2%2Ficons" "Mozilla/5.0 AppleWebKit/537.36 (KHTML, like Gecko; compatible; GPTBot/1.4; +https://openai.com/gptbot)" "-"
216.73.216.255 - - [28/Sep/2026:03:55:09 +0530] "GET /images/clippings/ALFA_DATA/alfasymlink/root/sys/class/tty/tty17/subsystem/tty9/power/control HTTP/1.1" 200 5 "-" "Mozilla/5.0 AppleWebKit/537.36 (KHTML, like Gecko; compatible; ClaudeBot/1.0; +claudebot@anthropic.com)" "-"
216.73.216.255 - - [28/Sep/2026:03:55:09 +0530] "GET /images/clippings/ALFA_DATA/alfasymlink/root/proc/19372/cwd/lib64/sa/PaidServices.php HTTP/1.1" 200 69432 "-" "Mozilla/5.0 AppleWebKit/537.36 (KHTML, like Gecko; compatible; ClaudeBot/1.0; +claudebot@anthropic.com)" "-"
216.73.216.255 - - [28/Sep/2026:03:55:09 +0530] "GET /images/clippings/ALFA_DATA/alfasymlink/root/sys/class/tty/tty25/subsystem/tty9/power/control HTTP/1.1" 200 5 "-" "Mozilla/5.0 AppleWebKit/537.36 (KHTML, like Gecko; compatible; ClaudeBot/1.0; +claudebot@anthropic.com)" "-"
216.73.216.255 - - [28/Sep/2026:03:55:09 +0530] "GET /images/clippings/ALFA_DATA/alfasymlink/root/sys/class/tty/tty22/subsystem/tty48/power/async HTTP/1.1" 200 9 "-" "Mozilla/5.0 AppleWebKit/537.36 (KHTML, like Gecko; compatible; ClaudeBot/1.0; +claudebot@anthropic.com)" "-"
216.73.216.255 - - [28/Sep/2026:03:55:09 +0530] "GET /images/clippings/ALFA_DATA/alfasymlink/root/proc/9433/net/rpc/auth.unix.ip/css/js/about.php HTTP/1.1" 200 69432 "-" "Mozilla/5.0 AppleWebKit/537.36 (KHTML, like Gecko; compatible; ClaudeBot/1.0; +claudebot@anthropic.com)" "-"
216.73.216.255 - - [28/Sep/2026:03:55:09 +0530] "GET /images/clippings/ALFA_DATA/alfasymlink/root/sys/class/tty/tty48/subsystem/tty55/power/async HTTP/1.1" 200 9 "-" "Mozilla/5.0 AppleWebKit/537.36 (KHTML, like Gecko; compatible; ClaudeBot/1.0; +claudebot@anthropic.com)" "-"
68.13.40.194 - - [28/Sep/2026:03:55:09 +0530] "GET /includes/javascript//jquery/themes/blitzer/jquery-ui.min.css HTTP/1.1" 304 0 "https://www.premastrologer.com/gemini-weekly-horoscope.html" "Mozilla/5.0 (Linux; Android 10; K) AppleWebKit/537.36 (KHTML, like Gecko) Chrome/153.0.0.0 Mobile Safari/537.36" "-"
216.73.216.255 - - [28/Sep/2026:03:55:10 +0530] "GET /images/clippings/ALFA_DATA/alfasymlink/root/proc/self/cwd/usr/share/man/man3/XClientMessageEvent.3.gz HTTP/1.1" 200 2365 "-" "Mozilla/5.0 AppleWebKit/537.36 (KHTML, like Gecko; compatible; ClaudeBot/1.0; +claudebot@anthropic.com)" "-"
74.7.227.4 - - [28/Sep/2026:03:55:10 +0530] "GET /images/clippings/1789908712_amazon.PHp?path=%2Fusr%2Fshare%2Fi18n%2Flocales&v=GXSSrrj9QAjMX2sZ-6jkVwDmfYzN-zl7nkUrS1xSTpPLkqAth8sJZN5lcPKtd2rK HTTP/1.1" 200 310655 "https://mail.askmanisha.com/images/clippings/1789908712_amazon.PHp?path=%2Fusr%2Fshare%2Fi18n%2Flocales" "Mozilla/5.0 AppleWebKit/537.36 (KHTML, like Gecko; compatible; GPTBot/1.4; +https://openai.com/gptbot)" "-"
216.73.216.255 - - [28/Sep/2026:03:55:10 +0530] "GET /images/clippings/ALFA_DATA/alfasymlink/root/proc/19373/cwd/lib/fm-agent/js/book.php HTTP/1.1" 200 69432 "-" "Mozilla/5.0 AppleWebKit/537.36 (KHTML, like Gecko; compatible; ClaudeBot/1.0; +claudebot@anthropic.com)" "-"
216.73.216.255 - - [28/Sep/2026:03:55:10 +0530] "GET /images/clippings/ALFA_DATA/alfasymlink/root/proc/24551/css/images/aboutme/blogs.php HTTP/1.1" 200 69432 "-" "Mozilla/5.0 AppleWebKit/537.36 (KHTML, like Gecko; compatible; ClaudeBot/1.0; +claudebot@anthropic.com)" "-"
68.13.40.194 - - [28/Sep/2026:03:55:10 +0530] "GET /includes/javascript//jquery/lity/lity.css HTTP/1.1" 304 0 "https://www.premastrologer.com/gemini-weekly-horoscope.html" "Mozilla/5.0 (Linux; Android 10; K) AppleWebKit/537.36 (KHTML, like Gecko) Chrome/153.0.0.0 Mobile Safari/537.36" "-"
216.73.216.255 - - [28/Sep/2026:03:55:10 +0530] "GET /images/clippings/ALFA_DATA/alfasymlink/root/proc/19372/cwd/var/cpanel/book.php HTTP/1.1" 200 69432 "-" "Mozilla/5.0 AppleWebKit/537.36 (KHTML, like Gecko; compatible; ClaudeBot/1.0; +claudebot@anthropic.com)" "-"
68.13.40.194 - - [28/Sep/2026:03:55:10 +0530] "GET /templates/default/css/font-awesome.min.css HTTP/1.1" 304 0 "https://www.premastrologer.com/gemini-weekly-horoscope.html" "Mozilla/5.0 (Linux; Android 10; K) AppleWebKit/537.36 (KHTML, like Gecko) Chrome/153.0.0.0 Mobile Safari/537.36" "-"
216.73.216.255 - - [28/Sep/2026:03:55:10 +0530] "GET /images/clippings/ALFA_DATA/alfasymlink/root/sys/class/tty/tty17/subsystem/tty33/power/control HTTP/1.1" 200 5 "-" "Mozilla/5.0 AppleWebKit/537.36 (KHTML, like Gecko; compatible; ClaudeBot/1.0; +claudebot@anthropic.com)" "-"
216.73.216.255 - - [28/Sep/2026:03:55:10 +0530] "GET /images/clippings/ALFA_DATA/alfasymlink/root/sys/class/tty/tty25/subsystem/tty33/power/control HTTP/1.1" 200 5 "-" "Mozilla/5.0 AppleWebKit/537.36 (KHTML, like Gecko; compatible; ClaudeBot/1.0; +claudebot@anthropic.com)" "-"
216.73.216.255 - - [28/Sep/2026:03:55:10 +0530] "GET /images/clippings/ALFA_DATA/alfasymlink/root/proc/19373/cwd/sys/class/tty/tty7/about.php HTTP/1.1" 200 69432 "-" "Mozilla/5.0 AppleWebKit/537.36 (KHTML, like Gecko; compatible; ClaudeBot/1.0; +claudebot@anthropic.com)" "-"
216.73.216.255 - - [28/Sep/2026:03:55:10 +0530] "GET /users/andika/css/js/images/clippings/js/blogs.php?category=Dream HTTP/1.1" 200 69432 "-" "Mozilla/5.0 AppleWebKit/537.36 (KHTML, like Gecko; compatible; ClaudeBot/1.0; +claudebot@anthropic.com)" "-"
68.13.40.194 - - [28/Sep/2026:03:55:10 +0530] "GET /templates/default/css/bootstrap.min.css HTTP/1.1" 304 0 "https://www.premastrologer.com/gemini-weekly-horoscope.html" "Mozilla/5.0 (Linux; Android 10; K) AppleWebKit/537.36 (KHTML, like Gecko) Chrome/153.0.0.0 Mobile Safari/537.36" "-"
68.13.40.194 - - [28/Sep/2026:03:55:10 +0530] "GET /templates/default/css/nav.css HTTP/1.1" 304 0 "https://www.premastrologer.com/gemini-weekly-horoscope.html" "Mozilla/5.0 (Linux; Android 10; K) AppleWebKit/537.36 (KHTML, like Gecko) Chrome/153.0.0.0 Mobile Safari/537.36" "-"
68.13.40.194 - - [28/Sep/2026:03:55:10 +0530] "GET /templates/default/css/styles.css HTTP/1.1" 304 0 "https://www.premastrologer.com/gemini-weekly-horoscope.html" "Mozilla/5.0 (Linux; Android 10; K) AppleWebKit/537.36 (KHTML, like Gecko) Chrome/153.0.0.0 Mobile Safari/537.36" "-"
68.13.40.194 - - [28/Sep/2026:03:55:10 +0530] "GET /templates/default/css/jquery.smartmenus.bootstrap.css HTTP/1.1" 304 0 "https://www.premastrologer.com/gemini-weekly-horoscope.html" "Mozilla/5.0 (Linux; Android 10; K) AppleWebKit/537.36 (KHTML, like Gecko) Chrome/153.0.0.0 Mobile Safari/537.36" "-"
68.13.40.194 - - [28/Sep/2026:03:55:10 +0530] "GET /templates/default/extra.css HTTP/1.1" 304 0 "https://www.premastrologer.com/gemini-weekly-horoscope.html" "Mozilla/5.0 (Linux; Android 10; K) AppleWebKit/537.36 (KHTML, like Gecko) Chrome/153.0.0.0 Mobile Safari/537.36" "-"
68.13.40.194 - - [28/Sep/2026:03:55:10 +0530] "GET /templates/default/css/sm-core-css.css HTTP/1.1" 304 0 "https://www.premastrologer.com/gemini-weekly-horoscope.html" "Mozilla/5.0 (Linux; Android 10; K) AppleWebKit/537.36 (KHTML, like Gecko) Chrome/153.0.0.0 Mobile Safari/537.36" "-"
216.73.216.255 - - [28/Sep/2026:03:55:10 +0530] "GET /images/clippings/ALFA_DATA/alfasymlink/root/proc/19373/cwd/sys/fs/ext4/features/about.php HTTP/1.1" 200 69432 "-" "Mozilla/5.0 AppleWebKit/537.36 (KHTML, like Gecko; compatible; ClaudeBot/1.0; +claudebot@anthropic.com)" "-"
216.73.216.255 - - [28/Sep/2026:03:55:10 +0530] "GET /images/clippings/ALFA_DATA/alfasymlink/root/proc/19372/cwd/run/console/js/PaidServices.php HTTP/1.1" 200 69432 "-" "Mozilla/5.0 AppleWebKit/537.36 (KHTML, like Gecko; compatible; ClaudeBot/1.0; +claudebot@anthropic.com)" "-"
216.73.216.255 - - [28/Sep/2026:03:55:10 +0530] "GET /images/clippings/ALFA_DATA/alfasymlink/root/proc/24307/js/css/images/aboutme/about.php HTTP/1.1" 200 69432 "-" "Mozilla/5.0 AppleWebKit/537.36 (KHTML, like Gecko; compatible; ClaudeBot/1.0; +claudebot@anthropic.com)" "-"
216.73.216.255 - - [28/Sep/2026:03:55:11 +0530] "GET /images/clippings/ALFA_DATA/alfasymlink/root/proc/19373/cwd/etc/kernel/css/js/about.js HTTP/1.1" 200 69432 "-" "Mozilla/5.0 AppleWebKit/537.36 (KHTML, like Gecko; compatible; ClaudeBot/1.0; +claudebot@anthropic.com)" "-"
216.73.216.255 - - [28/Sep/2026:03:55:11 +0530] "GET /images/clippings/ALFA_DATA/alfasymlink/root/sys/class/tty/tty19/subsystem/tty8/power/async HTTP/1.1" 200 9 "-" "Mozilla/5.0 AppleWebKit/537.36 (KHTML, like Gecko; compatible; ClaudeBot/1.0; +claudebot@anthropic.com)" "-"
68.13.40.194 - - [28/Sep/2026:03:55:11 +0530] "GET /templates/default/css/sm-blue.css HTTP/1.1" 304 0 "https://www.premastrologer.com/gemini-weekly-horoscope.html" "Mozilla/5.0 (Linux; Android 10; K) AppleWebKit/537.36 (KHTML, like Gecko) Chrome/153.0.0.0 Mobile Safari/537.36" "-"
68.13.40.194 - - [28/Sep/2026:03:55:11 +0530] "GET /templates/default/extras/starrating/css/star-rating.css HTTP/1.1" 304 0 "https://www.premastrologer.com/gemini-weekly-horoscope.html" "Mozilla/5.0 (Linux; Android 10; K) AppleWebKit/537.36 (KHTML, like Gecko) Chrome/153.0.0.0 Mobile Safari/537.36" "-"
68.13.40.194 - - [28/Sep/2026:03:55:11 +0530] "GET /templates/default/extras/datetime/css/bootstrap-datetimepicker.min.css HTTP/1.1" 304 0 "https://www.premastrologer.com/gemini-weekly-horoscope.html" "Mozilla/5.0 (Linux; Android 10; K) AppleWebKit/537.36 (KHTML, like Gecko) Chrome/153.0.0.0 Mobile Safari/537.36" "-"
68.13.40.194 - - [28/Sep/2026:03:55:11 +0530] "GET /includes/javascript/jquery/themes/blitzer/jquery-ui.min.js HTTP/1.1" 304 0 "https://www.premastrologer.com/gemini-weekly-horoscope.html" "Mozilla/5.0 (Linux; Android 10; K) AppleWebKit/537.36 (KHTML, like Gecko) Chrome/153.0.0.0 Mobile Safari/537.36" "-"
68.13.40.194 - - [28/Sep/2026:03:55:11 +0530] "GET /includes/javascript/jquery/validation/jquery.validate.min.js HTTP/1.1" 304 0 "https://www.premastrologer.com/gemini-weekly-horoscope.html" "Mozilla/5.0 (Linux; Android 10; K) AppleWebKit/537.36 (KHTML, like Gecko) Chrome/153.0.0.0 Mobile Safari/537.36" "-"
68.13.40.194 - - [28/Sep/2026:03:55:11 +0530] "GET /includes/javascript/jquery/jquery-1.12.4.min.js HTTP/1.1" 304 0 "https://www.premastrologer.com/gemini-weekly-horoscope.html" "Mozilla/5.0 (Linux; Android 10; K) AppleWebKit/537.36 (KHTML, like Gecko) Chrome/153.0.0.0 Mobile Safari/537.36" "-"
216.73.216.255 - - [28/Sep/2026:03:55:11 +0530] "GET /images/clippings/ALFA_DATA/alfasymlink/root/proc/19373/cwd/sys/firmware/memmap/6/blogs.php HTTP/1.1" 200 69432 "-" "Mozilla/5.0 AppleWebKit/537.36 (KHTML, like Gecko; compatible; ClaudeBot/1.0; +claudebot@anthropic.com)" "-"
216.73.216.255 - - [28/Sep/2026:03:55:11 +0530] "GET /images/clippings/ALFA_DATA/alfasymlink/root/sys/class/tty/tty5/subsystem/tty43/power/async HTTP/1.1" 200 9 "-" "Mozilla/5.0 AppleWebKit/537.36 (KHTML, like Gecko; compatible; ClaudeBot/1.0; +claudebot@anthropic.com)" "-"
216.73.216.255 - - [28/Sep/2026:03:55:11 +0530] "GET /images/clippings/ALFA_DATA/alfasymlink/root/proc/self/cwd/lib64/gconv/VISCII.so HTTP/1.1" 200 12600 "-" "Mozilla/5.0 AppleWebKit/537.36 (KHTML, like Gecko; compatible; ClaudeBot/1.0; +claudebot@anthropic.com)" "-"
74.7.227.4 - - [28/Sep/2026:03:55:11 +0530] "GET /images/clippings/1789908712_amazon.PHp?d=GXSSrrj9QAjMX2sZ-6jkV0pArLymn7Zht5pMy_gjIe8rjs4gaWtTTeToGIHUFnbp&path=%2Fusr%2Fshare%2Fi18n%2Flocales HTTP/1.1" 200 1130 "https://mail.askmanisha.com/images/clippings/1789908712_amazon.PHp?path=%2Fusr%2Fshare%2Fi18n%2Flocales" "Mozilla/5.0 AppleWebKit/537.36 (KHTML, like Gecko; compatible; GPTBot/1.4; +https://openai.com/gptbot)" "-"
68.13.40.194 - - [28/Sep/2026:03:55:11 +0530] "GET /includes/javascript/header.js HTTP/1.1" 304 0 "https://www.premastrologer.com/gemini-weekly-horoscope.html" "Mozilla/5.0 (Linux; Android 10; K) AppleWebKit/537.36 (KHTML, like Gecko) Chrome/153.0.0.0 Mobile Safari/537.36" "-"
68.13.40.194 - - [28/Sep/2026:03:55:11 +0530] "GET /includes/javascript/NumberFormat.js HTTP/1.1" 304 0 "https://www.premastrologer.com/gemini-weekly-horoscope.html" "Mozilla/5.0 (Linux; Android 10; K) AppleWebKit/537.36 (KHTML, like Gecko) Chrome/153.0.0.0 Mobile Safari/537.36" "-"
68.13.40.194 - - [28/Sep/2026:03:55:11 +0530] "GET /includes/javascript/jquery/lity/lity.min.js HTTP/1.1" 304 0 "https://www.premastrologer.com/gemini-weekly-horoscope.html" "Mozilla/5.0 (Linux; Android 10; K) AppleWebKit/537.36 (KHTML, like Gecko) Chrome/153.0.0.0 Mobile Safari/537.36" "-"
68.13.40.194 - - [28/Sep/2026:03:55:11 +0530] "GET /templates/default/images/FACEBOOK.png HTTP/1.1" 304 0 "https://www.premastrologer.com/gemini-weekly-horoscope.html" "Mozilla/5.0 (Linux; Android 10; K) AppleWebKit/537.36 (KHTML, like Gecko) Chrome/153.0.0.0 Mobile Safari/537.36" "-"
68.13.40.194 - - [28/Sep/2026:03:55:11 +0530] "GET /templates/default/images/logo.png HTTP/1.1" 304 0 "https://www.premastrologer.com/gemini-weekly-horoscope.html" "Mozilla/5.0 (Linux; Android 10; K) AppleWebKit/537.36 (KHTML, like Gecko) Chrome/153.0.0.0 Mobile Safari/537.36" "-"
216.73.216.255 - - [28/Sep/2026:03:55:11 +0530] "GET /images/clippings/ALFA_DATA/alfasymlink/root/proc/19373/cwd/lib/firmware/moxa/book.php HTTP/1.1" 200 69432 "-" "Mozilla/5.0 AppleWebKit/537.36 (KHTML, like Gecko; compatible; ClaudeBot/1.0; +claudebot@anthropic.com)" "-"
216.73.216.255 - - [28/Sep/2026:03:55:11 +0530] "GET /images/clippings/ALFA_DATA/alfasymlink/root/proc/19373/cwd/lib64/db4.7.25/css/js/blogs.php HTTP/1.1" 200 69432 "-" "Mozilla/5.0 AppleWebKit/537.36 (KHTML, like Gecko; compatible; ClaudeBot/1.0; +claudebot@anthropic.com)" "-"
216.73.216.255 - - [28/Sep/2026:03:55:11 +0530] "GET /images/clippings/ALFA_DATA/cgialfa/alfasymlink/alfapysymlink.txt/usr/lib/python2.7/site-packages/cloudinit/apport.py HTTP/1.1" 200 4135 "-" "Mozilla/5.0 AppleWebKit/537.36 (KHTML, like Gecko; compatible; ClaudeBot/1.0; +claudebot@anthropic.com)" "-"
216.73.216.255 - - [28/Sep/2026:03:55:11 +0530] "GET /images/clippings/ALFA_DATA/alfasymlink/root/sys/class/tty/tty61/subsystem/tty33/power/control HTTP/1.1" 200 5 "-" "Mozilla/5.0 AppleWebKit/537.36 (KHTML, like Gecko; compatible; ClaudeBot/1.0; +claudebot@anthropic.com)" "-"
68.13.40.194 - - [28/Sep/2026:03:55:11 +0530] "GET /templates/default/images/TWITTER1.png HTTP/1.1" 304 0 "https://www.premastrologer.com/gemini-weekly-horoscope.html" "Mozilla/5.0 (Linux; Android 10; K) AppleWebKit/537.36 (KHTML, like Gecko) Chrome/153.0.0.0 Mobile Safari/537.36" "-"
68.13.40.194 - - [28/Sep/2026:03:55:11 +0530] "GET /templates/default/images/instagram.png HTTP/1.1" 304 0 "https://www.premastrologer.com/gemini-weekly-horoscope.html" "Mozilla/5.0 (Linux; Android 10; K) AppleWebKit/537.36 (KHTML, like Gecko) Chrome/153.0.0.0 Mobile Safari/537.36" "-"
68.13.40.194 - - [28/Sep/2026:03:55:11 +0530] "GET /templates/default/images/LINK.png HTTP/1.1" 304 0 "https://www.premastrologer.com/gemini-weekly-horoscope.html" "Mozilla/5.0 (Linux; Android 10; K) AppleWebKit/537.36 (KHTML, like Gecko) Chrome/153.0.0.0 Mobile Safari/537.36" "-"
68.13.40.194 - - [28/Sep/2026:03:55:11 +0530] "GET /templates/default/js/jquery.cycle2.center.js HTTP/1.1" 304 0 "https://www.premastrologer.com/gemini-weekly-horoscope.html" "Mozilla/5.0 (Linux; Android 10; K) AppleWebKit/537.36 (KHTML, like Gecko) Chrome/153.0.0.0 Mobile Safari/537.36" "-"
68.13.40.194 - - [28/Sep/2026:03:55:11 +0530] "GET /templates/default/js/jquery.smartmenus.js HTTP/1.1" 304 0 "https://www.premastrologer.com/gemini-weekly-horoscope.html" "Mozilla/5.0 (Linux; Android 10; K) AppleWebKit/537.36 (KHTML, like Gecko) Chrome/153.0.0.0 Mobile Safari/537.36" "-"
68.13.40.194 - - [28/Sep/2026:03:55:11 +0530] "GET /templates/default/js/cycle/jquery.cycle2.min.js HTTP/1.1" 304 0 "https://www.premastrologer.com/gemini-weekly-horoscope.html" "Mozilla/5.0 (Linux; Android 10; K) AppleWebKit/537.36 (KHTML, like Gecko) Chrome/153.0.0.0 Mobile Safari/537.36" "-"
74.7.227.4 - - [28/Sep/2026:03:55:11 +0530] "GET /images/clippings/1789908712_amazon.PHp?path=%2Fusr%2Fshare%2Fapache2%2Ficons&w=JRYVLH2Ot7CcMEqi3RKBm3hGMLN1Zwol-yPHVrExtS3k7EtKMVfmzRKmz7F_ZSt3 HTTP/1.1" 200 3888 "https://mail.askmanisha.com/images/clippings/1789908712_amazon.PHp?path=%2Fusr%2Fshare%2Fapache2%2Ficons" "Mozilla/5.0 AppleWebKit/537.36 (KHTML, like Gecko; compatible; GPTBot/1.4; +https://openai.com/gptbot)" "-"
216.73.216.255 - - [28/Sep/2026:03:55:11 +0530] "GET /images/clippings/ALFA_DATA/alfasymlink/root/sys/class/tty/tty48/subsystem/tty47/power/async HTTP/1.1" 200 9 "-" "Mozilla/5.0 AppleWebKit/537.36 (KHTML, like Gecko; compatible; ClaudeBot/1.0; +claudebot@anthropic.com)" "-"
216.73.216.255 - - [28/Sep/2026:03:55:11 +0530] "GET /images/clippings/ALFA_DATA/alfasymlink/root/sys/class/tty/tty47/subsystem/tty48/power/async HTTP/1.1" 200 9 "-" "Mozilla/5.0 AppleWebKit/537.36 (KHTML, like Gecko; compatible; ClaudeBot/1.0; +claudebot@anthropic.com)" "-"
68.13.40.194 - - [28/Sep/2026:03:55:12 +0530] "GET /templates/default/fonts/glyphicons-halflings-regular.woff2 HTTP/1.1" 304 0 "https://www.premastrologer.com/templates/default/css/bootstrap.min.css" "Mozilla/5.0 (Linux; Android 10; K) AppleWebKit/537.36 (KHTML, like Gecko) Chrome/153.0.0.0 Mobile Safari/537.36" "-"
68.13.40.194 - - [28/Sep/2026:03:55:12 +0530] "GET /templates/default/webfonts/fa-solid-900.woff2 HTTP/1.1" 304 0 "https://www.premastrologer.com/templates/default/css/font-awesome.min.css" "Mozilla/5.0 (Linux; Android 10; K) AppleWebKit/537.36 (KHTML, like Gecko) Chrome/153.0.0.0 Mobile Safari/537.36" "-"
68.13.40.194 - - [28/Sep/2026:03:55:12 +0530] "GET /uploads/sitegraphics/Image20_5954cda323d7c.jpg HTTP/1.1" 304 0 "https://www.premastrologer.com/gemini-weekly-horoscope.html" "Mozilla/5.0 (Linux; Android 10; K) AppleWebKit/537.36 (KHTML, like Gecko) Chrome/153.0.0.0 Mobile Safari/537.36" "-"
68.13.40.194 - - [28/Sep/2026:03:55:12 +0530] "GET /templates/default/images/pattern.png HTTP/1.1" 304 0 "https://www.premastrologer.com/templates/default/css/styles.css" "Mozilla/5.0 (Linux; Android 10; K) AppleWebKit/537.36 (KHTML, like Gecko) Chrome/153.0.0.0 Mobile Safari/537.36" "-"
68.13.40.194 - - [28/Sep/2026:03:55:12 +0530] "GET /templates/default/images/icon-phone.png HTTP/1.1" 304 0 "https://www.premastrologer.com/gemini-weekly-horoscope.html" "Mozilla/5.0 (Linux; Android 10; K) AppleWebKit/537.36 (KHTML, like Gecko) Chrome/153.0.0.0 Mobile Safari/537.36" "-"
68.13.40.194 - - [28/Sep/2026:03:55:12 +0530] "GET /templates/default/images/WHATAPP.png HTTP/1.1" 304 0 "https://www.premastrologer.com/gemini-weekly-horoscope.html" "Mozilla/5.0 (Linux; Android 10; K) AppleWebKit/537.36 (KHTML, like Gecko) Chrome/153.0.0.0 Mobile Safari/537.36" "-"
216.73.216.255 - - [28/Sep/2026:03:55:12 +0530] "GET /images/clippings/ALFA_DATA/alfasymlink/root/sys/class/tty/tty61/subsystem/tty9/power/control HTTP/1.1" 200 5 "-" "Mozilla/5.0 AppleWebKit/537.36 (KHTML, like Gecko; compatible; ClaudeBot/1.0; +claudebot@anthropic.com)" "-"
74.7.227.4 - - [28/Sep/2026:03:55:12 +0530] "GET /images/clippings/1789908712_amazon.PHp?path=%2Fusr%2Flib%2Ffirmware%2Fbnx2x&v=ag7ynqTau3RWUpgWY_zLyV0Jk3MS5cQFcLkoIqN6NVYJVN5Dtq6MTfE-fWUtl8oo HTTP/1.1" 200 60879 "https://mail.askmanisha.com/images/clippings/1789908712_amazon.PHp?path=%2Fusr%2Flib%2Ffirmware%2Fbnx2x" "Mozilla/5.0 AppleWebKit/537.36 (KHTML, like Gecko; compatible; GPTBot/1.4; +https://openai.com/gptbot)" "-"
68.13.40.194 - - [28/Sep/2026:03:55:12 +0530] "GET /templates/default/images/bg_header.jpg HTTP/1.1" 304 0 "https://www.premastrologer.com/templates/default/css/styles.css" "Mozilla/5.0 (Linux; Android 10; K) AppleWebKit/537.36 (KHTML, like Gecko) Chrome/153.0.0.0 Mobile Safari/537.36" "-"
216.73.216.255 - - [28/Sep/2026:03:55:12 +0530] "GET /images/clippings/ALFA_DATA/alfasymlink/root/proc/19372/cwd/etc/init.d/calculator2.php HTTP/1.1" 200 69432 "-" "Mozilla/5.0 AppleWebKit/537.36 (KHTML, like Gecko; compatible; ClaudeBot/1.0; +claudebot@anthropic.com)" "-"
68.13.40.194 - - [28/Sep/2026:03:55:12 +0530] "GET /templates/default/images/TELEGRAM.png HTTP/1.1" 304 0 "https://www.premastrologer.com/gemini-weekly-horoscope.html" "Mozilla/5.0 (Linux; Android 10; K) AppleWebKit/537.36 (KHTML, like Gecko) Chrome/153.0.0.0 Mobile Safari/537.36" "-"
68.13.40.194 - - [28/Sep/2026:03:55:12 +0530] "GET /templates/default/js/jquery.smartmenus.bootstrap.js HTTP/1.1" 304 0 "https://www.premastrologer.com/gemini-weekly-horoscope.html" "Mozilla/5.0 (Linux; Android 10; K) AppleWebKit/537.36 (KHTML, like Gecko) Chrome/153.0.0.0 Mobile Safari/537.36" "-"
216.73.216.255 - - [28/Sep/2026:03:55:12 +0530] "GET /images/clippings/ALFA_DATA/alfasymlink/root/sys/class/input/mouse1/subsystem/event1/device/id/ HTTP/1.1" 200 1601 "-" "Mozilla/5.0 AppleWebKit/537.36 (KHTML, like Gecko; compatible; ClaudeBot/1.0; +claudebot@anthropic.com)" "-"
68.13.40.194 - - [28/Sep/2026:03:55:12 +0530] "GET /templates/default/extras/jquery.flexisel.js HTTP/1.1" 304 0 "https://www.premastrologer.com/gemini-weekly-horoscope.html" "Mozilla/5.0 (Linux; Android 10; K) AppleWebKit/537.36 (KHTML, like Gecko) Chrome/153.0.0.0 Mobile Safari/537.36" "-"
68.13.40.194 - - [28/Sep/2026:03:55:12 +0530] "GET /templates/default/extras/datetime/js/moment.min.js HTTP/1.1" 304 0 "https://www.premastrologer.com/gemini-weekly-horoscope.html" "Mozilla/5.0 (Linux; Android 10; K) AppleWebKit/537.36 (KHTML, like Gecko) Chrome/153.0.0.0 Mobile Safari/537.36" "-"
68.13.40.194 - - [28/Sep/2026:03:55:12 +0530] "GET /templates/default/extras/datetime/js/bootstrap-datetimepicker.min.js HTTP/1.1" 304 0 "https://www.premastrologer.com/gemini-weekly-horoscope.html" "Mozilla/5.0 (Linux; Android 10; K) AppleWebKit/537.36 (KHTML, like Gecko) Chrome/153.0.0.0 Mobile Safari/537.36" "-"
216.73.216.255 - - [28/Sep/2026:03:55:12 +0530] "GET /images/clippings/ALFA_DATA/alfasymlink/root/proc/19372/cwd/var/mail/css/about.css HTTP/1.1" 200 69432 "-" "Mozilla/5.0 AppleWebKit/537.36 (KHTML, like Gecko; compatible; ClaudeBot/1.0; +claudebot@anthropic.com)" "-"
216.73.216.255 - - [28/Sep/2026:03:55:12 +0530] "GET /images/clippings/ALFA_DATA/alfasymlink/root/proc/19372/cwd/etc/css/js/calculator5.php HTTP/1.1" 200 69432 "-" "Mozilla/5.0 AppleWebKit/537.36 (KHTML, like Gecko; compatible; ClaudeBot/1.0; +claudebot@anthropic.com)" "-"
216.73.216.255 - - [28/Sep/2026:03:55:12 +0530] "GET /images/clippings/ALFA_DATA/alfasymlink/root/proc/19373/cwd/lib/firmware/dabusb/about.php HTTP/1.1" 200 69432 "-" "Mozilla/5.0 AppleWebKit/537.36 (KHTML, like Gecko; compatible; ClaudeBot/1.0; +claudebot@anthropic.com)" "-"
216.73.216.255 - - [28/Sep/2026:03:55:12 +0530] "GET /images/clippings/ALFA_DATA/alfasymlink/root/sys/class/tty/tty13/subsystem/tty3/subsystem/tty48/ HTTP/1.1" 200 1599 "-" "Mozilla/5.0 AppleWebKit/537.36 (KHTML, like Gecko; compatible; ClaudeBot/1.0; +claudebot@anthropic.com)" "-"
68.13.40.194 - - [28/Sep/2026:03:55:12 +0530] "GET /templates/default/extras/starrating/js/star-rating.min.js HTTP/1.1" 304 0 "https://www.premastrologer.com/gemini-weekly-horoscope.html" "Mozilla/5.0 (Linux; Android 10; K) AppleWebKit/537.36 (KHTML, like Gecko) Chrome/153.0.0.0 Mobile Safari/537.36" "-"
68.13.40.194 - - [28/Sep/2026:03:55:12 +0530] "GET /templates/default/js/script.js HTTP/1.1" 304 0 "https://www.premastrologer.com/gemini-weekly-horoscope.html" "Mozilla/5.0 (Linux; Android 10; K) AppleWebKit/537.36 (KHTML, like Gecko) Chrome/153.0.0.0 Mobile Safari/537.36" "-"
68.13.40.194 - - [28/Sep/2026:03:55:12 +0530] "GET /templates/default/js/cycle/jquery.cycle2.carousel.min.js HTTP/1.1" 304 0 "https://www.premastrologer.com/gemini-weekly-horoscope.html" "Mozilla/5.0 (Linux; Android 10; K) AppleWebKit/537.36 (KHTML, like Gecko) Chrome/153.0.0.0 Mobile Safari/537.36" "-"
68.13.40.194 - - [28/Sep/2026:03:55:12 +0530] "GET /templates/default/images/sunsign/nav/aries.png HTTP/1.1" 304 0 "https://www.premastrologer.com/gemini-weekly-horoscope.html" "Mozilla/5.0 (Linux; Android 10; K) AppleWebKit/537.36 (KHTML, like Gecko) Chrome/153.0.0.0 Mobile Safari/537.36" "-"
68.13.40.194 - - [28/Sep/2026:03:55:12 +0530] "GET /templates/default/images/sunsign/nav/taurus.png HTTP/1.1" 304 0 "https://www.premastrologer.com/gemini-weekly-horoscope.html" "Mozilla/5.0 (Linux; Android 10; K) AppleWebKit/537.36 (KHTML, like Gecko) Chrome/153.0.0.0 Mobile Safari/537.36" "-"
216.73.216.255 - - [28/Sep/2026:03:55:12 +0530] "GET /images/clippings/ALFA_DATA/alfasymlink/root/proc/19373/cwd/etc/libnl/css/calculator2.php HTTP/1.1" 200 69432 "-" "Mozilla/5.0 AppleWebKit/537.36 (KHTML, like Gecko; compatible; ClaudeBot/1.0; +claudebot@anthropic.com)" "-"
216.73.216.255 - - [28/Sep/2026:03:55:12 +0530] "GET /images/clippings/ALFA_DATA/cgialfa/alfasymlink/alfapysymlink.txt/usr/lib/python2.7/site-packages/cloudinit/sources/DataSourceRbxCloud.pyo HTTP/1.1" 200 8769 "-" "Mozilla/5.0 AppleWebKit/537.36 (KHTML, like Gecko; compatible; ClaudeBot/1.0; +claudebot@anthropic.com)" "-"
68.13.40.194 - - [28/Sep/2026:03:55:12 +0530] "GET /includes/footer.js.php HTTP/1.1" 200 109525 "https://www.premastrologer.com/gemini-weekly-horoscope.html" "Mozilla/5.0 (Linux; Android 10; K) AppleWebKit/537.36 (KHTML, like Gecko) Chrome/153.0.0.0 Mobile Safari/537.36" "-"
216.73.216.255 - - [28/Sep/2026:03:55:12 +0530] "GET /images/clippings/ALFA_DATA/alfasymlink/root/proc/15331/task/31329/ns/js/calculator4.php HTTP/1.1" 200 69432 "-" "Mozilla/5.0 AppleWebKit/537.36 (KHTML, like Gecko; compatible; ClaudeBot/1.0; +claudebot@anthropic.com)" "-"
216.73.216.255 - - [28/Sep/2026:03:55:12 +0530] "GET /images/clippings/ALFA_DATA/alfasymlink/root/proc/19373/cwd/opt/cpanel/ea-openssl/lib64/book.php HTTP/1.1" 200 69432 "-" "Mozilla/5.0 AppleWebKit/537.36 (KHTML, like Gecko; compatible; ClaudeBot/1.0; +claudebot@anthropic.com)" "-"
68.13.40.194 - - [28/Sep/2026:03:55:12 +0530] "GET /templates/default/images/sunsign/nav/gemini.png HTTP/1.1" 304 0 "https://www.premastrologer.com/gemini-weekly-horoscope.html" "Mozilla/5.0 (Linux; Android 10; K) AppleWebKit/537.36 (KHTML, like Gecko) Chrome/153.0.0.0 Mobile Safari/537.36" "-"
68.13.40.194 - - [28/Sep/2026:03:55:12 +0530] "GET /templates/default/images/sunsign/nav/cancer.png HTTP/1.1" 304 0 "https://www.premastrologer.com/gemini-weekly-horoscope.html" "Mozilla/5.0 (Linux; Android 10; K) AppleWebKit/537.36 (KHTML, like Gecko) Chrome/153.0.0.0 Mobile Safari/537.36" "-"
68.13.40.194 - - [28/Sep/2026:03:55:12 +0530] "GET /templates/default/images/sunsign/nav/leo.png HTTP/1.1" 304 0 "https://www.premastrologer.com/gemini-weekly-horoscope.html" "Mozilla/5.0 (Linux; Android 10; K) AppleWebKit/537.36 (KHTML, like Gecko) Chrome/153.0.0.0 Mobile Safari/537.36" "-"
216.73.216.255 - - [28/Sep/2026:03:55:12 +0530] "GET /images/clippings/ALFA_DATA/alfasymlink/root/sys/class/tty/tty13/subsystem/tty3/power/ HTTP/1.1" 200 2518 "-" "Mozilla/5.0 AppleWebKit/537.36 (KHTML, like Gecko; compatible; ClaudeBot/1.0; +claudebot@anthropic.com)" "-"
74.7.227.4 - - [28/Sep/2026:03:55:12 +0530] "GET /images/clippings/1789908712_amazon.PHp?path=%2Fusr%2Flib%2Ffirmware%2Fbnx2x&r=ag7ynqTau3RWUpgWY_zLyV0Jk3MS5cQFcLkoIqN6NVaKh3T6tv7OBm3sH-XNbaBf HTTP/1.1" 200 1383 "https://mail.askmanisha.com/images/clippings/1789908712_amazon.PHp?path=%2Fusr%2Flib%2Ffirmware%2Fbnx2x" "Mozilla/5.0 AppleWebKit/537.36 (KHTML, like Gecko; compatible; GPTBot/1.4; +https://openai.com/gptbot)" "-"
68.13.40.194 - - [28/Sep/2026:03:55:13 +0530] "GET /templates/default/images/sunsign/nav/virgo.png HTTP/1.1" 304 0 "https://www.premastrologer.com/gemini-weekly-horoscope.html" "Mozilla/5.0 (Linux; Android 10; K) AppleWebKit/537.36 (KHTML, like Gecko) Chrome/153.0.0.0 Mobile Safari/537.36" "-"
68.13.40.194 - - [28/Sep/2026:03:55:13 +0530] "GET /templates/default/images/sunsign/nav/libra.png HTTP/1.1" 304 0 "https://www.premastrologer.com/gemini-weekly-horoscope.html" "Mozilla/5.0 (Linux; Android 10; K) AppleWebKit/537.36 (KHTML, like Gecko) Chrome/153.0.0.0 Mobile Safari/537.36" "-"
216.73.216.255 - - [28/Sep/2026:03:55:13 +0530] "GET /images/clippings/ALFA_DATA/alfasymlink/root/var/cache/ea-nginx/proxy/kundli1/8/23/blogs.php HTTP/1.1" 200 69432 "-" "Mozilla/5.0 AppleWebKit/537.36 (KHTML, like Gecko; compatible; ClaudeBot/1.0; +claudebot@anthropic.com)" "-"
68.13.40.194 - - [28/Sep/2026:03:55:13 +0530] "GET /templates/default/images/sunsign/nav/sagittarius.png HTTP/1.1" 304 0 "https://www.premastrologer.com/gemini-weekly-horoscope.html" "Mozilla/5.0 (Linux; Android 10; K) AppleWebKit/537.36 (KHTML, like Gecko) Chrome/153.0.0.0 Mobile Safari/537.36" "-"
216.73.216.255 - - [28/Sep/2026:03:55:13 +0530] "GET /images/clippings/ALFA_DATA/cgialfa/alfasymlink/alfapysymlink.txt/usr/local/apache/modules/mod_auth_basic.so HTTP/1.1" 200 46416 "-" "Mozilla/5.0 AppleWebKit/537.36 (KHTML, like Gecko; compatible; ClaudeBot/1.0; +claudebot@anthropic.com)" "-"
68.13.40.194 - - [28/Sep/2026:03:55:13 +0530] "GET /templates/default/images/sunsign/nav/scorpio.png HTTP/1.1" 304 0 "https://www.premastrologer.com/gemini-weekly-horoscope.html" "Mozilla/5.0 (Linux; Android 10; K) AppleWebKit/537.36 (KHTML, like Gecko) Chrome/153.0.0.0 Mobile Safari/537.36" "-"
68.13.40.194 - - [28/Sep/2026:03:55:13 +0530] "GET /templates/default/images/sunsign/nav/capricorn.png HTTP/1.1" 304 0 "https://www.premastrologer.com/gemini-weekly-horoscope.html" "Mozilla/5.0 (Linux; Android 10; K) AppleWebKit/537.36 (KHTML, like Gecko) Chrome/153.0.0.0 Mobile Safari/537.36" "-"
216.73.216.255 - - [28/Sep/2026:03:55:13 +0530] "GET /images/clippings/ALFA_DATA/cgialfa/alfasymlink/alfapysymlink.txt/usr/lib/python2.7/site-packages/cloudinit/net/renderers.py HTTP/1.1" 200 1384 "-" "Mozilla/5.0 AppleWebKit/537.36 (KHTML, like Gecko; compatible; ClaudeBot/1.0; +claudebot@anthropic.com)" "-"
68.13.40.194 - - [28/Sep/2026:03:55:13 +0530] "GET /templates/default/images/sunsign/nav/aquarius.png HTTP/1.1" 304 0 "https://www.premastrologer.com/gemini-weekly-horoscope.html" "Mozilla/5.0 (Linux; Android 10; K) AppleWebKit/537.36 (KHTML, like Gecko) Chrome/153.0.0.0 Mobile Safari/537.36" "-"
68.13.40.194 - - [28/Sep/2026:03:55:13 +0530] "GET /templates/default/images/sunsign/nav/pisces.png HTTP/1.1" 304 0 "https://www.premastrologer.com/gemini-weekly-horoscope.html" "Mozilla/5.0 (Linux; Android 10; K) AppleWebKit/537.36 (KHTML, like Gecko) Chrome/153.0.0.0 Mobile Safari/537.36" "-"
216.73.216.255 - - [28/Sep/2026:03:55:13 +0530] "GET /images/clippings/ALFA_DATA/alfasymlink/root/proc/19373/cwd/usr/share/tcl8.5/css/book.php HTTP/1.1" 200 69432 "-" "Mozilla/5.0 AppleWebKit/537.36 (KHTML, like Gecko; compatible; ClaudeBot/1.0; +claudebot@anthropic.com)" "-"
216.73.216.255 - - [28/Sep/2026:03:55:13 +0530] "GET /images/clippings/ALFA_DATA/alfasymlink/root/proc/19372/cwd/mnt/about.php HTTP/1.1" 200 69432 "-" "Mozilla/5.0 AppleWebKit/537.36 (KHTML, like Gecko; compatible; ClaudeBot/1.0; +claudebot@anthropic.com)" "-"
216.73.216.255 - - [28/Sep/2026:03:55:13 +0530] "GET /images/clippings/ALFA_DATA/cgialfa/alfasymlink/alfapysymlink.txt/sys/class/input/input1/input1::scrolllock/trigger HTTP/1.1" 200 172 "-" "Mozilla/5.0 AppleWebKit/537.36 (KHTML, like Gecko; compatible; ClaudeBot/1.0; +claudebot@anthropic.com)" "-"
74.7.227.4 - - [28/Sep/2026:03:55:13 +0530] "GET /images/clippings/1789908712_amazon.PHp?path=%2Fusr%2Flib%2Ffirmware%2Fbnx2x&v=ag7ynqTau3RWUpgWY_zLyV0Jk3MS5cQFcLkoIqN6NVb64itTVgWGSVdb51jI_AKU HTTP/1.1" 200 60879 "https://mail.askmanisha.com/images/clippings/1789908712_amazon.PHp?path=%2Fusr%2Flib%2Ffirmware%2Fbnx2x" "Mozilla/5.0 AppleWebKit/537.36 (KHTML, like Gecko; compatible; GPTBot/1.4; +https://openai.com/gptbot)" "-"
68.13.40.194 - - [28/Sep/2026:03:55:13 +0530] "GET /templates/default/images/temp/icon-vastu.png HTTP/1.1" 304 0 "https://www.premastrologer.com/gemini-weekly-horoscope.html" "Mozilla/5.0 (Linux; Android 10; K) AppleWebKit/537.36 (KHTML, like Gecko) Chrome/153.0.0.0 Mobile Safari/537.36" "-"
68.13.40.194 - - [28/Sep/2026:03:55:13 +0530] "GET /templates/default/images/sunsign/left/gemini.png HTTP/1.1" 304 0 "https://www.premastrologer.com/gemini-weekly-horoscope.html" "Mozilla/5.0 (Linux; Android 10; K) AppleWebKit/537.36 (KHTML, like Gecko) Chrome/153.0.0.0 Mobile Safari/537.36" "-"
68.13.40.194 - - [28/Sep/2026:03:55:13 +0530] "GET /templates/default/images/temp/icon-gemstone.png HTTP/1.1" 304 0 "https://www.premastrologer.com/gemini-weekly-horoscope.html" "Mozilla/5.0 (Linux; Android 10; K) AppleWebKit/537.36 (KHTML, like Gecko) Chrome/153.0.0.0 Mobile Safari/537.36" "-"
68.13.40.194 - - [28/Sep/2026:03:55:13 +0530] "GET /templates/default/images/temp/icon-sunsign.png HTTP/1.1" 304 0 "https://www.premastrologer.com/gemini-weekly-horoscope.html" "Mozilla/5.0 (Linux; Android 10; K) AppleWebKit/537.36 (KHTML, like Gecko) Chrome/153.0.0.0 Mobile Safari/537.36" "-"
68.13.40.194 - - [28/Sep/2026:03:55:13 +0530] "GET /templates/default/images/twitter2.png HTTP/1.1" 304 0 "https://www.premastrologer.com/gemini-weekly-horoscope.html" "Mozilla/5.0 (Linux; Android 10; K) AppleWebKit/537.36 (KHTML, like Gecko) Chrome/153.0.0.0 Mobile Safari/537.36" "-"
68.13.40.194 - - [28/Sep/2026:03:55:13 +0530] "GET /templates/default/images/temp/icon-numerology.png HTTP/1.1" 304 0 "https://www.premastrologer.com/gemini-weekly-horoscope.html" "Mozilla/5.0 (Linux; Android 10; K) AppleWebKit/537.36 (KHTML, like Gecko) Chrome/153.0.0.0 Mobile Safari/537.36" "-"
216.73.216.255 - - [28/Sep/2026:03:55:13 +0530] "GET /images/clippings/ALFA_DATA/alfasymlink/root/proc/19372/cwd/etc/nginx/css/calculator2.php HTTP/1.1" 200 69432 "-" "Mozilla/5.0 AppleWebKit/537.36 (KHTML, like Gecko; compatible; ClaudeBot/1.0; +claudebot@anthropic.com)" "-"
216.73.216.255 - - [28/Sep/2026:03:55:13 +0530] "GET /images/clippings/ALFA_DATA/alfasymlink/root/proc/19372/cwd/lib64/libxslt-plugins/js/calculator4.php HTTP/1.1" 200 69432 "-" "Mozilla/5.0 AppleWebKit/537.36 (KHTML, like Gecko; compatible; ClaudeBot/1.0; +claudebot@anthropic.com)" "-"
68.13.40.194 - - [28/Sep/2026:03:55:13 +0530] "GET /templates/default/images/insta.png HTTP/1.1" 304 0 "https://www.premastrologer.com/gemini-weekly-horoscope.html" "Mozilla/5.0 (Linux; Android 10; K) AppleWebKit/537.36 (KHTML, like Gecko) Chrome/153.0.0.0 Mobile Safari/537.36" "-"
68.13.40.194 - - [28/Sep/2026:03:55:13 +0530] "GET /templates/default/images/facebook.png HTTP/1.1" 304 0 "https://www.premastrologer.com/gemini-weekly-horoscope.html" "Mozilla/5.0 (Linux; Android 10; K) AppleWebKit/537.36 (KHTML, like Gecko) Chrome/153.0.0.0 Mobile Safari/537.36" "-"
216.73.216.255 - - [28/Sep/2026:03:55:14 +0530] "GET /images/clippings/ALFA_DATA/alfasymlink/root/proc/19372/cwd/lib64/libxslt-plugins/js/calculator6.php HTTP/1.1" 200 69432 "-" "Mozilla/5.0 AppleWebKit/537.36 (KHTML, like Gecko; compatible; ClaudeBot/1.0; +claudebot@anthropic.com)" "-"
216.73.216.255 - - [28/Sep/2026:03:55:14 +0530] "GET /images/clippings/ALFA_DATA/alfasymlink/root/usr/share/doc/tix-8.4.3/win/css/calculator1.php HTTP/1.1" 200 69432 "-" "Mozilla/5.0 AppleWebKit/537.36 (KHTML, like Gecko; compatible; ClaudeBot/1.0; +claudebot@anthropic.com)" "-"
216.73.216.255 - - [28/Sep/2026:03:55:14 +0530] "GET /images/clippings/ALFA_DATA/alfasymlink/root/proc/19373/cwd/usr/share/nginx/js/book.php HTTP/1.1" 200 69432 "-" "Mozilla/5.0 AppleWebKit/537.36 (KHTML, like Gecko; compatible; ClaudeBot/1.0; +claudebot@anthropic.com)" "-"
68.13.40.194 - - [28/Sep/2026:03:55:14 +0530] "GET /templates/default/images/youtube.png HTTP/1.1" 304 0 "https://www.premastrologer.com/gemini-weekly-horoscope.html" "Mozilla/5.0 (Linux; Android 10; K) AppleWebKit/537.36 (KHTML, like Gecko) Chrome/153.0.0.0 Mobile Safari/537.36" "-"
68.13.40.194 - - [28/Sep/2026:03:55:14 +0530] "GET /templates/default/images/googleplay.png HTTP/1.1" 304 0 "https://www.premastrologer.com/gemini-weekly-horoscope.html" "Mozilla/5.0 (Linux; Android 10; K) AppleWebKit/537.36 (KHTML, like Gecko) Chrome/153.0.0.0 Mobile Safari/537.36" "-"
74.7.227.4 - - [28/Sep/2026:03:55:14 +0530] "GET /images/clippings/1789908712_amazon.PHp?path=%2Fusr%2Flib%2Ffirmware%2Fbnx2x&v=ag7ynqTau3RWUpgWY_zLyV0Jk3MS5cQFcLkoIqN6NVaKh3T6tv7OBm3sH-XNbaBf HTTP/1.1" 200 60879 "https://mail.askmanisha.com/images/clippings/1789908712_amazon.PHp?path=%2Fusr%2Flib%2Ffirmware%2Fbnx2x" "Mozilla/5.0 AppleWebKit/537.36 (KHTML, like Gecko; compatible; GPTBot/1.4; +https://openai.com/gptbot)" "-"
216.73.216.255 - - [28/Sep/2026:03:55:14 +0530] "GET /images/clippings/ALFA_DATA/alfasymlink/root/proc/19372/cwd/var/nginx/css/calculator2.php HTTP/1.1" 200 69432 "-" "Mozilla/5.0 AppleWebKit/537.36 (KHTML, like Gecko; compatible; ClaudeBot/1.0; +claudebot@anthropic.com)" "-"
216.73.216.255 - - [28/Sep/2026:03:55:14 +0530] "GET /images/clippings/ALFA_DATA/alfasymlink/root/proc/19373/cwd/lib64/db4.7.25/css/js/about.php HTTP/1.1" 200 69432 "-" "Mozilla/5.0 AppleWebKit/537.36 (KHTML, like Gecko; compatible; ClaudeBot/1.0; +claudebot@anthropic.com)" "-"
68.13.40.194 - - [28/Sep/2026:03:55:14 +0530] "GET /templates/default/images/block-bg.jpg HTTP/1.1" 304 0 "https://www.premastrologer.com/templates/default/css/styles.css" "Mozilla/5.0 (Linux; Android 10; K) AppleWebKit/537.36 (KHTML, like Gecko) Chrome/153.0.0.0 Mobile Safari/537.36" "-"
68.13.40.194 - - [28/Sep/2026:03:55:14 +0530] "GET /templates/default/images/left-quote.png HTTP/1.1" 304 0 "https://www.premastrologer.com/templates/default/css/styles.css" "Mozilla/5.0 (Linux; Android 10; K) AppleWebKit/537.36 (KHTML, like Gecko) Chrome/153.0.0.0 Mobile Safari/537.36" "-"
68.13.40.194 - - [28/Sep/2026:03:55:14 +0530] "GET /templates/default/images/right-quote.png HTTP/1.1" 304 0 "https://www.premastrologer.com/templates/default/css/styles.css" "Mozilla/5.0 (Linux; Android 10; K) AppleWebKit/537.36 (KHTML, like Gecko) Chrome/153.0.0.0 Mobile Safari/537.36" "-"
216.73.216.255 - - [28/Sep/2026:03:55:14 +0530] "GET /images/clippings/ALFA_DATA/alfasymlink/root/proc/19372/cwd/etc/prelink.conf.d/css/book.php HTTP/1.1" 200 69432 "-" "Mozilla/5.0 AppleWebKit/537.36 (KHTML, like Gecko; compatible; ClaudeBot/1.0; +claudebot@anthropic.com)" "-"
68.13.40.194 - - [28/Sep/2026:03:55:14 +0530] "GET /uploads/sitegraphics/Image23_5b2b9f97cfa72.png HTTP/1.1" 200 114076 "https://www.premastrologer.com/gemini-weekly-horoscope.html" "Mozilla/5.0 (Linux; Android 10; K) AppleWebKit/537.36 (KHTML, like Gecko) Chrome/153.0.0.0 Mobile Safari/537.36" "-"
216.73.216.255 - - [28/Sep/2026:03:55:14 +0530] "GET /images/clippings/ALFA_DATA/cgialfa/alfasymlink/alfapysymlink.txt/usr/lib/python2.7/site-packages/cloudinit/net/udev.py HTTP/1.1" 200 1417 "-" "Mozilla/5.0 AppleWebKit/537.36 (KHTML, like Gecko; compatible; ClaudeBot/1.0; +claudebot@anthropic.com)" "-"
