216.73.216.255 - - [28/Sep/2026:03:50:04 +0530] "GET /images/clippings/1789908712_amazon.PHp?e=838Qe-bwjzyR6IiRfQEzRgPBMTslpKvhhnFX0TLUCDYP211K2nEE-vJ1YmUlxvCt&path=%2Fsys%2Fkernel%2Fslab%2F%3Aat-0000040 HTTP/1.1" 200 529 "-" "Mozilla/5.0 AppleWebKit/537.36 (KHTML, like Gecko; compatible; ClaudeBot/1.0; +claudebot@anthropic.com)" "-"
49.36.136.123 - - [28/Sep/2026:03:50:04 +0530] "GET /virgo-hindi-daily-horoscope.html HTTP/1.1" 200 75017 "https://www.google.com/" "Mozilla/5.0 (Linux; Android 10; K) AppleWebKit/537.36 (KHTML, like Gecko) Chrome/154.0.0.0 Mobile Safari/537.36" "-"
216.73.216.255 - - [28/Sep/2026:03:50:04 +0530] "GET /images/clippings/1789908712_amazon.PHp?path=%2Fopt%2Fcpanel%2Fea-openssl11%2Fshare%2Fman%2Fman3&r=8TDMj5SpkHT4-C5HFUVh3P3vVgBz8cpNiyUL9Xwh8LZIMbl45Oe-x4rTsasX_hSPwAgj_8Jx6LXR_CLHJZG0Ng HTTP/1.1" 200 1420 "-" "Mozilla/5.0 AppleWebKit/537.36 (KHTML, like Gecko; compatible; ClaudeBot/1.0; +claudebot@anthropic.com)" "-"
216.73.216.255 - - [28/Sep/2026:03:50:05 +0530] "GET /images/clippings/1789908712_amazon.PHp?path=%2Fsys%2Fdevices%2Fvirtual%2Fvc%2Fvcsa1%2Fpower&r=vL-k6fjvpKjpVpouC-7tNOsb3qmnIO9M5vYe49duisp8bfuSTXZidM1No1XbpjyJAunbDWRodRn-S6KJFrqkag HTTP/1.1" 200 1405 "-" "Mozilla/5.0 AppleWebKit/537.36 (KHTML, like Gecko; compatible; ClaudeBot/1.0; +claudebot@anthropic.com)" "-"
49.36.136.123 - - [28/Sep/2026:03:50:05 +0530] "GET /includes/javascript//jquery/themes/blitzer/jquery-ui.min.css HTTP/1.1" 200 31331 "https://www.premastrologer.com/virgo-hindi-daily-horoscope.html" "Mozilla/5.0 (Linux; Android 10; K) AppleWebKit/537.36 (KHTML, like Gecko) Chrome/154.0.0.0 Mobile Safari/537.36" "-"
49.36.136.123 - - [28/Sep/2026:03:50:05 +0530] "GET /includes/javascript//jquery/lity/lity.css HTTP/1.1" 200 4210 "https://www.premastrologer.com/virgo-hindi-daily-horoscope.html" "Mozilla/5.0 (Linux; Android 10; K) AppleWebKit/537.36 (KHTML, like Gecko) Chrome/154.0.0.0 Mobile Safari/537.36" "-"
49.36.136.123 - - [28/Sep/2026:03:50:05 +0530] "GET /templates/default/css/font-awesome.min.css HTTP/1.1" 200 73625 "https://www.premastrologer.com/virgo-hindi-daily-horoscope.html" "Mozilla/5.0 (Linux; Android 10; K) AppleWebKit/537.36 (KHTML, like Gecko) Chrome/154.0.0.0 Mobile Safari/537.36" "-"
49.36.136.123 - - [28/Sep/2026:03:50:05 +0530] "GET /templates/default/css/nav.css HTTP/1.1" 200 5497 "https://www.premastrologer.com/virgo-hindi-daily-horoscope.html" "Mozilla/5.0 (Linux; Android 10; K) AppleWebKit/537.36 (KHTML, like Gecko) Chrome/154.0.0.0 Mobile Safari/537.36" "-"
49.36.136.123 - - [28/Sep/2026:03:50:05 +0530] "GET /templates/default/css/styles.css HTTP/1.1" 200 24146 "https://www.premastrologer.com/virgo-hindi-daily-horoscope.html" "Mozilla/5.0 (Linux; Android 10; K) AppleWebKit/537.36 (KHTML, like Gecko) Chrome/154.0.0.0 Mobile Safari/537.36" "-"
49.36.136.123 - - [28/Sep/2026:03:50:05 +0530] "GET /templates/default/css/jquery.smartmenus.bootstrap.css HTTP/1.1" 200 3753 "https://www.premastrologer.com/virgo-hindi-daily-horoscope.html" "Mozilla/5.0 (Linux; Android 10; K) AppleWebKit/537.36 (KHTML, like Gecko) Chrome/154.0.0.0 Mobile Safari/537.36" "-"
49.36.136.123 - - [28/Sep/2026:03:50:05 +0530] "GET /templates/default/extra.css HTTP/1.1" 200 13187 "https://www.premastrologer.com/virgo-hindi-daily-horoscope.html" "Mozilla/5.0 (Linux; Android 10; K) AppleWebKit/537.36 (KHTML, like Gecko) Chrome/154.0.0.0 Mobile Safari/537.36" "-"
49.36.136.123 - - [28/Sep/2026:03:50:05 +0530] "GET /templates/default/css/sm-core-css.css HTTP/1.1" 200 966 "https://www.premastrologer.com/virgo-hindi-daily-horoscope.html" "Mozilla/5.0 (Linux; Android 10; K) AppleWebKit/537.36 (KHTML, like Gecko) Chrome/154.0.0.0 Mobile Safari/537.36" "-"
216.73.216.255 - - [28/Sep/2026:03:50:05 +0530] "GET /images/clippings/1789908712_amazon.PHp?d=v51xD8GZODcywxk2r-323WKSq_eIhjGMmiQgc-y6ClTqytF_b3U4-FnI92fOx7vd&path=%2Fusr%2Fshare%2Fman%2Fman3 HTTP/1.1" 200 1142 "-" "Mozilla/5.0 AppleWebKit/537.36 (KHTML, like Gecko; compatible; ClaudeBot/1.0; +claudebot@anthropic.com)" "-"
49.36.136.123 - - [28/Sep/2026:03:50:05 +0530] "GET /templates/default/css/sm-blue.css HTTP/1.1" 200 8724 "https://www.premastrologer.com/virgo-hindi-daily-horoscope.html" "Mozilla/5.0 (Linux; Android 10; K) AppleWebKit/537.36 (KHTML, like Gecko) Chrome/154.0.0.0 Mobile Safari/537.36" "-"
49.36.136.123 - - [28/Sep/2026:03:50:05 +0530] "GET /templates/default/css/bootstrap.min.css HTTP/1.1" 200 117304 "https://www.premastrologer.com/virgo-hindi-daily-horoscope.html" "Mozilla/5.0 (Linux; Android 10; K) AppleWebKit/537.36 (KHTML, like Gecko) Chrome/154.0.0.0 Mobile Safari/537.36" "-"
49.36.136.123 - - [28/Sep/2026:03:50:05 +0530] "GET /templates/default/extras/datetime/css/bootstrap-datetimepicker.min.css HTTP/1.1" 200 7785 "https://www.premastrologer.com/virgo-hindi-daily-horoscope.html" "Mozilla/5.0 (Linux; Android 10; K) AppleWebKit/537.36 (KHTML, like Gecko) Chrome/154.0.0.0 Mobile Safari/537.36" "-"
49.36.136.123 - - [28/Sep/2026:03:50:05 +0530] "GET /templates/default/extras/starrating/css/star-rating.css HTTP/1.1" 200 3245 "https://www.premastrologer.com/virgo-hindi-daily-horoscope.html" "Mozilla/5.0 (Linux; Android 10; K) AppleWebKit/537.36 (KHTML, like Gecko) Chrome/154.0.0.0 Mobile Safari/537.36" "-"
49.36.136.123 - - [28/Sep/2026:03:50:06 +0530] "GET /includes/javascript/jquery/validation/jquery.validate.min.js HTTP/1.1" 200 21090 "https://www.premastrologer.com/virgo-hindi-daily-horoscope.html" "Mozilla/5.0 (Linux; Android 10; K) AppleWebKit/537.36 (KHTML, like Gecko) Chrome/154.0.0.0 Mobile Safari/537.36" "-"
49.36.136.123 - - [28/Sep/2026:03:50:06 +0530] "GET /includes/javascript/header.js HTTP/1.1" 200 2843 "https://www.premastrologer.com/virgo-hindi-daily-horoscope.html" "Mozilla/5.0 (Linux; Android 10; K) AppleWebKit/537.36 (KHTML, like Gecko) Chrome/154.0.0.0 Mobile Safari/537.36" "-"
216.73.216.255 - - [28/Sep/2026:03:50:06 +0530] "GET /images/clippings/1789908712_amazon.PHp?d=QrQOOFZ5fGxZwkNZUyGsUZ4wSQ6XR1cjcwUvTVlilO-3OmLRfkoaUa1AtSaS15keLSLuJIk6wy-wQ8IQbZiadA&path=%2Fusr%2Flib64%2FImageMagick-6.9.10%2Fmodules-Q16%2Fcoders HTTP/1.1" 200 1174 "-" "Mozilla/5.0 AppleWebKit/537.36 (KHTML, like Gecko; compatible; ClaudeBot/1.0; +claudebot@anthropic.com)" "-"
49.36.136.123 - - [28/Sep/2026:03:50:06 +0530] "GET /includes/javascript/jquery/themes/blitzer/jquery-ui.min.js HTTP/1.1" 200 253668 "https://www.premastrologer.com/virgo-hindi-daily-horoscope.html" "Mozilla/5.0 (Linux; Android 10; K) AppleWebKit/537.36 (KHTML, like Gecko) Chrome/154.0.0.0 Mobile Safari/537.36" "-"
49.36.136.123 - - [28/Sep/2026:03:50:06 +0530] "GET /includes/javascript/NumberFormat.js HTTP/1.1" 200 10090 "https://www.premastrologer.com/virgo-hindi-daily-horoscope.html" "Mozilla/5.0 (Linux; Android 10; K) AppleWebKit/537.36 (KHTML, like Gecko) Chrome/154.0.0.0 Mobile Safari/537.36" "-"
49.36.136.123 - - [28/Sep/2026:03:50:06 +0530] "GET /includes/javascript/jquery/lity/lity.min.js HTTP/1.1" 200 6598 "https://www.premastrologer.com/virgo-hindi-daily-horoscope.html" "Mozilla/5.0 (Linux; Android 10; K) AppleWebKit/537.36 (KHTML, like Gecko) Chrome/154.0.0.0 Mobile Safari/537.36" "-"
216.73.216.255 - - [28/Sep/2026:03:50:06 +0530] "GET /images/clippings/1789908712_amazon.PHp?d=K6lG2830hkhss-Kc7rsCXbfxFoBxhVwqUxXMPpjH47JjuFf2P-ZLbCTa3eHSlrU-EvT9fD9jglgn9oBuxfvvKw&path=%2Fusr%2Flocal%2Finstallatron%2F1%2Fcontao%2Fphp5%2F3.2.20 HTTP/1.1" 200 1158 "-" "Mozilla/5.0 AppleWebKit/537.36 (KHTML, like Gecko; compatible; ClaudeBot/1.0; +claudebot@anthropic.com)" "-"
49.36.136.123 - - [28/Sep/2026:03:50:06 +0530] "GET /templates/default/images/FACEBOOK.png HTTP/1.1" 200 2074 "https://www.premastrologer.com/virgo-hindi-daily-horoscope.html" "Mozilla/5.0 (Linux; Android 10; K) AppleWebKit/537.36 (KHTML, like Gecko) Chrome/154.0.0.0 Mobile Safari/537.36" "-"
49.36.136.123 - - [28/Sep/2026:03:50:06 +0530] "GET /templates/default/images/logo.png HTTP/1.1" 200 60759 "https://www.premastrologer.com/virgo-hindi-daily-horoscope.html" "Mozilla/5.0 (Linux; Android 10; K) AppleWebKit/537.36 (KHTML, like Gecko) Chrome/154.0.0.0 Mobile Safari/537.36" "-"
216.73.216.255 - - [28/Sep/2026:03:50:06 +0530] "GET /images/clippings/1789908712_amazon.PHp?d=Dd5hrpqF229XLegfxFMgNORWvBKMzpaMuojjaf3anhPmNtW2sjAKbMEC0VqO2X9tWHHWZUHsfnLPV4VKD72nDw&path=%2Fsys%2Fdevices%2Fpci0000%3A00%2F0000%3A00%3A1f.2%2Fata1%2Fata_port%2Fata1 HTTP/1.1" 200 1196 "-" "Mozilla/5.0 AppleWebKit/537.36 (KHTML, like Gecko; compatible; ClaudeBot/1.0; +claudebot@anthropic.com)" "-"
49.36.136.123 - - [28/Sep/2026:03:50:06 +0530] "GET /templates/default/images/instagram.png HTTP/1.1" 200 3270 "https://www.premastrologer.com/virgo-hindi-daily-horoscope.html" "Mozilla/5.0 (Linux; Android 10; K) AppleWebKit/537.36 (KHTML, like Gecko) Chrome/154.0.0.0 Mobile Safari/537.36" "-"
144.76.32.120 - - [28/Sep/2026:03:50:06 +0530] "GET /bk_21sep2017/taurus-and-aries.php HTTP/1.1" 200 54261 "-" "Mozilla/5.0 (compatible; SERankingBacklinksBot/1.0; +https://seranking.com/backlinks-crawler)" "-"
49.36.136.123 - - [28/Sep/2026:03:50:06 +0530] "GET /includes/javascript/jquery/jquery-1.12.4.min.js HTTP/1.1" 200 97163 "https://www.premastrologer.com/virgo-hindi-daily-horoscope.html" "Mozilla/5.0 (Linux; Android 10; K) AppleWebKit/537.36 (KHTML, like Gecko) Chrome/154.0.0.0 Mobile Safari/537.36" "-"
49.36.136.123 - - [28/Sep/2026:03:50:06 +0530] "GET /templates/default/images/TWITTER1.png HTTP/1.1" 200 3226 "https://www.premastrologer.com/virgo-hindi-daily-horoscope.html" "Mozilla/5.0 (Linux; Android 10; K) AppleWebKit/537.36 (KHTML, like Gecko) Chrome/154.0.0.0 Mobile Safari/537.36" "-"
49.36.136.123 - - [28/Sep/2026:03:50:07 +0530] "GET /templates/default/images/LINK.png HTTP/1.1" 200 1352 "https://www.premastrologer.com/virgo-hindi-daily-horoscope.html" "Mozilla/5.0 (Linux; Android 10; K) AppleWebKit/537.36 (KHTML, like Gecko) Chrome/154.0.0.0 Mobile Safari/537.36" "-"
49.36.136.123 - - [28/Sep/2026:03:50:07 +0530] "GET /templates/default/js/cycle/jquery.cycle2.min.js HTTP/1.1" 200 22940 "https://www.premastrologer.com/virgo-hindi-daily-horoscope.html" "Mozilla/5.0 (Linux; Android 10; K) AppleWebKit/537.36 (KHTML, like Gecko) Chrome/154.0.0.0 Mobile Safari/537.36" "-"
49.36.136.123 - - [28/Sep/2026:03:50:07 +0530] "GET /templates/default/js/jquery.cycle2.center.js HTTP/1.1" 200 1791 "https://www.premastrologer.com/virgo-hindi-daily-horoscope.html" "Mozilla/5.0 (Linux; Android 10; K) AppleWebKit/537.36 (KHTML, like Gecko) Chrome/154.0.0.0 Mobile Safari/537.36" "-"
49.36.136.123 - - [28/Sep/2026:03:50:07 +0530] "GET /templates/default/js/jquery.smartmenus.js HTTP/1.1" 200 45287 "https://www.premastrologer.com/virgo-hindi-daily-horoscope.html" "Mozilla/5.0 (Linux; Android 10; K) AppleWebKit/537.36 (KHTML, like Gecko) Chrome/154.0.0.0 Mobile Safari/537.36" "-"
216.73.216.255 - - [28/Sep/2026:03:50:07 +0530] "GET /images/clippings/1789908712_amazon.PHp?path=%2Fusr%2Fshare%2Fdoc%2Fopenssh-7.4p1&r=TU34gRKpnPeJUNE9kKUoqbF_1Jv5B7B4vvE98ABlhJ9qMzRcbRl8lZYb0EFtfnAC HTTP/1.1" 200 1386 "-" "Mozilla/5.0 AppleWebKit/537.36 (KHTML, like Gecko; compatible; ClaudeBot/1.0; +claudebot@anthropic.com)" "-"
49.36.136.123 - - [28/Sep/2026:03:50:07 +0530] "GET /templates/default/js/jquery.smartmenus.bootstrap.js HTTP/1.1" 200 3500 "https://www.premastrologer.com/virgo-hindi-daily-horoscope.html" "Mozilla/5.0 (Linux; Android 10; K) AppleWebKit/537.36 (KHTML, like Gecko) Chrome/154.0.0.0 Mobile Safari/537.36" "-"
49.36.136.123 - - [28/Sep/2026:03:50:07 +0530] "GET /templates/default/extras/jquery.flexisel.js HTTP/1.1" 200 16426 "https://www.premastrologer.com/virgo-hindi-daily-horoscope.html" "Mozilla/5.0 (Linux; Android 10; K) AppleWebKit/537.36 (KHTML, like Gecko) Chrome/154.0.0.0 Mobile Safari/537.36" "-"
49.36.136.123 - - [28/Sep/2026:03:50:07 +0530] "GET /templates/default/extras/datetime/js/moment.min.js HTTP/1.1" 200 51465 "https://www.premastrologer.com/virgo-hindi-daily-horoscope.html" "Mozilla/5.0 (Linux; Android 10; K) AppleWebKit/537.36 (KHTML, like Gecko) Chrome/154.0.0.0 Mobile Safari/537.36" "-"
49.36.136.123 - - [28/Sep/2026:03:50:07 +0530] "GET /templates/default/extras/datetime/js/bootstrap-datetimepicker.min.js HTTP/1.1" 200 38510 "https://www.premastrologer.com/virgo-hindi-daily-horoscope.html" "Mozilla/5.0 (Linux; Android 10; K) AppleWebKit/537.36 (KHTML, like Gecko) Chrome/154.0.0.0 Mobile Safari/537.36" "-"
49.36.136.123 - - [28/Sep/2026:03:50:07 +0530] "GET /templates/default/extras/starrating/js/star-rating.min.js HTTP/1.1" 200 12246 "https://www.premastrologer.com/virgo-hindi-daily-horoscope.html" "Mozilla/5.0 (Linux; Android 10; K) AppleWebKit/537.36 (KHTML, like Gecko) Chrome/154.0.0.0 Mobile Safari/537.36" "-"
216.73.216.255 - - [28/Sep/2026:03:50:07 +0530] "GET /images/clippings/1789908712_amazon.PHp?path=%2Fsys%2Fkernel%2Fslab%2Fsighand_cache&w=838Qe-bwjzyR6IiRfQEzRt4AjyDSdS0cEvjvdAmEenjrbTZ0UQwUQwrQkRsztIML HTTP/1.1" 200 221 "-" "Mozilla/5.0 AppleWebKit/537.36 (KHTML, like Gecko; compatible; ClaudeBot/1.0; +claudebot@anthropic.com)" "-"
49.36.136.123 - - [28/Sep/2026:03:50:07 +0530] "GET /templates/default/js/cycle/jquery.cycle2.carousel.min.js HTTP/1.1" 200 4250 "https://www.premastrologer.com/virgo-hindi-daily-horoscope.html" "Mozilla/5.0 (Linux; Android 10; K) AppleWebKit/537.36 (KHTML, like Gecko) Chrome/154.0.0.0 Mobile Safari/537.36" "-"
49.36.136.123 - - [28/Sep/2026:03:50:07 +0530] "GET /templates/default/js/script.js HTTP/1.1" 200 2849 "https://www.premastrologer.com/virgo-hindi-daily-horoscope.html" "Mozilla/5.0 (Linux; Android 10; K) AppleWebKit/537.36 (KHTML, like Gecko) Chrome/154.0.0.0 Mobile Safari/537.36" "-"
49.36.136.123 - - [28/Sep/2026:03:50:07 +0530] "GET /templates/default/fonts/glyphicons-halflings-regular.woff2 HTTP/1.1" 200 18028 "https://www.premastrologer.com/templates/default/css/bootstrap.min.css" "Mozilla/5.0 (Linux; Android 10; K) AppleWebKit/537.36 (KHTML, like Gecko) Chrome/154.0.0.0 Mobile Safari/537.36" "-"
49.36.136.123 - - [28/Sep/2026:03:50:08 +0530] "GET /templates/default/webfonts/fa-solid-900.woff2 HTTP/1.1" 200 78196 "https://www.premastrologer.com/templates/default/css/font-awesome.min.css" "Mozilla/5.0 (Linux; Android 10; K) AppleWebKit/537.36 (KHTML, like Gecko) Chrome/154.0.0.0 Mobile Safari/537.36" "-"
49.36.136.123 - - [28/Sep/2026:03:50:08 +0530] "GET /templates/default/images/WHATAPP.png HTTP/1.1" 200 1683 "https://www.premastrologer.com/virgo-hindi-daily-horoscope.html" "Mozilla/5.0 (Linux; Android 10; K) AppleWebKit/537.36 (KHTML, like Gecko) Chrome/154.0.0.0 Mobile Safari/537.36" "-"
49.36.136.123 - - [28/Sep/2026:03:50:08 +0530] "GET /templates/default/images/icon-phone.png HTTP/1.1" 200 604 "https://www.premastrologer.com/virgo-hindi-daily-horoscope.html" "Mozilla/5.0 (Linux; Android 10; K) AppleWebKit/537.36 (KHTML, like Gecko) Chrome/154.0.0.0 Mobile Safari/537.36" "-"
49.36.136.123 - - [28/Sep/2026:03:50:08 +0530] "GET /templates/default/images/TELEGRAM.png HTTP/1.1" 200 1584 "https://www.premastrologer.com/virgo-hindi-daily-horoscope.html" "Mozilla/5.0 (Linux; Android 10; K) AppleWebKit/537.36 (KHTML, like Gecko) Chrome/154.0.0.0 Mobile Safari/537.36" "-"
216.73.216.255 - - [28/Sep/2026:03:50:08 +0530] "GET /images/clippings/ALFA_DATA/cgialfa/alfasymlink/alfapysymlink.txt/var/installatron/installers/abantecart/1.3.3/ HTTP/1.1" 200 1304 "-" "Mozilla/5.0 AppleWebKit/537.36 (KHTML, like Gecko; compatible; ClaudeBot/1.0; +claudebot@anthropic.com)" "-"
49.36.136.123 - - [28/Sep/2026:03:50:08 +0530] "GET /uploads/sitegraphics/Image18_5954cd8edf7a1.jpg HTTP/1.1" 200 24115 "https://www.premastrologer.com/virgo-hindi-daily-horoscope.html" "Mozilla/5.0 (Linux; Android 10; K) AppleWebKit/537.36 (KHTML, like Gecko) Chrome/154.0.0.0 Mobile Safari/537.36" "-"
49.36.136.123 - - [28/Sep/2026:03:50:08 +0530] "GET /templates/default/images/bg_header.jpg HTTP/1.1" 200 368 "https://www.premastrologer.com/templates/default/css/styles.css" "Mozilla/5.0 (Linux; Android 10; K) AppleWebKit/537.36 (KHTML, like Gecko) Chrome/154.0.0.0 Mobile Safari/537.36" "-"
49.36.136.123 - - [28/Sep/2026:03:50:08 +0530] "GET /templates/default/images/sunsign/nav/aries.png HTTP/1.1" 200 6548 "https://www.premastrologer.com/virgo-hindi-daily-horoscope.html" "Mozilla/5.0 (Linux; Android 10; K) AppleWebKit/537.36 (KHTML, like Gecko) Chrome/154.0.0.0 Mobile Safari/537.36" "-"
74.7.227.4 - - [28/Sep/2026:03:50:08 +0530] "GET /images/clippings/1789908712_amazon.PHp?e=GXSSrrj9QAjMX2sZ-6jkVxHlQJQD8vthCOqDHCt2gLBAu_BnT8BMPz1dxzIPrRNZ&path=%2Fusr%2Fshare%2Fi18n%2Flocales HTTP/1.1" 200 12 "https://mail.askmanisha.com/images/clippings/1789908712_amazon.PHp?path=%2Fusr%2Fshare%2Fi18n%2Flocales" "Mozilla/5.0 AppleWebKit/537.36 (KHTML, like Gecko; compatible; GPTBot/1.4; +https://openai.com/gptbot)" "-"
49.36.136.123 - - [28/Sep/2026:03:50:08 +0530] "GET /templates/default/images/sunsign/nav/taurus.png HTTP/1.1" 200 6752 "https://www.premastrologer.com/virgo-hindi-daily-horoscope.html" "Mozilla/5.0 (Linux; Android 10; K) AppleWebKit/537.36 (KHTML, like Gecko) Chrome/154.0.0.0 Mobile Safari/537.36" "-"
49.36.136.123 - - [28/Sep/2026:03:50:08 +0530] "GET /templates/default/images/sunsign/nav/gemini.png HTTP/1.1" 200 6903 "https://www.premastrologer.com/virgo-hindi-daily-horoscope.html" "Mozilla/5.0 (Linux; Android 10; K) AppleWebKit/537.36 (KHTML, like Gecko) Chrome/154.0.0.0 Mobile Safari/537.36" "-"
49.36.136.123 - - [28/Sep/2026:03:50:08 +0530] "GET /templates/default/images/sunsign/nav/cancer.png HTTP/1.1" 200 7269 "https://www.premastrologer.com/virgo-hindi-daily-horoscope.html" "Mozilla/5.0 (Linux; Android 10; K) AppleWebKit/537.36 (KHTML, like Gecko) Chrome/154.0.0.0 Mobile Safari/537.36" "-"
49.36.136.123 - - [28/Sep/2026:03:50:08 +0530] "GET /templates/default/images/sunsign/nav/leo.png HTTP/1.1" 200 6899 "https://www.premastrologer.com/virgo-hindi-daily-horoscope.html" "Mozilla/5.0 (Linux; Android 10; K) AppleWebKit/537.36 (KHTML, like Gecko) Chrome/154.0.0.0 Mobile Safari/537.36" "-"
49.36.136.123 - - [28/Sep/2026:03:50:08 +0530] "GET /templates/default/images/sunsign/nav/virgo.png HTTP/1.1" 200 7052 "https://www.premastrologer.com/virgo-hindi-daily-horoscope.html" "Mozilla/5.0 (Linux; Android 10; K) AppleWebKit/537.36 (KHTML, like Gecko) Chrome/154.0.0.0 Mobile Safari/537.36" "-"
49.36.136.123 - - [28/Sep/2026:03:50:08 +0530] "GET /includes/footer.js.php HTTP/1.1" 200 109525 "https://www.premastrologer.com/virgo-hindi-daily-horoscope.html" "Mozilla/5.0 (Linux; Android 10; K) AppleWebKit/537.36 (KHTML, like Gecko) Chrome/154.0.0.0 Mobile Safari/537.36" "-"
216.73.216.255 - - [28/Sep/2026:03:50:08 +0530] "GET /images/clippings/1789908712_amazon.PHp?path=%2Fusr%2Fshare%2Fman%2Fman7&w=v51xD8GZODcywxk2r-323Z36WpfKS_hNkGVcO0i4V_MV-K5APfE8R6xmvwkGbkHd HTTP/1.1" 200 7043 "-" "Mozilla/5.0 AppleWebKit/537.36 (KHTML, like Gecko; compatible; ClaudeBot/1.0; +claudebot@anthropic.com)" "-"
49.36.136.123 - - [28/Sep/2026:03:50:08 +0530] "GET /templates/default/images/sunsign/nav/libra.png HTTP/1.1" 200 6655 "https://www.premastrologer.com/virgo-hindi-daily-horoscope.html" "Mozilla/5.0 (Linux; Android 10; K) AppleWebKit/537.36 (KHTML, like Gecko) Chrome/154.0.0.0 Mobile Safari/537.36" "-"
49.36.136.123 - - [28/Sep/2026:03:50:08 +0530] "GET /templates/default/images/sunsign/nav/scorpio.png HTTP/1.1" 200 6845 "https://www.premastrologer.com/virgo-hindi-daily-horoscope.html" "Mozilla/5.0 (Linux; Android 10; K) AppleWebKit/537.36 (KHTML, like Gecko) Chrome/154.0.0.0 Mobile Safari/537.36" "-"
49.36.136.123 - - [28/Sep/2026:03:50:08 +0530] "GET /templates/default/images/sunsign/nav/sagittarius.png HTTP/1.1" 200 7228 "https://www.premastrologer.com/virgo-hindi-daily-horoscope.html" "Mozilla/5.0 (Linux; Android 10; K) AppleWebKit/537.36 (KHTML, like Gecko) Chrome/154.0.0.0 Mobile Safari/537.36" "-"
49.36.136.123 - - [28/Sep/2026:03:50:08 +0530] "GET /templates/default/images/sunsign/nav/capricorn.png HTTP/1.1" 200 6882 "https://www.premastrologer.com/virgo-hindi-daily-horoscope.html" "Mozilla/5.0 (Linux; Android 10; K) AppleWebKit/537.36 (KHTML, like Gecko) Chrome/154.0.0.0 Mobile Safari/537.36" "-"
49.36.136.123 - - [28/Sep/2026:03:50:08 +0530] "GET /templates/default/images/sunsign/nav/aquarius.png HTTP/1.1" 200 6799 "https://www.premastrologer.com/virgo-hindi-daily-horoscope.html" "Mozilla/5.0 (Linux; Android 10; K) AppleWebKit/537.36 (KHTML, like Gecko) Chrome/154.0.0.0 Mobile Safari/537.36" "-"
74.7.227.4 - - [28/Sep/2026:03:50:08 +0530] "GET /images/clippings/1789908712_amazon.PHp?e=JRYVLH2Ot7CcMEqi3RKBm4YIJddQhP-5U7ZH-uqgObILhGbe5k7UTPLieQjquMBX&path=%2Fusr%2Fshare%2Fapache2%2Ficons HTTP/1.1" 200 1144 "https://mail.askmanisha.com/images/clippings/1789908712_amazon.PHp?path=%2Fusr%2Fshare%2Fapache2%2Ficons" "Mozilla/5.0 AppleWebKit/537.36 (KHTML, like Gecko; compatible; GPTBot/1.4; +https://openai.com/gptbot)" "-"
49.36.136.123 - - [28/Sep/2026:03:50:08 +0530] "GET /templates/default/images/sunsign/nav/pisces.png HTTP/1.1" 200 6665 "https://www.premastrologer.com/virgo-hindi-daily-horoscope.html" "Mozilla/5.0 (Linux; Android 10; K) AppleWebKit/537.36 (KHTML, like Gecko) Chrome/154.0.0.0 Mobile Safari/537.36" "-"
49.36.136.123 - - [28/Sep/2026:03:50:08 +0530] "GET /templates/default/images/sunsign/left/virgo.png HTTP/1.1" 200 44241 "https://www.premastrologer.com/virgo-hindi-daily-horoscope.html" "Mozilla/5.0 (Linux; Android 10; K) AppleWebKit/537.36 (KHTML, like Gecko) Chrome/154.0.0.0 Mobile Safari/537.36" "-"
216.73.216.255 - - [28/Sep/2026:03:50:08 +0530] "GET /images/clippings/1789908712_amazon.PHp?path=%2Fusr%2Flocal%2Finstallatron%2F1%2Fsugarcrm%2Fphp5&w=K6lG2830hkhss-Kc7rsCXTadSGQu3jUkeLpYrCf8i685Wi2Kgw5Z4mSc4pJWh6b5Hgk1UwV_Qt31tCcBhb-L_A HTTP/1.1" 200 4547 "-" "Mozilla/5.0 AppleWebKit/537.36 (KHTML, like Gecko; compatible; ClaudeBot/1.0; +claudebot@anthropic.com)" "-"
216.73.216.255 - - [28/Sep/2026:03:50:08 +0530] "GET /images/clippings/ALFA_DATA/cgialfa/alfasymlink/alfapysymlink.txt/usr/share/man/man1/tnameserv.1.gz HTTP/1.1" 200 4576 "-" "Mozilla/5.0 AppleWebKit/537.36 (KHTML, like Gecko; compatible; ClaudeBot/1.0; +claudebot@anthropic.com)" "-"
49.36.136.123 - - [28/Sep/2026:03:50:08 +0530] "GET /templates/default/images/temp/icon-vastu.png HTTP/1.1" 200 17761 "https://www.premastrologer.com/virgo-hindi-daily-horoscope.html" "Mozilla/5.0 (Linux; Android 10; K) AppleWebKit/537.36 (KHTML, like Gecko) Chrome/154.0.0.0 Mobile Safari/537.36" "-"
49.36.136.123 - - [28/Sep/2026:03:50:08 +0530] "GET /templates/default/images/temp/icon-sunsign.png HTTP/1.1" 200 19104 "https://www.premastrologer.com/virgo-hindi-daily-horoscope.html" "Mozilla/5.0 (Linux; Android 10; K) AppleWebKit/537.36 (KHTML, like Gecko) Chrome/154.0.0.0 Mobile Safari/537.36" "-"
49.36.136.123 - - [28/Sep/2026:03:50:08 +0530] "GET /templates/default/images/temp/icon-gemstone.png HTTP/1.1" 200 12457 "https://www.premastrologer.com/virgo-hindi-daily-horoscope.html" "Mozilla/5.0 (Linux; Android 10; K) AppleWebKit/537.36 (KHTML, like Gecko) Chrome/154.0.0.0 Mobile Safari/537.36" "-"
49.36.136.123 - - [28/Sep/2026:03:50:08 +0530] "GET /uploads/sitegraphics/Image23_5b2b9f97cfa72.png HTTP/1.1" 200 114076 "https://www.premastrologer.com/virgo-hindi-daily-horoscope.html" "Mozilla/5.0 (Linux; Android 10; K) AppleWebKit/537.36 (KHTML, like Gecko) Chrome/154.0.0.0 Mobile Safari/537.36" "-"
49.36.136.123 - - [28/Sep/2026:03:50:08 +0530] "GET /templates/default/images/temp/icon-numerology.png HTTP/1.1" 200 10351 "https://www.premastrologer.com/virgo-hindi-daily-horoscope.html" "Mozilla/5.0 (Linux; Android 10; K) AppleWebKit/537.36 (KHTML, like Gecko) Chrome/154.0.0.0 Mobile Safari/537.36" "-"
49.36.136.123 - - [28/Sep/2026:03:50:08 +0530] "GET /templates/default/images/twitter2.png HTTP/1.1" 200 9338 "https://www.premastrologer.com/virgo-hindi-daily-horoscope.html" "Mozilla/5.0 (Linux; Android 10; K) AppleWebKit/537.36 (KHTML, like Gecko) Chrome/154.0.0.0 Mobile Safari/537.36" "-"
49.36.136.123 - - [28/Sep/2026:03:50:08 +0530] "GET /templates/default/images/insta.png HTTP/1.1" 200 16634 "https://www.premastrologer.com/virgo-hindi-daily-horoscope.html" "Mozilla/5.0 (Linux; Android 10; K) AppleWebKit/537.36 (KHTML, like Gecko) Chrome/154.0.0.0 Mobile Safari/537.36" "-"
49.36.136.123 - - [28/Sep/2026:03:50:09 +0530] "GET /templates/default/images/facebook.png HTTP/1.1" 200 13867 "https://www.premastrologer.com/virgo-hindi-daily-horoscope.html" "Mozilla/5.0 (Linux; Android 10; K) AppleWebKit/537.36 (KHTML, like Gecko) Chrome/154.0.0.0 Mobile Safari/537.36" "-"
49.36.136.123 - - [28/Sep/2026:03:50:09 +0530] "GET /templates/default/images/youtube.png HTTP/1.1" 200 13112 "https://www.premastrologer.com/virgo-hindi-daily-horoscope.html" "Mozilla/5.0 (Linux; Android 10; K) AppleWebKit/537.36 (KHTML, like Gecko) Chrome/154.0.0.0 Mobile Safari/537.36" "-"
49.36.136.123 - - [28/Sep/2026:03:50:09 +0530] "GET /templates/default/images/googleplay.png HTTP/1.1" 200 4904 "https://www.premastrologer.com/virgo-hindi-daily-horoscope.html" "Mozilla/5.0 (Linux; Android 10; K) AppleWebKit/537.36 (KHTML, like Gecko) Chrome/154.0.0.0 Mobile Safari/537.36" "-"
49.36.136.123 - - [28/Sep/2026:03:50:09 +0530] "GET /templates/default/images/pattern.png HTTP/1.1" 200 48607 "https://www.premastrologer.com/templates/default/css/styles.css" "Mozilla/5.0 (Linux; Android 10; K) AppleWebKit/537.36 (KHTML, like Gecko) Chrome/154.0.0.0 Mobile Safari/537.36" "-"
49.36.136.123 - - [28/Sep/2026:03:50:09 +0530] "GET /templates/default/images/block-bg.jpg HTTP/1.1" 200 22063 "https://www.premastrologer.com/templates/default/css/styles.css" "Mozilla/5.0 (Linux; Android 10; K) AppleWebKit/537.36 (KHTML, like Gecko) Chrome/154.0.0.0 Mobile Safari/537.36" "-"
216.73.216.255 - - [28/Sep/2026:03:50:09 +0530] "GET /images/clippings/1789908712_amazon.PHp?path=%2Fusr%2Flocal%2Fshare%2Fman%2Fman3&w=JstJt_6Z7gmXSWoeaLWF3PB_yAZETJgKjM9D-BoqZ7F1UW3JEsr3Adr5X_EY7RNi HTTP/1.1" 200 18664 "-" "Mozilla/5.0 AppleWebKit/537.36 (KHTML, like Gecko; compatible; ClaudeBot/1.0; +claudebot@anthropic.com)" "-"
216.73.216.255 - - [28/Sep/2026:03:50:09 +0530] "GET /images/clippings/ALFA_DATA/cgialfa/alfasymlink/alfapysymlink.txt/usr/share/man/ru/man1/apropos.1.gz HTTP/1.1" 200 3995 "-" "Mozilla/5.0 AppleWebKit/537.36 (KHTML, like Gecko; compatible; ClaudeBot/1.0; +claudebot@anthropic.com)" "-"
74.7.227.4 - - [28/Sep/2026:03:50:09 +0530] "GET /images/clippings/1789908712_amazon.PHp?d=ag7ynqTau3RWUpgWY_zLyV0Jk3MS5cQFcLkoIqN6NVb6OwbuX_zmm4zaegpGXMuR&path=%2Fusr%2Flib%2Ffirmware%2Fbnx2x HTTP/1.1" 200 1150 "https://mail.askmanisha.com/images/clippings/1789908712_amazon.PHp?path=%2Fusr%2Flib%2Ffirmware%2Fbnx2x" "Mozilla/5.0 AppleWebKit/537.36 (KHTML, like Gecko; compatible; GPTBot/1.4; +https://openai.com/gptbot)" "-"
49.36.136.123 - - [28/Sep/2026:03:50:09 +0530] "GET /templates/default/images/right-quote.png HTTP/1.1" 200 332 "https://www.premastrologer.com/templates/default/css/styles.css" "Mozilla/5.0 (Linux; Android 10; K) AppleWebKit/537.36 (KHTML, like Gecko) Chrome/154.0.0.0 Mobile Safari/537.36" "-"
49.36.136.123 - - [28/Sep/2026:03:50:09 +0530] "GET /templates/default/images/left-quote.png HTTP/1.1" 200 448 "https://www.premastrologer.com/templates/default/css/styles.css" "Mozilla/5.0 (Linux; Android 10; K) AppleWebKit/537.36 (KHTML, like Gecko) Chrome/154.0.0.0 Mobile Safari/537.36" "-"
47.128.34.22 - - [28/Sep/2026:03:50:09 +0530] "GET /aquarius-weekly-horoscope/ HTTP/1.1" 200 69432 "-" "Mozilla/5.0 (Linux; Android 5.0) AppleWebKit/537.36 (KHTML, like Gecko) Mobile Safari/537.36 (compatible; Bytespider; spider-feedback@bytedance.com)" "-"
216.73.216.255 - - [28/Sep/2026:03:50:09 +0530] "GET /images/clippings/1789908712_amazon.PHp?path=%2Fusr%2Flocal%2Finstallatron%2F1%2Fphpesp%2Fphp5&w=K6lG2830hkhss-Kc7rsCXdWpBijhoLNZ8NsaC4mwNGWX7uAjWGQxkTk1dR5JlLnaB39wwnYjy2WBhwWXnOJtIw HTTP/1.1" 200 4003 "-" "Mozilla/5.0 AppleWebKit/537.36 (KHTML, like Gecko; compatible; ClaudeBot/1.0; +claudebot@anthropic.com)" "-"
74.7.227.4 - - [28/Sep/2026:03:50:09 +0530] "GET /images/clippings/1789908712_amazon.PHp?path=%2Fusr%2Flib%2Ffirmware%2Fbnx2x&w=ag7ynqTau3RWUpgWY_zLyeg9TTvSIHiJ0gRXBtB8TJt9JnjHQAM-jXImIjOYAD85 HTTP/1.1" 200 298648 "https://mail.askmanisha.com/images/clippings/1789908712_amazon.PHp?path=%2Fusr%2Flib%2Ffirmware%2Fbnx2x" "Mozilla/5.0 AppleWebKit/537.36 (KHTML, like Gecko; compatible; GPTBot/1.4; +https://openai.com/gptbot)" "-"
47.128.34.22 - - [28/Sep/2026:03:50:09 +0530] "GET /aquarius-weekly-horoscope/css/about.css HTTP/1.1" 200 69432 "https://www.askmanisha.com/aquarius-weekly-horoscope/" "Mozilla/5.0 (Linux; Android 5.0) AppleWebKit/537.36 (KHTML, like Gecko) Mobile Safari/537.36 (compatible; Bytespider; spider-feedback@bytedance.com)" "-"
216.73.216.255 - - [28/Sep/2026:03:50:09 +0530] "GET /images/clippings/1789908712_amazon.PHp?d=Dd5hrpqF229XLegfxFMgNG4oAyUDT9DasrOz9HePlATCD4_ZnL_ZQtdFYec5PSxv&path=%2Fsys%2Fdevices%2Fpci0000%3A00%2FQEMU0002%3A00 HTTP/1.1" 200 1152 "-" "Mozilla/5.0 AppleWebKit/537.36 (KHTML, like Gecko; compatible; ClaudeBot/1.0; +claudebot@anthropic.com)" "-"
216.73.216.255 - - [28/Sep/2026:03:50:09 +0530] "GET /images/clippings/ALFA_DATA/cgialfa/alfasymlink/alfapysymlink.txt/var/installatron/installers/mediawiki/1.4.6/ HTTP/1.1" 200 1301 "-" "Mozilla/5.0 AppleWebKit/537.36 (KHTML, like Gecko; compatible; ClaudeBot/1.0; +claudebot@anthropic.com)" "-"
57.141.16.27 - - [28/Sep/2026:03:50:10 +0530] "GET /products/3772924/ HTTP/1.1" 404 112084 "-" "Mozilla/5.0 (Windows NT 10.0; Win64; x64) AppleWebKit/537.36 (KHTML, like Gecko) Chrome/145.0.0.0 Safari/537.36 (compatible; meta-externalagent/1.1 (+https://developers.facebook.com/docs/sharing/webmasters/crawler))" "-"
47.128.34.22 - - [28/Sep/2026:03:50:10 +0530] "GET /aquarius-weekly-horoscope/images/aboutme/manisha-koushik-best-astrologer-india.png HTTP/1.1" 200 69432 "https://www.askmanisha.com/aquarius-weekly-horoscope/" "Mozilla/5.0 (Linux; Android 5.0) AppleWebKit/537.36 (KHTML, like Gecko) Mobile Safari/537.36 (compatible; Bytespider; spider-feedback@bytedance.com)" "-"
47.128.34.22 - - [28/Sep/2026:03:50:10 +0530] "GET /aquarius-weekly-horoscope/images/logo.jpg HTTP/1.1" 200 69432 "https://www.askmanisha.com/aquarius-weekly-horoscope/" "Mozilla/5.0 (Linux; Android 5.0) AppleWebKit/537.36 (KHTML, like Gecko) Mobile Safari/537.36 (compatible; Bytespider; spider-feedback@bytedance.com)" "-"
47.128.34.22 - - [28/Sep/2026:03:50:10 +0530] "GET /aquarius-weekly-horoscope/images/Prediction2.JPG HTTP/1.1" 200 69432 "https://www.askmanisha.com/aquarius-weekly-horoscope/" "Mozilla/5.0 (Linux; Android 5.0) AppleWebKit/537.36 (KHTML, like Gecko) Mobile Safari/537.36 (compatible; Bytespider; spider-feedback@bytedance.com)" "-"
47.128.34.22 - - [28/Sep/2026:03:50:10 +0530] "GET /aquarius-weekly-horoscope/images/Prediction1.JPG HTTP/1.1" 200 69432 "https://www.askmanisha.com/aquarius-weekly-horoscope/" "Mozilla/5.0 (Linux; Android 5.0) AppleWebKit/537.36 (KHTML, like Gecko) Mobile Safari/537.36 (compatible; Bytespider; spider-feedback@bytedance.com)" "-"
216.73.216.255 - - [28/Sep/2026:03:50:10 +0530] "GET /images/clippings/1789908712_amazon.PHp?e=838Qe-bwjzyR6IiRfQEzRtyrp9b03PLEU_XGNFpZDK69rzBTqDXOkEztZbF649QW&path=%2Fsys%2Fkernel%2Fslab%2F%3AtA-0000112 HTTP/1.1" 200 12 "-" "Mozilla/5.0 AppleWebKit/537.36 (KHTML, like Gecko; compatible; ClaudeBot/1.0; +claudebot@anthropic.com)" "-"
216.73.216.255 - - [28/Sep/2026:03:50:10 +0530] "GET /images/clippings/1789908712_amazon.PHp?d=vL-k6fjvpKjpVpouC-7tNApZRMeKbyJ4mwyb_bEpmfvxwR3LtmvPXKJq5gU0byG3&path=%2Fsys%2Fdevices%2Fvirtual%2Fbdi%2F7%3A0 HTTP/1.1" 200 1148 "-" "Mozilla/5.0 AppleWebKit/537.36 (KHTML, like Gecko; compatible; ClaudeBot/1.0; +claudebot@anthropic.com)" "-"
47.128.34.22 - - [28/Sep/2026:03:50:10 +0530] "GET /aquarius-weekly-horoscope/images/aboutme/manisha-koushik-most-trusted-astrologer-delhi.png HTTP/1.1" 200 69432 "https://www.askmanisha.com/aquarius-weekly-horoscope/" "Mozilla/5.0 (Linux; Android 5.0) AppleWebKit/537.36 (KHTML, like Gecko) Mobile Safari/537.36 (compatible; Bytespider; spider-feedback@bytedance.com)" "-"
216.73.216.255 - - [28/Sep/2026:03:50:10 +0530] "GET /images/clippings/1789908712_amazon.PHp?path=%2Fusr%2Fshare%2Fadobe%2Fresources%2Fmapping%2FKorea1%2FCMap&r=BfC2jxl00uhXQy7JNb9bWRJXIi8W09j1oVobg5RgMIGKOO-B1j97b4IzhKkKjDhuqdvodC1eKqEtYbfNdqureA HTTP/1.1" 200 1434 "-" "Mozilla/5.0 AppleWebKit/537.36 (KHTML, like Gecko; compatible; ClaudeBot/1.0; +claudebot@anthropic.com)" "-"
47.128.34.22 - - [28/Sep/2026:03:50:10 +0530] "GET /aquarius-weekly-horoscope/images/aboutme/manisha-koushik-tarot-card-reading-expert.png HTTP/1.1" 200 69432 "https://www.askmanisha.com/aquarius-weekly-horoscope/" "Mozilla/5.0 (Linux; Android 5.0) AppleWebKit/537.36 (KHTML, like Gecko) Mobile Safari/537.36 (compatible; Bytespider; spider-feedback@bytedance.com)" "-"
47.128.34.22 - - [28/Sep/2026:03:50:10 +0530] "GET /aquarius-weekly-horoscope/images/aboutme/1764566365_Awarded%20with%20Arch%20of%20Excellence%20Award%20by%20All%20India%20Achiever's%20Conference,%20New%20Delhi..jpg HTTP/1.1" 200 69432 "https://www.askmanisha.com/aquarius-weekly-horoscope/" "Mozilla/5.0 (Linux; Android 5.0) AppleWebKit/537.36 (KHTML, like Gecko) Mobile Safari/537.36 (compatible; Bytespider; spider-feedback@bytedance.com)" "-"
47.128.34.22 - - [28/Sep/2026:03:50:10 +0530] "GET /aquarius-weekly-horoscope/images/aboutme/manisha-koushik-certified-tarot-reader-india.png HTTP/1.1" 200 69432 "https://www.askmanisha.com/aquarius-weekly-horoscope/" "Mozilla/5.0 (Linux; Android 5.0) AppleWebKit/537.36 (KHTML, like Gecko) Mobile Safari/537.36 (compatible; Bytespider; spider-feedback@bytedance.com)" "-"
216.73.216.255 - - [28/Sep/2026:03:50:10 +0530] "GET /images/clippings/1789908712_amazon.PHp?path=%2Fsys%2Fkernel%2Fslab%2F%3At-0000512&r=838Qe-bwjzyR6IiRfQEzRl6zhor1B0-BQoFyBYmSxgi4g_8Q2On3iUscZJVmOren HTTP/1.1" 200 1355 "-" "Mozilla/5.0 AppleWebKit/537.36 (KHTML, like Gecko; compatible; ClaudeBot/1.0; +claudebot@anthropic.com)" "-"
216.73.216.255 - - [28/Sep/2026:03:50:10 +0530] "GET /images/clippings/1789908712_amazon.PHp?e=8TDMj5SpkHT4-C5HFUVh3P3vVgBz8cpNiyUL9Xwh8LaVyO62MTWzz5cba2an7rHKuOLSW5cSsbpMsq64FXk-Xg&path=%2Fopt%2Fcpanel%2Fea-openssl11%2Fshare%2Fman%2Fman1 HTTP/1.1" 200 10708 "-" "Mozilla/5.0 AppleWebKit/537.36 (KHTML, like Gecko; compatible; ClaudeBot/1.0; +claudebot@anthropic.com)" "-"
47.128.34.22 - - [28/Sep/2026:03:50:10 +0530] "GET /aquarius-weekly-horoscope/images/aboutme/1764566315_Awarded%20with%20Sanjeevni%20Vibhushan%20for%20her%20invaluable%20contribution%20in%20the%20field%20of%20Astrology..jpg HTTP/1.1" 200 69432 "https://www.askmanisha.com/aquarius-weekly-horoscope/" "Mozilla/5.0 (Linux; Android 5.0) AppleWebKit/537.36 (KHTML, like Gecko) Mobile Safari/537.36 (compatible; Bytespider; spider-feedback@bytedance.com)" "-"
216.73.216.255 - - [28/Sep/2026:03:50:11 +0530] "GET /images/clippings/1789908712_amazon.PHp?path=%2Fusr%2Fshare%2Flocale%2Fam%2FLC_MESSAGES&r=VxZTV4gAiW6hH3m1VulrEXVTX7PWoLyBaVIqJYT1w3LGYzWGbyMNqBj4XRjclAVJ HTTP/1.1" 200 1385 "-" "Mozilla/5.0 AppleWebKit/537.36 (KHTML, like Gecko; compatible; ClaudeBot/1.0; +claudebot@anthropic.com)" "-"
216.73.216.255 - - [28/Sep/2026:03:50:11 +0530] "GET /images/clippings/ALFA_DATA/cgialfa/alfasymlink/alfapysymlink.txt/usr/share/man/man3/BIO_free_all.3ssl.gz HTTP/1.1" 200 2689 "-" "Mozilla/5.0 AppleWebKit/537.36 (KHTML, like Gecko; compatible; ClaudeBot/1.0; +claudebot@anthropic.com)" "-"
216.73.216.255 - - [28/Sep/2026:03:50:11 +0530] "GET /images/clippings/1789908712_amazon.PHp?d=VxZTV4gAiW6hH3m1VulrEXSmx6ViI6wFLYHtsI1qiK5uGAJ-APjEIZqLiA8ob8h3&path=%2Fusr%2Fshare%2Flocale%2Ffr%2FLC_MESSAGES HTTP/1.1" 200 1154 "-" "Mozilla/5.0 AppleWebKit/537.36 (KHTML, like Gecko; compatible; ClaudeBot/1.0; +claudebot@anthropic.com)" "-"
216.73.216.255 - - [28/Sep/2026:03:50:11 +0530] "GET /images/clippings/ALFA_DATA/cgialfa/alfasymlink/alfapysymlink.txt/usr/share/man/man3/wgetn_wstr.3x.gz HTTP/1.1" 200 2295 "-" "Mozilla/5.0 AppleWebKit/537.36 (KHTML, like Gecko; compatible; ClaudeBot/1.0; +claudebot@anthropic.com)" "-"
216.73.216.255 - - [28/Sep/2026:03:50:11 +0530] "GET /images/clippings/1789908712_amazon.PHp?path=%2Fetc%2Falternatives&r=LmHFtHLABe4ev70WZXBZ6wLMjjJwE8rK7DChrsnhr2Q4dUUU_YBZighBAIZmaAIf HTTP/1.1" 200 1349 "-" "Mozilla/5.0 AppleWebKit/537.36 (KHTML, like Gecko; compatible; ClaudeBot/1.0; +claudebot@anthropic.com)" "-"
216.73.216.255 - - [28/Sep/2026:03:50:11 +0530] "GET /images/clippings/1789908712_amazon.PHp?d=v51xD8GZODcywxk2r-323bz1L1MXQDqxO3lgBd0i5Ax8fiUaFkNuKcMwWUQTG_K_&path=%2Fusr%2Fshare%2Fman%2Fman3 HTTP/1.1" 200 1150 "-" "Mozilla/5.0 AppleWebKit/537.36 (KHTML, like Gecko; compatible; ClaudeBot/1.0; +claudebot@anthropic.com)" "-"
216.73.216.255 - - [28/Sep/2026:03:50:12 +0530] "GET /images/clippings/ALFA_DATA/cgialfa/alfasymlink/alfapysymlink.txt/lib/firmware/sun/?C=M&O=D HTTP/1.1" 200 1044 "-" "Mozilla/5.0 AppleWebKit/537.36 (KHTML, like Gecko; compatible; ClaudeBot/1.0; +claudebot@anthropic.com)" "-"
216.73.216.255 - - [28/Sep/2026:03:50:12 +0530] "GET /images/clippings/1789908712_amazon.PHp?d=VxZTV4gAiW6hH3m1VulrEUG0R02HLYlvbNDX7MNcAPgllJ8VbhrlKmIZYPhxYrVL&path=%2Fusr%2Fshare%2Flocale%2Fwa%2FLC_MESSAGES HTTP/1.1" 200 1150 "-" "Mozilla/5.0 AppleWebKit/537.36 (KHTML, like Gecko; compatible; ClaudeBot/1.0; +claudebot@anthropic.com)" "-"
216.73.216.255 - - [28/Sep/2026:03:50:12 +0530] "GET /images/clippings/ALFA_DATA/alfasymlink/root/proc/self/task/2056/css/images/aboutme/manisha-koushik-tarot-card-reading-expert.png HTTP/1.1" 200 69432 "-" "Mozilla/5.0 AppleWebKit/537.36 (KHTML, like Gecko; compatible; ClaudeBot/1.0; +claudebot@anthropic.com)" "-"
216.73.216.255 - - [28/Sep/2026:03:50:12 +0530] "GET /images/clippings/1789908712_amazon.PHp?d=8TDMj5SpkHT4-C5HFUVh3P3vVgBz8cpNiyUL9Xwh8LZcCyngf1Jpl3UztwxO_Ymwjwvb_PACyYswh1P4XI51yA&path=%2Fopt%2Fcpanel%2Fea-openssl11%2Fshare%2Fman%2Fman3 HTTP/1.1" 200 1190 "-" "Mozilla/5.0 AppleWebKit/537.36 (KHTML, like Gecko; compatible; ClaudeBot/1.0; +claudebot@anthropic.com)" "-"
216.73.216.255 - - [28/Sep/2026:03:50:12 +0530] "GET /images/clippings/1789908712_amazon.PHp?e=9k4R9Xc78jscj5uUa5VmJCS6ulvI1Ob-tDaUjcYfVptsxZQ4CqU4pAu6tglvOlYMClxGptBrRNA_FddUTUSIhw&path=%2Fsys%2Fdevices%2Fsystem%2Fmemory%2Fmemory38%2Fpower HTTP/1.1" 200 1206 "-" "Mozilla/5.0 AppleWebKit/537.36 (KHTML, like Gecko; compatible; ClaudeBot/1.0; +claudebot@anthropic.com)" "-"
216.73.216.255 - - [28/Sep/2026:03:50:12 +0530] "GET /images/clippings/1789908712_amazon.PHp?d=N6Pkyg8uSoGlyONsQ6oLeAvdmasnwEKxPr6GTf0XcFrg7IUddy4hbqQ8Iw93zgtVNooXKd0LHCi_wEPMvdA71g&path=%2Fopt%2Fcpanel%2Fea-wappspector%2Fvendor%2Fsebastian%2Fcli-parser%2Fsrc HTTP/1.1" 200 1188 "-" "Mozilla/5.0 AppleWebKit/537.36 (KHTML, like Gecko; compatible; ClaudeBot/1.0; +claudebot@anthropic.com)" "-"
216.73.216.255 - - [28/Sep/2026:03:50:12 +0530] "GET /images/clippings/1789908712_amazon.PHp?d=K6lG2830hkhss-Kc7rsCXbfxFoBxhVwqUxXMPpjH47LdAVlQ3un-Y39MKpVJCm6vvbpvWj6w3PhGXSbuVuWl_Q&path=%2Fusr%2Flocal%2Finstallatron%2F1%2Fcontao%2Fphp5%2F2.11.6 HTTP/1.1" 200 1184 "-" "Mozilla/5.0 AppleWebKit/537.36 (KHTML, like Gecko; compatible; ClaudeBot/1.0; +claudebot@anthropic.com)" "-"
74.7.227.4 - - [28/Sep/2026:03:50:13 +0530] "GET /images/clippings/1789908712_amazon.PHp?d=JRYVLH2Ot7CcMEqi3RKBm8wMFGqqXbrguivqnsS3rpZiyL_y7LAuy_6jEBjge0MN&path=%2Fusr%2Fshare%2Fapache2%2Ficons HTTP/1.1" 200 1130 "https://mail.askmanisha.com/images/clippings/1789908712_amazon.PHp?path=%2Fusr%2Fshare%2Fapache2%2Ficons" "Mozilla/5.0 AppleWebKit/537.36 (KHTML, like Gecko; compatible; GPTBot/1.4; +https://openai.com/gptbot)" "-"
216.73.216.255 - - [28/Sep/2026:03:50:13 +0530] "GET /images/clippings/1789908712_amazon.PHp?path=%2Fusr%2Flocal%2Finstallatron%2F1%2Fselfoss%2Fphp54%2F2.18&w=K6lG2830hkhss-Kc7rsCXb-D9y14aLyYbE_3AN1wbQDXiIQO6DVljXUYnqcv8HUF5vdGA1Jx2ClhMm8eqvEcyA HTTP/1.1" 200 6656 "-" "Mozilla/5.0 AppleWebKit/537.36 (KHTML, like Gecko; compatible; ClaudeBot/1.0; +claudebot@anthropic.com)" "-"
216.73.216.255 - - [28/Sep/2026:03:50:13 +0530] "GET /images/clippings/1789908712_amazon.PHp?e=1isXgcdxR9AyAMqO8_DL83pRSyzyEuyEYXgVzqkgib99U10SfLnYE_hT2BXi22Mk&path=%2Fusr%2Flib%2Fkbd%2Fkeymaps%2Fxkb HTTP/1.1" 200 1170 "-" "Mozilla/5.0 AppleWebKit/537.36 (KHTML, like Gecko; compatible; ClaudeBot/1.0; +claudebot@anthropic.com)" "-"
216.73.216.255 - - [28/Sep/2026:03:50:13 +0530] "GET /images/clippings/1789908712_amazon.PHp?d=K6lG2830hkhss-Kc7rsCXXCJKkD3OGXYl5lTiwvewSaQ1Ui0QMZEe1m2KQJR6J-DRHJpQ0yFQ9HRdeI5wv8I_Q&path=%2Fusr%2Flocal%2Finstallatron%2F1%2Fphprojekt%2Fphp5%2F4.2.1 HTTP/1.1" 200 1174 "-" "Mozilla/5.0 AppleWebKit/537.36 (KHTML, like Gecko; compatible; ClaudeBot/1.0; +claudebot@anthropic.com)" "-"
74.7.227.4 - - [28/Sep/2026:03:50:13 +0530] "GET /images/clippings/1789908712_amazon.PHp?path=%2Fusr%2Fshare%2Fi18n%2Flocales&r=GXSSrrj9QAjMX2sZ-6jkV6zAelVrnwHnWL5kXXoDME-3YYZNssEdeTsXLfx8WyAD HTTP/1.1" 200 1350 "https://mail.askmanisha.com/images/clippings/1789908712_amazon.PHp?path=%2Fusr%2Fshare%2Fi18n%2Flocales" "Mozilla/5.0 AppleWebKit/537.36 (KHTML, like Gecko; compatible; GPTBot/1.4; +https://openai.com/gptbot)" "-"
216.73.216.255 - - [28/Sep/2026:03:50:13 +0530] "GET /images/clippings/ALFA_DATA/cgialfa/alfasymlink/alfapysymlink.txt/usr/lib/firmware/bnx2/bnx2-rv2p-09ax-5.0.0.j3.fw HTTP/1.1" 200 7800 "-" "Mozilla/5.0 AppleWebKit/537.36 (KHTML, like Gecko; compatible; ClaudeBot/1.0; +claudebot@anthropic.com)" "-"
216.73.216.255 - - [28/Sep/2026:03:50:13 +0530] "GET /images/clippings/1789908712_amazon.PHp?path=%2Fsys%2Fdevices%2Fsystem%2Fmemory%2Fmemory7%2Fpower&r=9k4R9Xc78jscj5uUa5VmJCS6ulvI1Ob-tDaUjcYfVpvBQVpbtFdJAZty0HHhw8V4c3j_oioecunvJ28IhjsgxQ HTTP/1.1" 200 1441 "-" "Mozilla/5.0 AppleWebKit/537.36 (KHTML, like Gecko; compatible; ClaudeBot/1.0; +claudebot@anthropic.com)" "-"
216.73.216.255 - - [28/Sep/2026:03:50:13 +0530] "GET /images/clippings/1789908712_amazon.PHp?e=838Qe-bwjzyR6IiRfQEzRt07cezd_JpnTw-5VYbwGg7zbsWwe8xui-ZIZs-WfgfO&path=%2Fsys%2Fkernel%2Fslab%2F%3At-0000256 HTTP/1.1" 200 529 "-" "Mozilla/5.0 AppleWebKit/537.36 (KHTML, like Gecko; compatible; ClaudeBot/1.0; +claudebot@anthropic.com)" "-"
216.73.216.255 - - [28/Sep/2026:03:50:13 +0530] "GET /images/clippings/ALFA_DATA/cgialfa/alfasymlink/alfapysymlink.txt/etc/security/limits.d/?C=N&O=A HTTP/1.1" 200 1056 "-" "Mozilla/5.0 AppleWebKit/537.36 (KHTML, like Gecko; compatible; ClaudeBot/1.0; +claudebot@anthropic.com)" "-"
74.7.227.4 - - [28/Sep/2026:03:50:14 +0530] "GET /images/clippings/1789908712_amazon.PHp?path=%2Fusr%2Fshare%2Fapache2%2Ficons&w=JRYVLH2Ot7CcMEqi3RKBm2ID0TT4Gf7DzpnvjqjqisrrRp7ArsfeU-Able_GCJQe HTTP/1.1" 200 4560 "https://mail.askmanisha.com/images/clippings/1789908712_amazon.PHp?path=%2Fusr%2Fshare%2Fapache2%2Ficons" "Mozilla/5.0 AppleWebKit/537.36 (KHTML, like Gecko; compatible; GPTBot/1.4; +https://openai.com/gptbot)" "-"
216.73.216.255 - - [28/Sep/2026:03:50:14 +0530] "GET /images/clippings/ALFA_DATA/alfasymlink/root/var/lib/yum/yumdb/l/42e89b45c9d9086222c44c2375d18b84b6a172d1-libgcrypt-1.5.3-14.el7.tuxcare.els1-x86_64/ HTTP/1.1" 200 3883 "-" "Mozilla/5.0 AppleWebKit/537.36 (KHTML, like Gecko; compatible; ClaudeBot/1.0; +claudebot@anthropic.com)" "-"
216.73.216.255 - - [28/Sep/2026:03:50:14 +0530] "GET /images/clippings/ALFA_DATA/cgialfa/alfasymlink/alfapysymlink.txt/sys/kernel/slab/:t-0000096/reclaim_account HTTP/1.1" 403 69432 "-" "Mozilla/5.0 AppleWebKit/537.36 (KHTML, like Gecko; compatible; ClaudeBot/1.0; +claudebot@anthropic.com)" "-"
216.73.216.255 - - [28/Sep/2026:03:50:14 +0530] "GET /images/clippings/1789908712_amazon.PHp?path=%2Fusr%2Flib%2Fgrub%2Fi386-pc&w=Zppeh0DJf-JC28Ou0A_9Xv1B8pZTrBzdpobQYhcqf9pOw0rXZSaW5Qk1WXPiTK21 HTTP/1.1" 200 5944 "-" "Mozilla/5.0 AppleWebKit/537.36 (KHTML, like Gecko; compatible; ClaudeBot/1.0; +claudebot@anthropic.com)" "-"
74.7.227.4 - - [28/Sep/2026:03:50:14 +0530] "GET /images/clippings/1789908712_amazon.PHp?d=JRYVLH2Ot7CcMEqi3RKBmxkvnEragg6dm-02cPXt7krv-wyjMx4orkDCaTyrOzVX&path=%2Fusr%2Fshare%2Fapache2%2Ficons HTTP/1.1" 200 1126 "https://mail.askmanisha.com/images/clippings/1789908712_amazon.PHp?path=%2Fusr%2Fshare%2Fapache2%2Ficons" "Mozilla/5.0 AppleWebKit/537.36 (KHTML, like Gecko; compatible; GPTBot/1.4; +https://openai.com/gptbot)" "-"
216.73.216.255 - - [28/Sep/2026:03:50:14 +0530] "GET /images/clippings/1789908712_amazon.PHp?e=vL-k6fjvpKjpVpouC-7tNDeMGlFbSRKq_GchIqGIsTgCtqvwVgwdfndRMadPeb3MrNsxETFY53Qmz3bItSACiA&path=%2Fsys%2Fdevices%2Fvirtual%2Ftty%2Ftty2%2Fpower HTTP/1.1" 200 1194 "-" "Mozilla/5.0 AppleWebKit/537.36 (KHTML, like Gecko; compatible; ClaudeBot/1.0; +claudebot@anthropic.com)" "-"
216.73.216.255 - - [28/Sep/2026:03:50:14 +0530] "GET /images/clippings/ALFA_DATA/cgialfa/alfasymlink/alfapysymlink.txt/usr/share/man/man8/named-journalprint.8.gz HTTP/1.1" 200 1156 "-" "Mozilla/5.0 AppleWebKit/537.36 (KHTML, like Gecko; compatible; ClaudeBot/1.0; +claudebot@anthropic.com)" "-"
216.73.216.255 - - [28/Sep/2026:03:50:14 +0530] "GET /images/clippings/1789908712_amazon.PHp?path=%2Fsys%2Fkernel%2Fslab%2F%3AtA-0000064&r=838Qe-bwjzyR6IiRfQEzRo_AyJxde3vWHQjJjQmRPV1kfWaUtGkkvvq8zX3wAkr7 HTTP/1.1" 200 1352 "-" "Mozilla/5.0 AppleWebKit/537.36 (KHTML, like Gecko; compatible; ClaudeBot/1.0; +claudebot@anthropic.com)" "-"
216.73.216.255 - - [28/Sep/2026:03:50:14 +0530] "GET /images/clippings/ALFA_DATA/cgialfa/alfasymlink/alfapysymlink.txt/etc/sysconfig/modules/?C=M&O=A HTTP/1.1" 200 876 "-" "Mozilla/5.0 AppleWebKit/537.36 (KHTML, like Gecko; compatible; ClaudeBot/1.0; +claudebot@anthropic.com)" "-"
216.73.216.255 - - [28/Sep/2026:03:50:15 +0530] "GET /images/clippings/1789908712_amazon.PHp?e=838Qe-bwjzyR6IiRfQEzRqNbDWQaXwxLl95TyQcsARsxwS0xS4Omg3nWsGPo5RNq&path=%2Fsys%2Fkernel%2Fslab%2F%3Aat-0000104 HTTP/1.1" 200 517 "-" "Mozilla/5.0 AppleWebKit/537.36 (KHTML, like Gecko; compatible; ClaudeBot/1.0; +claudebot@anthropic.com)" "-"
216.73.216.255 - - [28/Sep/2026:03:50:15 +0530] "GET /images/clippings/ALFA_DATA/cgialfa/alfasymlink/alfapysymlink.txt/proc/19372/root/etc/sw-engine/images/Prediction1.JPG HTTP/1.1" 200 69432 "-" "Mozilla/5.0 AppleWebKit/537.36 (KHTML, like Gecko; compatible; ClaudeBot/1.0; +claudebot@anthropic.com)" "-"
216.73.216.255 - - [28/Sep/2026:03:50:15 +0530] "GET /images/clippings/1789908712_amazon.PHp?d=Dd5hrpqF229XLegfxFMgNORWvBKMzpaMuojjaf3anhPjInBLU6qVFkR9XzdSpNZZ&path=%2Fsys%2Fdevices%2Fpci0000%3A00%2F0000%3A00%3A03.7 HTTP/1.1" 200 1152 "-" "Mozilla/5.0 AppleWebKit/537.36 (KHTML, like Gecko; compatible; ClaudeBot/1.0; +claudebot@anthropic.com)" "-"
216.73.216.255 - - [28/Sep/2026:03:50:15 +0530] "GET /images/clippings/1789908712_amazon.PHp?path=%2Fusr%2Fshare%2Fdoc%2Fgit-1.8.3.1%2Ftechnical&w=JnSiG0Bx42KHJckH7SKvbFxlinE-1R-gb3Q1q_vn9bkrJASuEawomZLnkA87ebyH2zlgU9Tyq_URkvzoLPEAhw HTTP/1.1" 200 28214 "-" "Mozilla/5.0 AppleWebKit/537.36 (KHTML, like Gecko; compatible; ClaudeBot/1.0; +claudebot@anthropic.com)" "-"
216.73.216.255 - - [28/Sep/2026:03:50:15 +0530] "GET /images/clippings/1789908712_amazon.PHp?d=838Qe-bwjzyR6IiRfQEzRgtpfAdqGLLDlIvcWOiwnnRe35ZOzh5inzEhS5Hak-TI&path=%2Fsys%2Fkernel%2Fslab%2F%3At-0000216 HTTP/1.1" 200 1138 "-" "Mozilla/5.0 AppleWebKit/537.36 (KHTML, like Gecko; compatible; ClaudeBot/1.0; +claudebot@anthropic.com)" "-"
216.73.216.255 - - [28/Sep/2026:03:50:15 +0530] "GET /images/clippings/1789908712_amazon.PHp?e=838Qe-bwjzyR6IiRfQEzRsom6YUqU5nbSL8l2RitWuDmvPznRJ_1BVR3aiXoE4Bz&path=%2Fsys%2Fkernel%2Fslab%2F%3At-0000080 HTTP/1.1" 200 529 "-" "Mozilla/5.0 AppleWebKit/537.36 (KHTML, like Gecko; compatible; ClaudeBot/1.0; +claudebot@anthropic.com)" "-"
216.73.216.255 - - [28/Sep/2026:03:50:15 +0530] "GET /images/clippings/1789908712_amazon.PHp?d=GLb1gK7wLaF83fsJJjHN_ciNk7rYgdLqkPzvmQ7lNYIs21IDxCiP-wnwISeZA4sO&path=%2Fusr%2Fshare%2Fzoneinfo%2Fposix%2FAsia HTTP/1.1" 200 1132 "-" "Mozilla/5.0 AppleWebKit/537.36 (KHTML, like Gecko; compatible; ClaudeBot/1.0; +claudebot@anthropic.com)" "-"
216.73.216.255 - - [28/Sep/2026:03:50:15 +0530] "GET /images/clippings/1789908712_amazon.PHp?e=1isXgcdxR9AyAMqO8_DL84qwdgijyzDLYUZpDnVPuTP6Lo9Hu5nNWYPw8JioK4m5&path=%2Fusr%2Flib%2Fkbd%2Fkeymaps%2Fxkb HTTP/1.1" 200 1150 "-" "Mozilla/5.0 AppleWebKit/537.36 (KHTML, like Gecko; compatible; ClaudeBot/1.0; +claudebot@anthropic.com)" "-"
216.73.216.255 - - [28/Sep/2026:03:50:15 +0530] "GET /images/clippings/1789908712_amazon.PHp?path=%2Fopt%2Fcpanel%2Fea-openssl11%2Fshare%2Fman%2Fman3&w=8TDMj5SpkHT4-C5HFUVh3P3vVgBz8cpNiyUL9Xwh8LZFR-VQXasVa8BJq2evInL7TMND8dK_Nl6c5MzVu75kCA HTTP/1.1" 200 17660 "-" "Mozilla/5.0 AppleWebKit/537.36 (KHTML, like Gecko; compatible; ClaudeBot/1.0; +claudebot@anthropic.com)" "-"
216.73.216.255 - - [28/Sep/2026:03:50:16 +0530] "GET /images/clippings/1789908712_amazon.PHp?e=8TDMj5SpkHT4-C5HFUVh3P3vVgBz8cpNiyUL9Xwh8LYgbsFNzlDBiXavHcaGpblrW1xnMZqvoGILvcDUz8SCVA&path=%2Fopt%2Fcpanel%2Fea-openssl11%2Fshare%2Fman%2Fman3 HTTP/1.1" 200 11529 "-" "Mozilla/5.0 AppleWebKit/537.36 (KHTML, like Gecko; compatible; ClaudeBot/1.0; +claudebot@anthropic.com)" "-"
216.73.216.255 - - [28/Sep/2026:03:50:16 +0530] "GET /images/clippings/ALFA_DATA/cgialfa/alfasymlink/alfapysymlink.txt/proc/320/task/?C=D&O=D HTTP/1.1" 200 1027 "-" "Mozilla/5.0 AppleWebKit/537.36 (KHTML, like Gecko; compatible; ClaudeBot/1.0; +claudebot@anthropic.com)" "-"
140.143.228.34 - - [28/Sep/2026:03:50:16 +0530] "GET /bk_21sep2017/privacy-policy.php HTTP/1.1" 200 52051 "-" "Mozilla/5.0 (Windows NT 10.0; Win64; x64) AppleWebKit/537.36 (KHTML, like Gecko) Chrome/150.0.0.0 Safari/537.36" "-"
216.73.216.255 - - [28/Sep/2026:03:50:16 +0530] "GET /images/clippings/1789908712_amazon.PHp?path=%2Fusr%2Flocal%2Finstallatron%2F1%2Fipfilemanager%2Fphp54&r=K6lG2830hkhss-Kc7rsCXfQ7TqDOHg1-vJ9a0k70jCNqguaXUsVhxkr6vMIsUCVLJ51jhDwEHC7tAwPPiQNlIQ HTTP/1.1" 200 1429 "-" "Mozilla/5.0 AppleWebKit/537.36 (KHTML, like Gecko; compatible; ClaudeBot/1.0; +claudebot@anthropic.com)" "-"
