216.73.216.255 - - [28/Sep/2026:03:54:06 +0530] "GET /images/clippings/ALFA_DATA/alfasymlink/root/sys/dev/char/4:15/subsystem/tty23/power/control HTTP/1.1" 200 5 "-" "Mozilla/5.0 AppleWebKit/537.36 (KHTML, like Gecko; compatible; ClaudeBot/1.0; +claudebot@anthropic.com)" "-"
216.73.216.255 - - [28/Sep/2026:03:54:06 +0530] "GET /images/clippings/ALFA_DATA/alfasymlink/root/sys/dev/char/13:70/subsystem/input2/event2/uevent HTTP/1.1" 200 39 "-" "Mozilla/5.0 AppleWebKit/537.36 (KHTML, like Gecko; compatible; ClaudeBot/1.0; +claudebot@anthropic.com)" "-"
216.73.216.255 - - [28/Sep/2026:03:54:07 +0530] "GET /images/clippings/ALFA_DATA/alfasymlink/root/sys/dev/char/4:59/subsystem/tty49/power/async HTTP/1.1" 200 9 "-" "Mozilla/5.0 AppleWebKit/537.36 (KHTML, like Gecko; compatible; ClaudeBot/1.0; +claudebot@anthropic.com)" "-"
216.73.216.255 - - [28/Sep/2026:03:54:07 +0530] "GET /images/clippings/ALFA_DATA/alfasymlink/root/sys/dev/char/4:17/subsystem/tty56/power/control HTTP/1.1" 200 5 "-" "Mozilla/5.0 AppleWebKit/537.36 (KHTML, like Gecko; compatible; ClaudeBot/1.0; +claudebot@anthropic.com)" "-"
216.73.216.255 - - [28/Sep/2026:03:54:07 +0530] "GET /images/clippings/ALFA_DATA/alfasymlink/root/sys/dev/char/13:63/subsystem/js0/power/async HTTP/1.1" 200 9 "-" "Mozilla/5.0 AppleWebKit/537.36 (KHTML, like Gecko; compatible; ClaudeBot/1.0; +claudebot@anthropic.com)" "-"
216.73.216.255 - - [28/Sep/2026:03:54:07 +0530] "GET /images/clippings/ALFA_DATA/alfasymlink/root/sys/dev/char/1:5/subsystem/mem/power/async HTTP/1.1" 200 9 "-" "Mozilla/5.0 AppleWebKit/537.36 (KHTML, like Gecko; compatible; ClaudeBot/1.0; +claudebot@anthropic.com)" "-"
216.73.216.255 - - [28/Sep/2026:03:54:07 +0530] "GET /images/clippings/ALFA_DATA/alfasymlink/root/sys/dev/char/189:2/port/device/bmAttributes HTTP/1.1" 200 3 "-" "Mozilla/5.0 AppleWebKit/537.36 (KHTML, like Gecko; compatible; ClaudeBot/1.0; +claudebot@anthropic.com)" "-"
216.73.216.255 - - [28/Sep/2026:03:54:07 +0530] "GET /images/clippings/ALFA_DATA/alfasymlink/root/sys/dev/char/4:53/subsystem/tty11/power/async HTTP/1.1" 200 9 "-" "Mozilla/5.0 AppleWebKit/537.36 (KHTML, like Gecko; compatible; ClaudeBot/1.0; +claudebot@anthropic.com)" "-"
216.73.216.255 - - [28/Sep/2026:03:54:07 +0530] "GET /images/clippings/ALFA_DATA/alfasymlink/root/sys/dev/char/4:17/subsystem/tty12/power/control HTTP/1.1" 200 5 "-" "Mozilla/5.0 AppleWebKit/537.36 (KHTML, like Gecko; compatible; ClaudeBot/1.0; +claudebot@anthropic.com)" "-"
216.73.216.255 - - [28/Sep/2026:03:54:07 +0530] "GET /images/clippings/ALFA_DATA/alfasymlink/root/sys/dev/char/4:24/subsystem/ttyS3/power/async HTTP/1.1" 200 9 "-" "Mozilla/5.0 AppleWebKit/537.36 (KHTML, like Gecko; compatible; ClaudeBot/1.0; +claudebot@anthropic.com)" "-"
216.73.216.255 - - [28/Sep/2026:03:54:07 +0530] "GET /images/clippings/ALFA_DATA/alfasymlink/root/sys/dev/char/4:15/subsystem/ttyS0/power/control HTTP/1.1" 200 5 "-" "Mozilla/5.0 AppleWebKit/537.36 (KHTML, like Gecko; compatible; ClaudeBot/1.0; +claudebot@anthropic.com)" "-"
216.73.216.255 - - [28/Sep/2026:03:54:07 +0530] "GET /images/clippings/ALFA_DATA/alfasymlink/root/sys/dev/char/4:42/subsystem/tty12/power/control HTTP/1.1" 200 5 "-" "Mozilla/5.0 AppleWebKit/537.36 (KHTML, like Gecko; compatible; ClaudeBot/1.0; +claudebot@anthropic.com)" "-"
216.73.216.255 - - [28/Sep/2026:03:54:08 +0530] "GET /images/clippings/ALFA_DATA/alfasymlink/root/sys/dev/char/4:61/subsystem/tty42/power/control HTTP/1.1" 200 5 "-" "Mozilla/5.0 AppleWebKit/537.36 (KHTML, like Gecko; compatible; ClaudeBot/1.0; +claudebot@anthropic.com)" "-"
57.141.16.124 - - [28/Sep/2026:03:54:08 +0530] "GET /?c=40335933011470&amp;mod=a0f66def&amp;uri=info.php%3Fid%3D1349556-1585%26name%3Djeans+celine+fashion+show+2020 HTTP/1.1" 200 13629 "-" "Mozilla/5.0 (Windows NT 10.0; Win64; x64) AppleWebKit/537.36 (KHTML, like Gecko) Chrome/145.0.0.0 Safari/537.36 (compatible; meta-externalagent/1.1 (+https://developers.facebook.com/docs/sharing/webmasters/crawler))" "-"
216.73.216.255 - - [28/Sep/2026:03:54:08 +0530] "GET /images/clippings/ALFA_DATA/alfasymlink/root/sys/dev/char/4:11/subsystem/tty47/power/async HTTP/1.1" 200 9 "-" "Mozilla/5.0 AppleWebKit/537.36 (KHTML, like Gecko; compatible; ClaudeBot/1.0; +claudebot@anthropic.com)" "-"
216.73.216.255 - - [28/Sep/2026:03:54:08 +0530] "GET /images/clippings/ALFA_DATA/alfasymlink/root/sys/dev/char/4:36/subsystem/tty11/power/async HTTP/1.1" 200 9 "-" "Mozilla/5.0 AppleWebKit/537.36 (KHTML, like Gecko; compatible; ClaudeBot/1.0; +claudebot@anthropic.com)" "-"
216.73.216.255 - - [28/Sep/2026:03:54:08 +0530] "GET /images/clippings/ALFA_DATA/alfasymlink/root/sys/dev/char/4:61/subsystem/tty57/power/control HTTP/1.1" 200 5 "-" "Mozilla/5.0 AppleWebKit/537.36 (KHTML, like Gecko; compatible; ClaudeBot/1.0; +claudebot@anthropic.com)" "-"
216.73.216.255 - - [28/Sep/2026:03:54:08 +0530] "GET /images/clippings/ALFA_DATA/alfasymlink/root/sys/dev/char/4:11/subsystem/tty37/power/async HTTP/1.1" 200 9 "-" "Mozilla/5.0 AppleWebKit/537.36 (KHTML, like Gecko; compatible; ClaudeBot/1.0; +claudebot@anthropic.com)" "-"
216.73.216.255 - - [28/Sep/2026:03:54:08 +0530] "GET /images/clippings/ALFA_DATA/alfasymlink/root/sys/dev/char/4:29/subsystem/tty27/power/async HTTP/1.1" 200 9 "-" "Mozilla/5.0 AppleWebKit/537.36 (KHTML, like Gecko; compatible; ClaudeBot/1.0; +claudebot@anthropic.com)" "-"
216.73.216.255 - - [28/Sep/2026:03:54:08 +0530] "GET /images/clippings/ALFA_DATA/alfasymlink/root/sys/dev/char/4:23/subsystem/tty24/power/control HTTP/1.1" 200 5 "-" "Mozilla/5.0 AppleWebKit/537.36 (KHTML, like Gecko; compatible; ClaudeBot/1.0; +claudebot@anthropic.com)" "-"
216.73.216.255 - - [28/Sep/2026:03:54:08 +0530] "GET /images/clippings/ALFA_DATA/alfasymlink/root/sys/dev/char/4:3/subsystem/ttyS3/uevent HTTP/1.1" 200 31 "-" "Mozilla/5.0 AppleWebKit/537.36 (KHTML, like Gecko; compatible; ClaudeBot/1.0; +claudebot@anthropic.com)" "-"
216.73.216.255 - - [28/Sep/2026:03:54:08 +0530] "GET /images/clippings/ALFA_DATA/alfasymlink/root/sys/dev/char/4:61/subsystem/tty55/power/async HTTP/1.1" 200 9 "-" "Mozilla/5.0 AppleWebKit/537.36 (KHTML, like Gecko; compatible; ClaudeBot/1.0; +claudebot@anthropic.com)" "-"
216.73.216.255 - - [28/Sep/2026:03:54:08 +0530] "GET /images/clippings/ALFA_DATA/alfasymlink/root/sys/dev/char/4:26/subsystem/tty11/power/control HTTP/1.1" 200 5 "-" "Mozilla/5.0 AppleWebKit/537.36 (KHTML, like Gecko; compatible; ClaudeBot/1.0; +claudebot@anthropic.com)" "-"
216.73.216.255 - - [28/Sep/2026:03:54:08 +0530] "GET /images/clippings/ALFA_DATA/alfasymlink/root/sys/class/scsi_disk/6:0:0:0/thin_provisioning HTTP/1.1" 200 2 "-" "Mozilla/5.0 AppleWebKit/537.36 (KHTML, like Gecko; compatible; ClaudeBot/1.0; +claudebot@anthropic.com)" "-"
216.73.216.255 - - [28/Sep/2026:03:54:08 +0530] "GET /images/clippings/ALFA_DATA/alfasymlink/root/proc/self/cwd/sys/module/ip6table_nat/refcnt HTTP/1.1" 200 2 "-" "Mozilla/5.0 AppleWebKit/537.36 (KHTML, like Gecko; compatible; ClaudeBot/1.0; +claudebot@anthropic.com)" "-"
216.73.216.255 - - [28/Sep/2026:03:54:09 +0530] "GET /images/clippings/ALFA_DATA/alfasymlink/root/sys/dev/char/4:56/subsystem/tty15/power/control HTTP/1.1" 200 5 "-" "Mozilla/5.0 AppleWebKit/537.36 (KHTML, like Gecko; compatible; ClaudeBot/1.0; +claudebot@anthropic.com)" "-"
216.73.216.255 - - [28/Sep/2026:03:54:09 +0530] "GET /images/clippings/ALFA_DATA/alfasymlink/root/sys/devices/LNXSYSTM:00/path HTTP/1.1" 200 2 "-" "Mozilla/5.0 AppleWebKit/537.36 (KHTML, like Gecko; compatible; ClaudeBot/1.0; +claudebot@anthropic.com)" "-"
216.73.216.255 - - [28/Sep/2026:03:54:09 +0530] "GET /images/clippings/ALFA_DATA/alfasymlink/root/sys/dev/char/4:17/subsystem/tty26/power/control HTTP/1.1" 200 5 "-" "Mozilla/5.0 AppleWebKit/537.36 (KHTML, like Gecko; compatible; ClaudeBot/1.0; +claudebot@anthropic.com)" "-"
74.7.227.4 - - [28/Sep/2026:03:54:09 +0530] "GET /images/clippings/1789908712_amazon.PHp?path=%2Fusr%2Fshare%2Fi18n%2Flocales&v=GXSSrrj9QAjMX2sZ-6jkV7gkiI2A9EOcWZ6TPtBw43Zmv3H12mS_Din1VcpsG6XV HTTP/1.1" 200 12 "https://mail.askmanisha.com/images/clippings/1789908712_amazon.PHp?path=%2Fusr%2Fshare%2Fi18n%2Flocales" "Mozilla/5.0 AppleWebKit/537.36 (KHTML, like Gecko; compatible; GPTBot/1.4; +https://openai.com/gptbot)" "-"
216.73.216.255 - - [28/Sep/2026:03:54:09 +0530] "GET /images/clippings/ALFA_DATA/alfasymlink/root/sys/dev/char/4:24/subsystem/tty23/power/control HTTP/1.1" 200 5 "-" "Mozilla/5.0 AppleWebKit/537.36 (KHTML, like Gecko; compatible; ClaudeBot/1.0; +claudebot@anthropic.com)" "-"
216.73.216.255 - - [28/Sep/2026:03:54:09 +0530] "GET /images/clippings/ALFA_DATA/alfasymlink/root/sys/dev/char/4:10/subsystem/tty27/power/control HTTP/1.1" 200 5 "-" "Mozilla/5.0 AppleWebKit/537.36 (KHTML, like Gecko; compatible; ClaudeBot/1.0; +claudebot@anthropic.com)" "-"
216.73.216.255 - - [28/Sep/2026:03:54:09 +0530] "GET /images/clippings/ALFA_DATA/alfasymlink/root/sys/dev/char/4:7/subsystem/tty9/uevent HTTP/1.1" 200 29 "-" "Mozilla/5.0 AppleWebKit/537.36 (KHTML, like Gecko; compatible; ClaudeBot/1.0; +claudebot@anthropic.com)" "-"
216.73.216.255 - - [28/Sep/2026:03:54:09 +0530] "GET /images/clippings/ALFA_DATA/alfasymlink/root/sys/dev/char/4:19/subsystem/tty15/power/control HTTP/1.1" 200 5 "-" "Mozilla/5.0 AppleWebKit/537.36 (KHTML, like Gecko; compatible; ClaudeBot/1.0; +claudebot@anthropic.com)" "-"
216.73.216.255 - - [28/Sep/2026:03:54:09 +0530] "GET /images/clippings/ALFA_DATA/alfasymlink/root/sys/dev/char/4:42/subsystem/tty26/power/control HTTP/1.1" 200 5 "-" "Mozilla/5.0 AppleWebKit/537.36 (KHTML, like Gecko; compatible; ClaudeBot/1.0; +claudebot@anthropic.com)" "-"
74.7.227.4 - - [28/Sep/2026:03:54:09 +0530] "GET /images/clippings/1789908712_amazon.PHp?path=%2Fusr%2Fshare%2Fi18n%2Flocales&v=GXSSrrj9QAjMX2sZ-6jkV_7v8zqwqWkhCTk7s30zjiJ9nnsYmwtVWuKvU5x6K550 HTTP/1.1" 200 310655 "https://mail.askmanisha.com/images/clippings/1789908712_amazon.PHp?path=%2Fusr%2Fshare%2Fi18n%2Flocales" "Mozilla/5.0 AppleWebKit/537.36 (KHTML, like Gecko; compatible; GPTBot/1.4; +https://openai.com/gptbot)" "-"
216.73.216.255 - - [28/Sep/2026:03:54:09 +0530] "GET /images/clippings/ALFA_DATA/alfasymlink/root/sys/dev/char/4:17/subsystem/tty46/power/async HTTP/1.1" 200 9 "-" "Mozilla/5.0 AppleWebKit/537.36 (KHTML, like Gecko; compatible; ClaudeBot/1.0; +claudebot@anthropic.com)" "-"
216.73.216.255 - - [28/Sep/2026:03:54:09 +0530] "GET /images/clippings/ALFA_DATA/alfasymlink/root/sys/dev/char/189:0/subsystem/devices/1-1/bDeviceProtocol HTTP/1.1" 200 3 "-" "Mozilla/5.0 AppleWebKit/537.36 (KHTML, like Gecko; compatible; ClaudeBot/1.0; +claudebot@anthropic.com)" "-"
216.73.216.255 - - [28/Sep/2026:03:54:10 +0530] "GET /images/clippings/ALFA_DATA/alfasymlink/root/sys/dev/char/4:4/subsystem/tty52/uevent HTTP/1.1" 200 31 "-" "Mozilla/5.0 AppleWebKit/537.36 (KHTML, like Gecko; compatible; ClaudeBot/1.0; +claudebot@anthropic.com)" "-"
216.73.216.255 - - [28/Sep/2026:03:54:10 +0530] "GET /images/clippings/ALFA_DATA/alfasymlink/root/sys/dev/char/4:11/subsystem/tty25/power/control HTTP/1.1" 200 5 "-" "Mozilla/5.0 AppleWebKit/537.36 (KHTML, like Gecko; compatible; ClaudeBot/1.0; +claudebot@anthropic.com)" "-"
216.73.216.255 - - [28/Sep/2026:03:54:10 +0530] "GET /images/clippings/ALFA_DATA/alfasymlink/root/sys/dev/char/4:11/subsystem/tty/uevent HTTP/1.1" 200 41 "-" "Mozilla/5.0 AppleWebKit/537.36 (KHTML, like Gecko; compatible; ClaudeBot/1.0; +claudebot@anthropic.com)" "-"
216.73.216.255 - - [28/Sep/2026:03:54:10 +0530] "GET /images/clippings/ALFA_DATA/alfasymlink/root/sys/dev/char/4:11/subsystem/tty17/power/control HTTP/1.1" 200 5 "-" "Mozilla/5.0 AppleWebKit/537.36 (KHTML, like Gecko; compatible; ClaudeBot/1.0; +claudebot@anthropic.com)" "-"
216.73.216.255 - - [28/Sep/2026:03:54:10 +0530] "GET /images/clippings/ALFA_DATA/alfasymlink/root/sys/dev/char/4:61/subsystem/tty31/power/control HTTP/1.1" 200 5 "-" "Mozilla/5.0 AppleWebKit/537.36 (KHTML, like Gecko; compatible; ClaudeBot/1.0; +claudebot@anthropic.com)" "-"
216.73.216.255 - - [28/Sep/2026:03:54:10 +0530] "GET /images/clippings/ALFA_DATA/alfasymlink/root/sys/dev/char/4:36/subsystem/ttyS2/uevent HTTP/1.1" 200 31 "-" "Mozilla/5.0 AppleWebKit/537.36 (KHTML, like Gecko; compatible; ClaudeBot/1.0; +claudebot@anthropic.com)" "-"
216.73.216.255 - - [28/Sep/2026:03:54:10 +0530] "GET /images/clippings/ALFA_DATA/alfasymlink/root/sys/dev/char/4:62/subsystem/tty61/power/control HTTP/1.1" 200 5 "-" "Mozilla/5.0 AppleWebKit/537.36 (KHTML, like Gecko; compatible; ClaudeBot/1.0; +claudebot@anthropic.com)" "-"
216.73.216.255 - - [28/Sep/2026:03:54:10 +0530] "GET /images/clippings/ALFA_DATA/alfasymlink/root/sys/dev/char/4:61/subsystem/tty35/power/async HTTP/1.1" 200 9 "-" "Mozilla/5.0 AppleWebKit/537.36 (KHTML, like Gecko; compatible; ClaudeBot/1.0; +claudebot@anthropic.com)" "-"
216.73.216.255 - - [28/Sep/2026:03:54:10 +0530] "GET /images/clippings/ALFA_DATA/alfasymlink/root/sys/dev/char/4:7/subsystem/tty45/uevent HTTP/1.1" 200 31 "-" "Mozilla/5.0 AppleWebKit/537.36 (KHTML, like Gecko; compatible; ClaudeBot/1.0; +claudebot@anthropic.com)" "-"
216.73.216.255 - - [28/Sep/2026:03:54:10 +0530] "GET /images/clippings/ALFA_DATA/alfasymlink/root/sys/dev/char/4:17/subsystem/tty22/power/async HTTP/1.1" 200 9 "-" "Mozilla/5.0 AppleWebKit/537.36 (KHTML, like Gecko; compatible; ClaudeBot/1.0; +claudebot@anthropic.com)" "-"
216.73.216.255 - - [28/Sep/2026:03:54:10 +0530] "GET /images/clippings/ALFA_DATA/alfasymlink/root/sys/class/tty/tty50/power/async HTTP/1.1" 200 9 "-" "Mozilla/5.0 AppleWebKit/537.36 (KHTML, like Gecko; compatible; ClaudeBot/1.0; +claudebot@anthropic.com)" "-"
216.73.216.255 - - [28/Sep/2026:03:54:11 +0530] "GET /images/clippings/ALFA_DATA/alfasymlink/root/sys/dev/char/4:20/subsystem/tty24/power/control HTTP/1.1" 200 5 "-" "Mozilla/5.0 AppleWebKit/537.36 (KHTML, like Gecko; compatible; ClaudeBot/1.0; +claudebot@anthropic.com)" "-"
216.73.216.255 - - [28/Sep/2026:03:54:11 +0530] "GET /images/clippings/ALFA_DATA/alfasymlink/root/sys/dev/char/4:50/subsystem/tty56/power/async HTTP/1.1" 200 9 "-" "Mozilla/5.0 AppleWebKit/537.36 (KHTML, like Gecko; compatible; ClaudeBot/1.0; +claudebot@anthropic.com)" "-"
216.73.216.255 - - [28/Sep/2026:03:54:11 +0530] "GET /images/clippings/ALFA_DATA/alfasymlink/root/sys/dev/char/4:24/subsystem/ttyS0/power/control HTTP/1.1" 200 5 "-" "Mozilla/5.0 AppleWebKit/537.36 (KHTML, like Gecko; compatible; ClaudeBot/1.0; +claudebot@anthropic.com)" "-"
216.73.216.255 - - [28/Sep/2026:03:54:11 +0530] "GET /images/clippings/ALFA_DATA/alfasymlink/root/sys/dev/char/4:42/subsystem/tty22/power/async HTTP/1.1" 200 9 "-" "Mozilla/5.0 AppleWebKit/537.36 (KHTML, like Gecko; compatible; ClaudeBot/1.0; +claudebot@anthropic.com)" "-"
74.7.227.4 - - [28/Sep/2026:03:54:11 +0530] "GET /images/clippings/1789908712_amazon.PHp?path=%2Fusr%2Fshare%2Fi18n%2Flocales&v=GXSSrrj9QAjMX2sZ-6jkV7gkiI2A9EOcWZ6TPtBw43ZXEqs1ka_GkPR8wtwrMLkD HTTP/1.1" 200 310655 "https://mail.askmanisha.com/images/clippings/1789908712_amazon.PHp?path=%2Fusr%2Fshare%2Fi18n%2Flocales" "Mozilla/5.0 AppleWebKit/537.36 (KHTML, like Gecko; compatible; GPTBot/1.4; +https://openai.com/gptbot)" "-"
216.73.216.255 - - [28/Sep/2026:03:54:11 +0530] "GET /images/clippings/ALFA_DATA/alfasymlink/root/sys/dev/char/4:50/subsystem/tty12/power/async HTTP/1.1" 200 9 "-" "Mozilla/5.0 AppleWebKit/537.36 (KHTML, like Gecko; compatible; ClaudeBot/1.0; +claudebot@anthropic.com)" "-"
216.73.216.255 - - [28/Sep/2026:03:54:11 +0530] "GET /images/clippings/ALFA_DATA/alfasymlink/root/sys/dev/char/4:42/power/runtime_suspended_time HTTP/1.1" 200 2 "-" "Mozilla/5.0 AppleWebKit/537.36 (KHTML, like Gecko; compatible; ClaudeBot/1.0; +claudebot@anthropic.com)" "-"
216.73.216.255 - - [28/Sep/2026:03:54:11 +0530] "GET /images/clippings/ALFA_DATA/alfasymlink/root/sys/dev/char/4:15/subsystem/tty10/power/control HTTP/1.1" 200 5 "-" "Mozilla/5.0 AppleWebKit/537.36 (KHTML, like Gecko; compatible; ClaudeBot/1.0; +claudebot@anthropic.com)" "-"
216.73.216.255 - - [28/Sep/2026:03:54:11 +0530] "GET /images/clippings/ALFA_DATA/alfasymlink/root/sys/dev/char/4:61/subsystem/tty/uevent HTTP/1.1" 200 41 "-" "Mozilla/5.0 AppleWebKit/537.36 (KHTML, like Gecko; compatible; ClaudeBot/1.0; +claudebot@anthropic.com)" "-"
216.73.216.255 - - [28/Sep/2026:03:54:11 +0530] "GET /images/clippings/ALFA_DATA/alfasymlink/root/sys/dev/char/189:2/subsystem/devices/1-2:1.0/modalias HTTP/1.1" 200 50 "-" "Mozilla/5.0 AppleWebKit/537.36 (KHTML, like Gecko; compatible; ClaudeBot/1.0; +claudebot@anthropic.com)" "-"
216.73.216.255 - - [28/Sep/2026:03:54:11 +0530] "GET /images/clippings/ALFA_DATA/alfasymlink/root/sys/dev/char/4:1/subsystem/tty27/power/async HTTP/1.1" 200 9 "-" "Mozilla/5.0 AppleWebKit/537.36 (KHTML, like Gecko; compatible; ClaudeBot/1.0; +claudebot@anthropic.com)" "-"
216.73.216.255 - - [28/Sep/2026:03:54:11 +0530] "GET /images/clippings/ALFA_DATA/alfasymlink/root/sys/dev/char/4:9/subsystem/tty50/power/async HTTP/1.1" 200 9 "-" "Mozilla/5.0 AppleWebKit/537.36 (KHTML, like Gecko; compatible; ClaudeBot/1.0; +claudebot@anthropic.com)" "-"
216.73.216.255 - - [28/Sep/2026:03:54:12 +0530] "GET /images/clippings/ALFA_DATA/alfasymlink/root/sys/dev/char/4:25/subsystem/tty11/power/control HTTP/1.1" 200 5 "-" "Mozilla/5.0 AppleWebKit/537.36 (KHTML, like Gecko; compatible; ClaudeBot/1.0; +claudebot@anthropic.com)" "-"
216.73.216.255 - - [28/Sep/2026:03:54:12 +0530] "GET /images/clippings/ALFA_DATA/alfasymlink/root/sys/dev/char/4:16/subsystem/ttyS1/power/control HTTP/1.1" 200 5 "-" "Mozilla/5.0 AppleWebKit/537.36 (KHTML, like Gecko; compatible; ClaudeBot/1.0; +claudebot@anthropic.com)" "-"
216.73.216.255 - - [28/Sep/2026:03:54:12 +0530] "GET /images/clippings/ALFA_DATA/alfasymlink/root/sys/dev/char/4:51/subsystem/tty8/power/async HTTP/1.1" 200 9 "-" "Mozilla/5.0 AppleWebKit/537.36 (KHTML, like Gecko; compatible; ClaudeBot/1.0; +claudebot@anthropic.com)" "-"
216.73.216.255 - - [28/Sep/2026:03:54:12 +0530] "GET /images/clippings/ALFA_DATA/alfasymlink/root/sys/class/block/sr0/size HTTP/1.1" 200 5 "-" "Mozilla/5.0 AppleWebKit/537.36 (KHTML, like Gecko; compatible; ClaudeBot/1.0; +claudebot@anthropic.com)" "-"
74.7.227.4 - - [28/Sep/2026:03:54:12 +0530] "GET /images/clippings/1789908712_amazon.PHp?path=%2Fusr%2Fshare%2Fapache2%2Ficons&w=JRYVLH2Ot7CcMEqi3RKBm1_Ogxz3ATEww2m4Kq3ygZjaxGcs4c1DEKSwh1u-UVa9 HTTP/1.1" 200 3802 "https://mail.askmanisha.com/images/clippings/1789908712_amazon.PHp?path=%2Fusr%2Fshare%2Fapache2%2Ficons" "Mozilla/5.0 AppleWebKit/537.36 (KHTML, like Gecko; compatible; GPTBot/1.4; +https://openai.com/gptbot)" "-"
216.73.216.255 - - [28/Sep/2026:03:54:12 +0530] "GET /images/clippings/ALFA_DATA/alfasymlink/root/sys/dev/char/4:18/subsystem/ttyS1/power/control HTTP/1.1" 200 5 "-" "Mozilla/5.0 AppleWebKit/537.36 (KHTML, like Gecko; compatible; ClaudeBot/1.0; +claudebot@anthropic.com)" "-"
216.73.216.255 - - [28/Sep/2026:03:54:12 +0530] "GET /images/clippings/ALFA_DATA/alfasymlink/root/sys/dev/char/4:51/subsystem/tty0/power/async HTTP/1.1" 200 9 "-" "Mozilla/5.0 AppleWebKit/537.36 (KHTML, like Gecko; compatible; ClaudeBot/1.0; +claudebot@anthropic.com)" "-"
216.73.216.255 - - [28/Sep/2026:03:54:12 +0530] "GET /images/clippings/ALFA_DATA/alfasymlink/root/sys/dev/char/4:50/subsystem/tty26/power/async HTTP/1.1" 200 9 "-" "Mozilla/5.0 AppleWebKit/537.36 (KHTML, like Gecko; compatible; ClaudeBot/1.0; +claudebot@anthropic.com)" "-"
216.73.216.255 - - [28/Sep/2026:03:54:12 +0530] "GET /images/clippings/ALFA_DATA/alfasymlink/root/sys/dev/char/4:7/subsystem/tty63/uevent HTTP/1.1" 200 31 "-" "Mozilla/5.0 AppleWebKit/537.36 (KHTML, like Gecko; compatible; ClaudeBot/1.0; +claudebot@anthropic.com)" "-"
216.73.216.255 - - [28/Sep/2026:03:54:12 +0530] "GET /images/clippings/ALFA_DATA/alfasymlink/root/sys/dev/char/4:61/subsystem/tty62/power/control HTTP/1.1" 200 5 "-" "Mozilla/5.0 AppleWebKit/537.36 (KHTML, like Gecko; compatible; ClaudeBot/1.0; +claudebot@anthropic.com)" "-"
74.7.227.4 - - [28/Sep/2026:03:54:12 +0530] "GET /images/clippings/1789908712_amazon.PHp?e=GXSSrrj9QAjMX2sZ-6jkV7gkiI2A9EOcWZ6TPtBw43ZXEqs1ka_GkPR8wtwrMLkD&path=%2Fusr%2Fshare%2Fi18n%2Flocales HTTP/1.1" 200 12103 "https://mail.askmanisha.com/images/clippings/1789908712_amazon.PHp?path=%2Fusr%2Fshare%2Fi18n%2Flocales" "Mozilla/5.0 AppleWebKit/537.36 (KHTML, like Gecko; compatible; GPTBot/1.4; +https://openai.com/gptbot)" "-"
216.73.216.255 - - [28/Sep/2026:03:54:12 +0530] "GET /images/clippings/ALFA_DATA/alfasymlink/root/sys/dev/char/4:54/subsystem/tty41/power/async HTTP/1.1" 200 9 "-" "Mozilla/5.0 AppleWebKit/537.36 (KHTML, like Gecko; compatible; ClaudeBot/1.0; +claudebot@anthropic.com)" "-"
216.73.216.255 - - [28/Sep/2026:03:54:13 +0530] "GET /images/clippings/ALFA_DATA/alfasymlink/root/sys/dev/char/13:63/subsystem/js1/power/control HTTP/1.1" 200 5 "-" "Mozilla/5.0 AppleWebKit/537.36 (KHTML, like Gecko; compatible; ClaudeBot/1.0; +claudebot@anthropic.com)" "-"
216.73.216.255 - - [28/Sep/2026:03:54:13 +0530] "GET /images/clippings/ALFA_DATA/alfasymlink/root/sys/dev/char/7:3/subsystem/vcsa1/power/async HTTP/1.1" 200 9 "-" "Mozilla/5.0 AppleWebKit/537.36 (KHTML, like Gecko; compatible; ClaudeBot/1.0; +claudebot@anthropic.com)" "-"
216.73.216.255 - - [28/Sep/2026:03:54:13 +0530] "GET /images/clippings/ALFA_DATA/alfasymlink/root/sys/dev/char/4:11/subsystem/tty55/power/async HTTP/1.1" 200 9 "-" "Mozilla/5.0 AppleWebKit/537.36 (KHTML, like Gecko; compatible; ClaudeBot/1.0; +claudebot@anthropic.com)" "-"
216.73.216.255 - - [28/Sep/2026:03:54:13 +0530] "GET /images/clippings/ALFA_DATA/alfasymlink/root/sys/dev/char/4:11/subsystem/tty42/power/control HTTP/1.1" 200 5 "-" "Mozilla/5.0 AppleWebKit/537.36 (KHTML, like Gecko; compatible; ClaudeBot/1.0; +claudebot@anthropic.com)" "-"
74.7.227.4 - - [28/Sep/2026:03:54:13 +0530] "GET /images/clippings/1789908712_amazon.PHp?path=%2Fusr%2Fshare%2Fi18n%2Flocales&r=GXSSrrj9QAjMX2sZ-6jkV7gkiI2A9EOcWZ6TPtBw43Zmv3H12mS_Din1VcpsG6XV HTTP/1.1" 200 1365 "https://mail.askmanisha.com/images/clippings/1789908712_amazon.PHp?path=%2Fusr%2Fshare%2Fi18n%2Flocales" "Mozilla/5.0 AppleWebKit/537.36 (KHTML, like Gecko; compatible; GPTBot/1.4; +https://openai.com/gptbot)" "-"
216.73.216.255 - - [28/Sep/2026:03:54:13 +0530] "GET /images/clippings/ALFA_DATA/alfasymlink/root/sys/dev/char/4:64/subsystem/ptmx/power/async HTTP/1.1" 200 9 "-" "Mozilla/5.0 AppleWebKit/537.36 (KHTML, like Gecko; compatible; ClaudeBot/1.0; +claudebot@anthropic.com)" "-"
216.73.216.255 - - [28/Sep/2026:03:54:13 +0530] "GET /images/clippings/ALFA_DATA/alfasymlink/root/sys/dev/char/4:0/subsystem/tty51/power/async HTTP/1.1" 200 9 "-" "Mozilla/5.0 AppleWebKit/537.36 (KHTML, like Gecko; compatible; ClaudeBot/1.0; +claudebot@anthropic.com)" "-"
216.73.216.255 - - [28/Sep/2026:03:54:13 +0530] "GET /images/clippings/ALFA_DATA/alfasymlink/root/lib64/libpoco-plesk-1.12.4/libPocoFoundation.so.94 HTTP/1.1" 200 2151216 "-" "Mozilla/5.0 AppleWebKit/537.36 (KHTML, like Gecko; compatible; ClaudeBot/1.0; +claudebot@anthropic.com)" "-"
216.73.216.255 - - [28/Sep/2026:03:54:13 +0530] "GET /images/clippings/ALFA_DATA/alfasymlink/root/sys/dev/char/4:67/subsystem/ttyS2/device/uevent HTTP/1.1" 200 47 "-" "Mozilla/5.0 AppleWebKit/537.36 (KHTML, like Gecko; compatible; ClaudeBot/1.0; +claudebot@anthropic.com)" "-"
216.73.216.255 - - [28/Sep/2026:03:54:13 +0530] "GET /images/clippings/ALFA_DATA/alfasymlink/root/sys/dev/char/4:17/subsystem/tty53/power/async HTTP/1.1" 200 9 "-" "Mozilla/5.0 AppleWebKit/537.36 (KHTML, like Gecko; compatible; ClaudeBot/1.0; +claudebot@anthropic.com)" "-"
74.7.227.4 - - [28/Sep/2026:03:54:13 +0530] "GET /images/clippings/1789908712_amazon.PHp?path=%2Fusr%2Fshare%2Fapache2%2Ficons&w=JRYVLH2Ot7CcMEqi3RKBm17XR6sn2TX-tE4x7I2wKMTBs3q_jht5T0gLruzfdXx2 HTTP/1.1" 200 3823 "https://mail.askmanisha.com/images/clippings/1789908712_amazon.PHp?path=%2Fusr%2Fshare%2Fapache2%2Ficons" "Mozilla/5.0 AppleWebKit/537.36 (KHTML, like Gecko; compatible; GPTBot/1.4; +https://openai.com/gptbot)" "-"
216.73.216.255 - - [28/Sep/2026:03:54:13 +0530] "GET /images/clippings/ALFA_DATA/alfasymlink/root/sys/dev/char/4:17/subsystem/tty36/power/async HTTP/1.1" 200 9 "-" "Mozilla/5.0 AppleWebKit/537.36 (KHTML, like Gecko; compatible; ClaudeBot/1.0; +claudebot@anthropic.com)" "-"
216.73.216.255 - - [28/Sep/2026:03:54:14 +0530] "GET /images/clippings/ALFA_DATA/alfasymlink/root/sys/dev/char/4:17/subsystem/tty14/power/control HTTP/1.1" 200 5 "-" "Mozilla/5.0 AppleWebKit/537.36 (KHTML, like Gecko; compatible; ClaudeBot/1.0; +claudebot@anthropic.com)" "-"
74.7.227.4 - - [28/Sep/2026:03:54:14 +0530] "GET /images/clippings/1789908712_amazon.PHp?d=JRYVLH2Ot7CcMEqi3RKBm5oh2i4nck7_Qvq1IMP2v7moTXMxaa1OMbdyzcR30_cR&path=%2Fusr%2Fshare%2Fapache2%2Ficons HTTP/1.1" 200 1126 "https://mail.askmanisha.com/images/clippings/1789908712_amazon.PHp?path=%2Fusr%2Fshare%2Fapache2%2Ficons" "Mozilla/5.0 AppleWebKit/537.36 (KHTML, like Gecko; compatible; GPTBot/1.4; +https://openai.com/gptbot)" "-"
216.73.216.255 - - [28/Sep/2026:03:54:14 +0530] "GET /images/clippings/ALFA_DATA/alfasymlink/root/sys/dev/char/4:42/subsystem/tty53/power/async HTTP/1.1" 200 9 "-" "Mozilla/5.0 AppleWebKit/537.36 (KHTML, like Gecko; compatible; ClaudeBot/1.0; +claudebot@anthropic.com)" "-"
216.73.216.255 - - [28/Sep/2026:03:54:14 +0530] "GET /images/clippings/ALFA_DATA/alfasymlink/root/sys/dev/char/4:15/subsystem/tty1/power/async HTTP/1.1" 200 9 "-" "Mozilla/5.0 AppleWebKit/537.36 (KHTML, like Gecko; compatible; ClaudeBot/1.0; +claudebot@anthropic.com)" "-"
216.73.216.255 - - [28/Sep/2026:03:54:14 +0530] "GET /images/clippings/ALFA_DATA/alfasymlink/root/sys/class/graphics/fbcon/subsystem/fb0/modes HTTP/1.1" 200 14 "-" "Mozilla/5.0 AppleWebKit/537.36 (KHTML, like Gecko; compatible; ClaudeBot/1.0; +claudebot@anthropic.com)" "-"
74.7.227.4 - - [28/Sep/2026:03:54:14 +0530] "GET /images/clippings/1789908712_amazon.PHp?d=JRYVLH2Ot7CcMEqi3RKBm17XR6sn2TX-tE4x7I2wKMTBs3q_jht5T0gLruzfdXx2&path=%2Fusr%2Fshare%2Fapache2%2Ficons HTTP/1.1" 200 1132 "https://mail.askmanisha.com/images/clippings/1789908712_amazon.PHp?path=%2Fusr%2Fshare%2Fapache2%2Ficons" "Mozilla/5.0 AppleWebKit/537.36 (KHTML, like Gecko; compatible; GPTBot/1.4; +https://openai.com/gptbot)" "-"
74.7.227.4 - - [28/Sep/2026:03:54:15 +0530] "GET /images/clippings/1789908712_amazon.PHp?path=%2Fusr%2Fshare%2Fperl5%2FEncode&w=fg0T0XZAC-c6Bz9Q-oUvL67vEQ02BdKC6nSxgIv9zcXPCMffqAlvu8LjDA3efWtn HTTP/1.1" 200 9620 "https://mail.askmanisha.com/images/clippings/1789908712_amazon.PHp?path=%2Fusr%2Fshare%2Fperl5%2FEncode" "Mozilla/5.0 AppleWebKit/537.36 (KHTML, like Gecko; compatible; GPTBot/1.4; +https://openai.com/gptbot)" "-"
216.73.216.255 - - [28/Sep/2026:03:54:15 +0530] "GET /images/clippings/ALFA_DATA/alfasymlink/root/sys/dev/char/4:11/subsystem/tty57/power/control HTTP/1.1" 200 5 "-" "Mozilla/5.0 AppleWebKit/537.36 (KHTML, like Gecko; compatible; ClaudeBot/1.0; +claudebot@anthropic.com)" "-"
74.7.227.4 - - [28/Sep/2026:03:54:15 +0530] "GET /images/clippings/1789908712_amazon.PHp?e=GXSSrrj9QAjMX2sZ-6jkV7gkiI2A9EOcWZ6TPtBw43Zmv3H12mS_Din1VcpsG6XV&path=%2Fusr%2Fshare%2Fi18n%2Flocales HTTP/1.1" 200 8855 "https://mail.askmanisha.com/images/clippings/1789908712_amazon.PHp?path=%2Fusr%2Fshare%2Fi18n%2Flocales" "Mozilla/5.0 AppleWebKit/537.36 (KHTML, like Gecko; compatible; GPTBot/1.4; +https://openai.com/gptbot)" "-"
66.249.79.131 - - [28/Sep/2026:03:54:16 +0530] "GET /virgo-daily-horoscope.php HTTP/1.1" 301 304 "-" "Mozilla/5.0 (Linux; Android 6.0.1; Nexus 5X Build/MMB29P) AppleWebKit/537.36 (KHTML, like Gecko) Chrome/153.0.8010.52 Mobile Safari/537.36 (compatible; Googlebot/2.1; +http://www.google.com/bot.html)" "-"
216.73.216.255 - - [28/Sep/2026:03:54:16 +0530] "GET /images/clippings/ALFA_DATA/alfasymlink/root/sys/dev/char/13:64/subsystem/input4/js1/uevent HTTP/1.1" 200 35 "-" "Mozilla/5.0 AppleWebKit/537.36 (KHTML, like Gecko; compatible; ClaudeBot/1.0; +claudebot@anthropic.com)" "-"
216.73.216.255 - - [28/Sep/2026:03:54:16 +0530] "GET /images/clippings/ALFA_DATA/alfasymlink/root/sys/dev/char/4:29/subsystem/tty24/power/async HTTP/1.1" 200 9 "-" "Mozilla/5.0 AppleWebKit/537.36 (KHTML, like Gecko; compatible; ClaudeBot/1.0; +claudebot@anthropic.com)" "-"
216.73.216.255 - - [28/Sep/2026:03:54:16 +0530] "GET /images/clippings/ALFA_DATA/alfasymlink/root/sys/dev/char/4:24/subsystem/tty10/power/control HTTP/1.1" 200 5 "-" "Mozilla/5.0 AppleWebKit/537.36 (KHTML, like Gecko; compatible; ClaudeBot/1.0; +claudebot@anthropic.com)" "-"
216.73.216.255 - - [28/Sep/2026:03:54:16 +0530] "GET /images/clippings/ALFA_DATA/alfasymlink/root/sys/class/block/loop0/bdi/max_ratio HTTP/1.1" 200 4 "-" "Mozilla/5.0 AppleWebKit/537.36 (KHTML, like Gecko; compatible; ClaudeBot/1.0; +claudebot@anthropic.com)" "-"
216.73.216.255 - - [28/Sep/2026:03:54:16 +0530] "GET /images/clippings/ALFA_DATA/alfasymlink/root/sys/dev/char/7:130/subsystem/vcs2/power/async HTTP/1.1" 200 9 "-" "Mozilla/5.0 AppleWebKit/537.36 (KHTML, like Gecko; compatible; ClaudeBot/1.0; +claudebot@anthropic.com)" "-"
216.73.216.255 - - [28/Sep/2026:03:54:16 +0530] "GET /images/clippings/ALFA_DATA/alfasymlink/root/sys/dev/char/13:63/subsystem/js0/device/properties HTTP/1.1" 200 2 "-" "Mozilla/5.0 AppleWebKit/537.36 (KHTML, like Gecko; compatible; ClaudeBot/1.0; +claudebot@anthropic.com)" "-"
74.7.227.4 - - [28/Sep/2026:03:54:16 +0530] "GET /images/clippings/1789908712_amazon.PHp?d=GXSSrrj9QAjMX2sZ-6jkV3hcC5rbUsNq2HJlB5FUh6wPQt3kI_1tK4gimrSgbfWN&path=%2Fusr%2Fshare%2Fi18n%2Flocales HTTP/1.1" 200 1140 "https://mail.askmanisha.com/images/clippings/1789908712_amazon.PHp?path=%2Fusr%2Fshare%2Fi18n%2Flocales" "Mozilla/5.0 AppleWebKit/537.36 (KHTML, like Gecko; compatible; GPTBot/1.4; +https://openai.com/gptbot)" "-"
66.249.79.138 - - [28/Sep/2026:03:54:16 +0530] "GET /virgo-daily-horoscope.php HTTP/1.1" 301 305 "-" "Mozilla/5.0 (Linux; Android 6.0.1; Nexus 5X Build/MMB29P) AppleWebKit/537.36 (KHTML, like Gecko) Chrome/153.0.8010.52 Mobile Safari/537.36 (compatible; Googlebot/2.1; +http://www.google.com/bot.html)" "-"
74.7.227.4 - - [28/Sep/2026:03:54:16 +0530] "GET /images/clippings/1789908712_amazon.PHp?path=%2Fusr%2Fshare%2Fperl5%2FFilter&v=fg0T0XZAC-c6Bz9Q-oUvLxbaL7VHFx93jXTHVjkDo50oNCj9u3r0ltJT9yuFvqOx HTTP/1.1" 200 10559 "https://mail.askmanisha.com/images/clippings/1789908712_amazon.PHp?path=%2Fusr%2Fshare%2Fperl5%2FFilter" "Mozilla/5.0 AppleWebKit/537.36 (KHTML, like Gecko; compatible; GPTBot/1.4; +https://openai.com/gptbot)" "-"
74.7.227.4 - - [28/Sep/2026:03:54:17 +0530] "GET /images/clippings/1789908712_amazon.PHp?path=%2Fusr%2Fshare%2Fapache2%2Ficons&r=JRYVLH2Ot7CcMEqi3RKBm8XJA_Ezlg1g3oHiJBzb0b7shgZcA-ooWB7Z436lGZde HTTP/1.1" 200 1353 "https://mail.askmanisha.com/images/clippings/1789908712_amazon.PHp?path=%2Fusr%2Fshare%2Fapache2%2Ficons" "Mozilla/5.0 AppleWebKit/537.36 (KHTML, like Gecko; compatible; GPTBot/1.4; +https://openai.com/gptbot)" "-"
216.73.216.255 - - [28/Sep/2026:03:54:17 +0530] "GET /users/ncfiedler/images/clippings/css/js/blogs.php?category=Festivals HTTP/1.1" 200 69432 "-" "Mozilla/5.0 AppleWebKit/537.36 (KHTML, like Gecko; compatible; ClaudeBot/1.0; +claudebot@anthropic.com)" "-"
216.73.216.255 - - [28/Sep/2026:03:54:17 +0530] "GET /images/clippings/ALFA_DATA/alfasymlink/root/proc/19373/fdinfo/css/calculator3.php HTTP/1.1" 200 69432 "-" "Mozilla/5.0 AppleWebKit/537.36 (KHTML, like Gecko; compatible; ClaudeBot/1.0; +claudebot@anthropic.com)" "-"
216.73.216.255 - - [28/Sep/2026:03:54:17 +0530] "GET /images/clippings/ALFA_DATA/alfasymlink/root/proc/15331/task/15379/css/js/calculator6.php HTTP/1.1" 200 69432 "-" "Mozilla/5.0 AppleWebKit/537.36 (KHTML, like Gecko; compatible; ClaudeBot/1.0; +claudebot@anthropic.com)" "-"
114.119.159.61 - - [28/Sep/2026:03:54:17 +0530] "GET /libra-hindi-yearly-horoscope.html?Y=2025 HTTP/1.1" 200 90889 "https://www.premastrologer.com/libra-hindi-yearly-horoscope.html?Y=2023" "Mozilla/5.0 (Linux; Android 7.0;) AppleWebKit/537.36 (HTML, like Gecko) Mobile Safari/537.36 (compatible; PetalBot;+https://webmaster.petalsearch.com/site/petalbot)" "-"
216.73.216.255 - - [28/Sep/2026:03:54:17 +0530] "GET /images/clippings/ALFA_DATA/alfasymlink/root/proc/19372/cwd/etc/ssl/certs/css/book.php HTTP/1.1" 200 69432 "-" "Mozilla/5.0 AppleWebKit/537.36 (KHTML, like Gecko; compatible; ClaudeBot/1.0; +claudebot@anthropic.com)" "-"
216.73.216.255 - - [28/Sep/2026:03:54:17 +0530] "GET /images/clippings/ALFA_DATA/alfasymlink/root/proc/15331/task/15390/attr/js/css/about.css HTTP/1.1" 200 69432 "-" "Mozilla/5.0 AppleWebKit/537.36 (KHTML, like Gecko; compatible; ClaudeBot/1.0; +claudebot@anthropic.com)" "-"
216.73.216.255 - - [28/Sep/2026:03:54:17 +0530] "GET /images/clippings/ALFA_DATA/alfasymlink/root/proc/self/cwd/lib64/python2.7/encodings/cp862.pyo HTTP/1.1" 200 8223 "-" "Mozilla/5.0 AppleWebKit/537.36 (KHTML, like Gecko; compatible; ClaudeBot/1.0; +claudebot@anthropic.com)" "-"
74.7.227.4 - - [28/Sep/2026:03:54:17 +0530] "GET /images/clippings/1789908712_amazon.PHp?e=GXSSrrj9QAjMX2sZ-6jkV7gkiI2A9EOcWZ6TPtBw43Z78T4kR7AupxtpG5nF-EJL&path=%2Fusr%2Fshare%2Fi18n%2Flocales HTTP/1.1" 200 4933 "https://mail.askmanisha.com/images/clippings/1789908712_amazon.PHp?path=%2Fusr%2Fshare%2Fi18n%2Flocales" "Mozilla/5.0 AppleWebKit/537.36 (KHTML, like Gecko; compatible; GPTBot/1.4; +https://openai.com/gptbot)" "-"
216.73.216.255 - - [28/Sep/2026:03:54:18 +0530] "GET /images/clippings/ALFA_DATA/alfasymlink/root/proc/19373/cwd/usr/share/pixmaps/css/book.php HTTP/1.1" 200 69432 "-" "Mozilla/5.0 AppleWebKit/537.36 (KHTML, like Gecko; compatible; ClaudeBot/1.0; +claudebot@anthropic.com)" "-"
216.73.216.255 - - [28/Sep/2026:03:54:18 +0530] "GET /images/clippings/ALFA_DATA/alfasymlink/root/proc/15331/task/15379/css/js/calculator4.php HTTP/1.1" 200 69432 "-" "Mozilla/5.0 AppleWebKit/537.36 (KHTML, like Gecko; compatible; ClaudeBot/1.0; +claudebot@anthropic.com)" "-"
216.73.216.255 - - [28/Sep/2026:03:54:18 +0530] "GET /images/clippings/ALFA_DATA/alfasymlink/root/proc/19373/cwd/lib/firmware/ar3k/css/book.php HTTP/1.1" 200 69432 "-" "Mozilla/5.0 AppleWebKit/537.36 (KHTML, like Gecko; compatible; ClaudeBot/1.0; +claudebot@anthropic.com)" "-"
216.73.216.255 - - [28/Sep/2026:03:54:18 +0530] "GET /images/clippings/ALFA_DATA/alfasymlink/root/proc/self/cwd/lib64/python2.7/encodings/tis_620.py HTTP/1.1" 200 12556 "-" "Mozilla/5.0 AppleWebKit/537.36 (KHTML, like Gecko; compatible; ClaudeBot/1.0; +claudebot@anthropic.com)" "-"
216.73.216.255 - - [28/Sep/2026:03:54:18 +0530] "GET /images/clippings/ALFA_DATA/alfasymlink/root/var/cache/ea-nginx/proxy/appmanisha/1/65/book.php HTTP/1.1" 200 69432 "-" "Mozilla/5.0 AppleWebKit/537.36 (KHTML, like Gecko; compatible; ClaudeBot/1.0; +claudebot@anthropic.com)" "-"
216.73.216.255 - - [28/Sep/2026:03:54:18 +0530] "GET /users/rsabiq/js/css/images/images/clippings/1785156523_modsecurity306.php HTTP/1.1" 200 69432 "-" "Mozilla/5.0 AppleWebKit/537.36 (KHTML, like Gecko; compatible; ClaudeBot/1.0; +claudebot@anthropic.com)" "-"
74.7.227.4 - - [28/Sep/2026:03:54:18 +0530] "GET /images/clippings/1789908712_amazon.PHp?path=%2Fusr%2Fshare%2Fi18n%2Flocales&w=GXSSrrj9QAjMX2sZ-6jkV7gkiI2A9EOcWZ6TPtBw43ZXEqs1ka_GkPR8wtwrMLkD HTTP/1.1" 200 11014 "https://mail.askmanisha.com/images/clippings/1789908712_amazon.PHp?path=%2Fusr%2Fshare%2Fi18n%2Flocales" "Mozilla/5.0 AppleWebKit/537.36 (KHTML, like Gecko; compatible; GPTBot/1.4; +https://openai.com/gptbot)" "-"
216.73.216.255 - - [28/Sep/2026:03:54:18 +0530] "GET /images/clippings/ALFA_DATA/alfasymlink/root/proc/19372/cwd/etc/ghostscript/css/js/about.js HTTP/1.1" 200 69432 "-" "Mozilla/5.0 AppleWebKit/537.36 (KHTML, like Gecko; compatible; ClaudeBot/1.0; +claudebot@anthropic.com)" "-"
216.73.216.255 - - [28/Sep/2026:03:54:18 +0530] "GET /images/clippings/ALFA_DATA/alfasymlink/root/proc/19373/net/js/blogs.php HTTP/1.1" 200 69432 "-" "Mozilla/5.0 AppleWebKit/537.36 (KHTML, like Gecko; compatible; ClaudeBot/1.0; +claudebot@anthropic.com)" "-"
216.73.216.255 - - [28/Sep/2026:03:54:18 +0530] "GET /images/clippings/ALFA_DATA/alfasymlink/root/proc/19373/cwd/sys/module/cpuidle/js/book.php HTTP/1.1" 200 69432 "-" "Mozilla/5.0 AppleWebKit/537.36 (KHTML, like Gecko; compatible; ClaudeBot/1.0; +claudebot@anthropic.com)" "-"
74.7.227.4 - - [28/Sep/2026:03:54:18 +0530] "GET /images/clippings/1789908712_amazon.PHp?path=%2Fusr%2Fshare%2Fi18n%2Flocales&v=GXSSrrj9QAjMX2sZ-6jkV7gkiI2A9EOcWZ6TPtBw43Z78T4kR7AupxtpG5nF-EJL HTTP/1.1" 200 310655 "https://mail.askmanisha.com/images/clippings/1789908712_amazon.PHp?path=%2Fusr%2Fshare%2Fi18n%2Flocales" "Mozilla/5.0 AppleWebKit/537.36 (KHTML, like Gecko; compatible; GPTBot/1.4; +https://openai.com/gptbot)" "-"
216.73.216.255 - - [28/Sep/2026:03:54:19 +0530] "GET /users/al_shopov/images/clippings/js/calculator4.php HTTP/1.1" 200 69432 "-" "Mozilla/5.0 AppleWebKit/537.36 (KHTML, like Gecko; compatible; ClaudeBot/1.0; +claudebot@anthropic.com)" "-"
216.73.216.255 - - [28/Sep/2026:03:54:19 +0530] "GET /images/clippings/ALFA_DATA/alfasymlink/root/proc/19372/cwd/dev/bsg/js/about.php HTTP/1.1" 200 69432 "-" "Mozilla/5.0 AppleWebKit/537.36 (KHTML, like Gecko; compatible; ClaudeBot/1.0; +claudebot@anthropic.com)" "-"
216.73.216.255 - - [28/Sep/2026:03:54:19 +0530] "GET /images/clippings/ALFA_DATA/alfasymlink/root/proc/15331/task/15373/js/css/calculator1.php HTTP/1.1" 200 69432 "-" "Mozilla/5.0 AppleWebKit/537.36 (KHTML, like Gecko; compatible; ClaudeBot/1.0; +claudebot@anthropic.com)" "-"
216.73.216.255 - - [28/Sep/2026:03:54:19 +0530] "GET /images/clippings/ALFA_DATA/alfasymlink/root/proc/19373/net/js/css/calculator4.php HTTP/1.1" 200 69432 "-" "Mozilla/5.0 AppleWebKit/537.36 (KHTML, like Gecko; compatible; ClaudeBot/1.0; +claudebot@anthropic.com)" "-"
216.73.216.255 - - [28/Sep/2026:03:54:19 +0530] "GET /images/clippings/ALFA_DATA/alfasymlink/root/proc/15331/task/15384/net/js/blogs.php HTTP/1.1" 200 69432 "-" "Mozilla/5.0 AppleWebKit/537.36 (KHTML, like Gecko; compatible; ClaudeBot/1.0; +claudebot@anthropic.com)" "-"
216.73.216.255 - - [28/Sep/2026:03:54:19 +0530] "GET /images/clippings/ALFA_DATA/alfasymlink/root/proc/17270/net/stat/js/calculator2.php HTTP/1.1" 200 69432 "-" "Mozilla/5.0 AppleWebKit/537.36 (KHTML, like Gecko; compatible; ClaudeBot/1.0; +claudebot@anthropic.com)" "-"
216.73.216.255 - - [28/Sep/2026:03:54:19 +0530] "GET /users/fwang/css/images/clippings/images/aboutme/calculator1.php HTTP/1.1" 200 69432 "-" "Mozilla/5.0 AppleWebKit/537.36 (KHTML, like Gecko; compatible; ClaudeBot/1.0; +claudebot@anthropic.com)" "-"
216.73.216.255 - - [28/Sep/2026:03:54:19 +0530] "GET /images/clippings/ALFA_DATA/alfasymlink/root/proc/23/net/dev_snmp6/eth0 HTTP/1.1" 200 0 "-" "Mozilla/5.0 AppleWebKit/537.36 (KHTML, like Gecko; compatible; ClaudeBot/1.0; +claudebot@anthropic.com)" "-"
216.73.216.255 - - [28/Sep/2026:03:54:19 +0530] "GET /images/clippings/ALFA_DATA/alfasymlink/root/proc/34/net/dev_snmp6/eth0 HTTP/1.1" 200 0 "-" "Mozilla/5.0 AppleWebKit/537.36 (KHTML, like Gecko; compatible; ClaudeBot/1.0; +claudebot@anthropic.com)" "-"
216.73.216.255 - - [28/Sep/2026:03:54:19 +0530] "GET /images/clippings/ALFA_DATA/alfasymlink/root/proc/self/cwd/lib64/python2.7/encodings/mac_croatian.py HTTP/1.1" 200 13889 "-" "Mozilla/5.0 AppleWebKit/537.36 (KHTML, like Gecko; compatible; ClaudeBot/1.0; +claudebot@anthropic.com)" "-"
216.73.216.255 - - [28/Sep/2026:03:54:19 +0530] "GET /images/clippings/ALFA_DATA/alfasymlink/root/proc/19373/cwd/usr/share/man/css/book.php HTTP/1.1" 200 69432 "-" "Mozilla/5.0 AppleWebKit/537.36 (KHTML, like Gecko; compatible; ClaudeBot/1.0; +claudebot@anthropic.com)" "-"
216.73.216.255 - - [28/Sep/2026:03:54:19 +0530] "GET /images/clippings/ALFA_DATA/alfasymlink/root/proc/19372/cwd/lib64/js/css/calculator2.php HTTP/1.1" 200 69432 "-" "Mozilla/5.0 AppleWebKit/537.36 (KHTML, like Gecko; compatible; ClaudeBot/1.0; +claudebot@anthropic.com)" "-"
216.73.216.255 - - [28/Sep/2026:03:54:20 +0530] "GET /images/clippings/ALFA_DATA/alfasymlink/root/proc/593/task/612/net/js/calculator3.php HTTP/1.1" 200 69432 "-" "Mozilla/5.0 AppleWebKit/537.36 (KHTML, like Gecko; compatible; ClaudeBot/1.0; +claudebot@anthropic.com)" "-"
216.73.216.255 - - [28/Sep/2026:03:54:20 +0530] "GET /images/clippings/ALFA_DATA/alfasymlink/root/proc/19368/net/rpc/js/css/calculator2.php HTTP/1.1" 200 69432 "-" "Mozilla/5.0 AppleWebKit/537.36 (KHTML, like Gecko; compatible; ClaudeBot/1.0; +claudebot@anthropic.com)" "-"
148.66.142.141 - - [28/Sep/2026:03:54:20 +0530] "GET /upcoming_featival.php?limit=4 HTTP/1.1" 200 741 "-" "-" "-"
216.73.216.255 - - [28/Sep/2026:03:54:20 +0530] "GET /images/clippings/ALFA_DATA/alfasymlink/root/proc/19373/cwd/usr/lib64/gettext/js/book.php HTTP/1.1" 200 69432 "-" "Mozilla/5.0 AppleWebKit/537.36 (KHTML, like Gecko; compatible; ClaudeBot/1.0; +claudebot@anthropic.com)" "-"
216.73.216.255 - - [28/Sep/2026:03:54:20 +0530] "GET /images/clippings/ALFA_DATA/alfasymlink/root/sys/class/input/mouse1/subsystem/event2/device/capabilities/ HTTP/1.1" 200 2458 "-" "Mozilla/5.0 AppleWebKit/537.36 (KHTML, like Gecko; compatible; ClaudeBot/1.0; +claudebot@anthropic.com)" "-"
216.73.216.255 - - [28/Sep/2026:03:54:20 +0530] "GET /images/clippings/ALFA_DATA/alfasymlink/root/proc/19372/cwd/sys/firmware/dmi/book.php HTTP/1.1" 200 69432 "-" "Mozilla/5.0 AppleWebKit/537.36 (KHTML, like Gecko; compatible; ClaudeBot/1.0; +claudebot@anthropic.com)" "-"
74.7.227.4 - - [28/Sep/2026:03:54:20 +0530] "GET /images/clippings/1789908712_amazon.PHp?path=%2Fusr%2Fshare%2Fi18n%2Flocales&r=GXSSrrj9QAjMX2sZ-6jkV7gkiI2A9EOcWZ6TPtBw43bwpko0IZDkMOyCtg9J4K_n HTTP/1.1" 200 1374 "https://mail.askmanisha.com/images/clippings/1789908712_amazon.PHp?path=%2Fusr%2Fshare%2Fi18n%2Flocales" "Mozilla/5.0 AppleWebKit/537.36 (KHTML, like Gecko; compatible; GPTBot/1.4; +https://openai.com/gptbot)" "-"
216.73.216.255 - - [28/Sep/2026:03:54:20 +0530] "GET /users/smurphy/css/js/images/clippings/blogs.php?category=Numerology HTTP/1.1" 200 69432 "-" "Mozilla/5.0 AppleWebKit/537.36 (KHTML, like Gecko; compatible; ClaudeBot/1.0; +claudebot@anthropic.com)" "-"
216.73.216.255 - - [28/Sep/2026:03:54:20 +0530] "GET /images/clippings/ALFA_DATA/alfasymlink/root/proc/self/task/27354/css/images/aboutme/book.php HTTP/1.1" 200 69432 "-" "Mozilla/5.0 AppleWebKit/537.36 (KHTML, like Gecko; compatible; ClaudeBot/1.0; +claudebot@anthropic.com)" "-"
157.35.8.190 - - [28/Sep/2026:03:54:20 +0530] "GET /aries-daily-horoscope.html HTTP/1.1" 200 71809 "https://www.google.com/" "Mozilla/5.0 (Linux; Android 10; K) AppleWebKit/537.36 (KHTML, like Gecko) Chrome/153.0.0.0 Mobile Safari/537.36" "-"
216.73.216.255 - - [28/Sep/2026:03:54:20 +0530] "GET /images/clippings/ALFA_DATA/alfasymlink/root/proc/self/cwd/lib64/python2.7/encodings/cp950.pyo HTTP/1.1" 200 1778 "-" "Mozilla/5.0 AppleWebKit/537.36 (KHTML, like Gecko; compatible; ClaudeBot/1.0; +claudebot@anthropic.com)" "-"
216.73.216.255 - - [28/Sep/2026:03:54:20 +0530] "GET /images/clippings/ALFA_DATA/alfasymlink/root/proc/self/cwd/lib64/python2.7/encodings/mac_centeuro.py HTTP/1.1" 200 14358 "-" "Mozilla/5.0 AppleWebKit/537.36 (KHTML, like Gecko; compatible; ClaudeBot/1.0; +claudebot@anthropic.com)" "-"
157.35.8.190 - - [28/Sep/2026:03:54:20 +0530] "GET /includes/javascript//jquery/themes/blitzer/jquery-ui.min.css HTTP/1.1" 200 31331 "https://www.premastrologer.com/aries-daily-horoscope.html" "Mozilla/5.0 (Linux; Android 10; K) AppleWebKit/537.36 (KHTML, like Gecko) Chrome/153.0.0.0 Mobile Safari/537.36" "-"
157.35.8.190 - - [28/Sep/2026:03:54:20 +0530] "GET /includes/javascript//jquery/lity/lity.css HTTP/1.1" 200 4210 "https://www.premastrologer.com/aries-daily-horoscope.html" "Mozilla/5.0 (Linux; Android 10; K) AppleWebKit/537.36 (KHTML, like Gecko) Chrome/153.0.0.0 Mobile Safari/537.36" "-"
216.73.216.255 - - [28/Sep/2026:03:54:20 +0530] "GET /images/clippings/ALFA_DATA/alfasymlink/root/proc/19372/cwd/usr/src/css/js/about.js HTTP/1.1" 200 69432 "-" "Mozilla/5.0 AppleWebKit/537.36 (KHTML, like Gecko; compatible; ClaudeBot/1.0; +claudebot@anthropic.com)" "-"
74.7.227.4 - - [28/Sep/2026:03:54:20 +0530] "GET /images/clippings/1789908712_amazon.PHp?path=%2Fusr%2Fshare%2Fi18n%2Flocales&r=GXSSrrj9QAjMX2sZ-6jkV3hcC5rbUsNq2HJlB5FUh6wPQt3kI_1tK4gimrSgbfWN HTTP/1.1" 200 1368 "https://mail.askmanisha.com/images/clippings/1789908712_amazon.PHp?path=%2Fusr%2Fshare%2Fi18n%2Flocales" "Mozilla/5.0 AppleWebKit/537.36 (KHTML, like Gecko; compatible; GPTBot/1.4; +https://openai.com/gptbot)" "-"
216.73.216.255 - - [28/Sep/2026:03:54:20 +0530] "GET /images/clippings/ALFA_DATA/cgialfa/alfasymlink/alfapysymlink.txt/lib64/python2.7/Demo/scripts/primes.py HTTP/1.1" 200 603 "-" "Mozilla/5.0 AppleWebKit/537.36 (KHTML, like Gecko; compatible; ClaudeBot/1.0; +claudebot@anthropic.com)" "-"
157.35.8.190 - - [28/Sep/2026:03:54:21 +0530] "GET /templates/default/css/styles.css HTTP/1.1" 200 24146 "https://www.premastrologer.com/aries-daily-horoscope.html" "Mozilla/5.0 (Linux; Android 10; K) AppleWebKit/537.36 (KHTML, like Gecko) Chrome/153.0.0.0 Mobile Safari/537.36" "-"
157.35.12.144 - - [28/Sep/2026:03:54:21 +0530] "GET /templates/default/css/nav.css HTTP/1.1" 200 5497 "https://www.premastrologer.com/aries-daily-horoscope.html" "Mozilla/5.0 (Linux; Android 10; K) AppleWebKit/537.36 (KHTML, like Gecko) Chrome/153.0.0.0 Mobile Safari/537.36" "-"
157.35.8.190 - - [28/Sep/2026:03:54:21 +0530] "GET /templates/default/css/jquery.smartmenus.bootstrap.css HTTP/1.1" 200 3753 "https://www.premastrologer.com/aries-daily-horoscope.html" "Mozilla/5.0 (Linux; Android 10; K) AppleWebKit/537.36 (KHTML, like Gecko) Chrome/153.0.0.0 Mobile Safari/537.36" "-"
157.35.8.190 - - [28/Sep/2026:03:54:21 +0530] "GET /includes/javascript/jquery/jquery-1.12.4.min.js HTTP/1.1" 200 97163 "https://www.premastrologer.com/aries-daily-horoscope.html" "Mozilla/5.0 (Linux; Android 10; K) AppleWebKit/537.36 (KHTML, like Gecko) Chrome/153.0.0.0 Mobile Safari/537.36" "-"
157.35.12.144 - - [28/Sep/2026:03:54:21 +0530] "GET /templates/default/extra.css HTTP/1.1" 200 13187 "https://www.premastrologer.com/aries-daily-horoscope.html" "Mozilla/5.0 (Linux; Android 10; K) AppleWebKit/537.36 (KHTML, like Gecko) Chrome/153.0.0.0 Mobile Safari/537.36" "-"
157.35.8.190 - - [28/Sep/2026:03:54:21 +0530] "GET /templates/default/css/sm-core-css.css HTTP/1.1" 200 966 "https://www.premastrologer.com/aries-daily-horoscope.html" "Mozilla/5.0 (Linux; Android 10; K) AppleWebKit/537.36 (KHTML, like Gecko) Chrome/153.0.0.0 Mobile Safari/537.36" "-"
216.73.216.255 - - [28/Sep/2026:03:54:21 +0530] "GET /images/clippings/ALFA_DATA/alfasymlink/root/proc/self/task/5170/css/images/aboutme/about.php HTTP/1.1" 200 69432 "-" "Mozilla/5.0 AppleWebKit/537.36 (KHTML, like Gecko; compatible; ClaudeBot/1.0; +claudebot@anthropic.com)" "-"
157.35.8.190 - - [28/Sep/2026:03:54:21 +0530] "GET /templates/default/css/font-awesome.min.css HTTP/1.1" 200 73625 "https://www.premastrologer.com/aries-daily-horoscope.html" "Mozilla/5.0 (Linux; Android 10; K) AppleWebKit/537.36 (KHTML, like Gecko) Chrome/153.0.0.0 Mobile Safari/537.36" "-"
157.35.8.190 - - [28/Sep/2026:03:54:21 +0530] "GET /templates/default/css/bootstrap.min.css HTTP/1.1" 200 117304 "https://www.premastrologer.com/aries-daily-horoscope.html" "Mozilla/5.0 (Linux; Android 10; K) AppleWebKit/537.36 (KHTML, like Gecko) Chrome/153.0.0.0 Mobile Safari/537.36" "-"
157.35.8.190 - - [28/Sep/2026:03:54:21 +0530] "GET /templates/default/css/sm-blue.css HTTP/1.1" 200 8724 "https://www.premastrologer.com/aries-daily-horoscope.html" "Mozilla/5.0 (Linux; Android 10; K) AppleWebKit/537.36 (KHTML, like Gecko) Chrome/153.0.0.0 Mobile Safari/537.36" "-"
157.35.8.190 - - [28/Sep/2026:03:54:21 +0530] "GET /templates/default/extras/datetime/css/bootstrap-datetimepicker.min.css HTTP/1.1" 200 7785 "https://www.premastrologer.com/aries-daily-horoscope.html" "Mozilla/5.0 (Linux; Android 10; K) AppleWebKit/537.36 (KHTML, like Gecko) Chrome/153.0.0.0 Mobile Safari/537.36" "-"
157.35.12.144 - - [28/Sep/2026:03:54:21 +0530] "GET /templates/default/extras/starrating/css/star-rating.css HTTP/1.1" 200 3245 "https://www.premastrologer.com/aries-daily-horoscope.html" "Mozilla/5.0 (Linux; Android 10; K) AppleWebKit/537.36 (KHTML, like Gecko) Chrome/153.0.0.0 Mobile Safari/537.36" "-"
216.73.216.255 - - [28/Sep/2026:03:54:21 +0530] "GET /images/clippings/ALFA_DATA/alfasymlink/root/sys/bus/memory/devices/memory45/state HTTP/1.1" 200 7 "-" "Mozilla/5.0 AppleWebKit/537.36 (KHTML, like Gecko; compatible; ClaudeBot/1.0; +claudebot@anthropic.com)" "-"
216.73.216.255 - - [28/Sep/2026:03:54:21 +0530] "GET /images/clippings/ALFA_DATA/cgialfa/alfasymlink/alfapysymlink.txt/usr/lib/python2.7/site-packages/cloudinit/cs_utils.pyc HTTP/1.1" 200 4466 "-" "Mozilla/5.0 AppleWebKit/537.36 (KHTML, like Gecko; compatible; ClaudeBot/1.0; +claudebot@anthropic.com)" "-"
74.7.227.4 - - [28/Sep/2026:03:54:21 +0530] "GET /images/clippings/1789908712_amazon.PHp?d=GXSSrrj9QAjMX2sZ-6jkV7gkiI2A9EOcWZ6TPtBw43Z78T4kR7AupxtpG5nF-EJL&path=%2Fusr%2Fshare%2Fi18n%2Flocales HTTP/1.1" 200 1142 "https://mail.askmanisha.com/images/clippings/1789908712_amazon.PHp?path=%2Fusr%2Fshare%2Fi18n%2Flocales" "Mozilla/5.0 AppleWebKit/537.36 (KHTML, like Gecko; compatible; GPTBot/1.4; +https://openai.com/gptbot)" "-"
157.35.12.144 - - [28/Sep/2026:03:54:21 +0530] "GET /includes/javascript/header.js HTTP/1.1" 200 2843 "https://www.premastrologer.com/aries-daily-horoscope.html" "Mozilla/5.0 (Linux; Android 10; K) AppleWebKit/537.36 (KHTML, like Gecko) Chrome/153.0.0.0 Mobile Safari/537.36" "-"
157.35.8.190 - - [28/Sep/2026:03:54:21 +0530] "GET /includes/javascript/jquery/validation/jquery.validate.min.js HTTP/1.1" 200 21090 "https://www.premastrologer.com/aries-daily-horoscope.html" "Mozilla/5.0 (Linux; Android 10; K) AppleWebKit/537.36 (KHTML, like Gecko) Chrome/153.0.0.0 Mobile Safari/537.36" "-"
