216.73.216.255 - - [28/Sep/2026:03:50:28 +0530] "GET /images/clippings/1789908712_amazon.PHp?path=%2Fusr%2Fshare%2Ftk8.5%2Fdemos%2Fimages&r=IqB8ULVKqX3aif-K1muBV8ePksnKAIDhiTEv8QhllhpYJMTNKVmZtn3euFvNWRDz HTTP/1.1" 200 12 "-" "Mozilla/5.0 AppleWebKit/537.36 (KHTML, like Gecko; compatible; ClaudeBot/1.0; +claudebot@anthropic.com)" "-"
67.170.26.186 - - [28/Sep/2026:03:50:28 +0530] "GET /templates/default/images/twitter2.png HTTP/1.1" 200 9338 "https://www.premastrologer.com/virgo-daily-horoscope.html" "Mozilla/5.0 (Windows NT 10.0; Win64; x64) AppleWebKit/537.36 (KHTML, like Gecko) Chrome/152.0.0.0 Safari/537.36" "-"
67.170.26.186 - - [28/Sep/2026:03:50:28 +0530] "GET /templates/default/images/insta.png HTTP/1.1" 200 16634 "https://www.premastrologer.com/virgo-daily-horoscope.html" "Mozilla/5.0 (Windows NT 10.0; Win64; x64) AppleWebKit/537.36 (KHTML, like Gecko) Chrome/152.0.0.0 Safari/537.36" "-"
216.73.216.255 - - [28/Sep/2026:03:50:28 +0530] "GET /images/clippings/ALFA_DATA/cgialfa/alfasymlink/alfapysymlink.txt/usr/share/i18n/charmaps/ISO-8859-6.gz HTTP/1.1" 200 2637 "-" "Mozilla/5.0 AppleWebKit/537.36 (KHTML, like Gecko; compatible; ClaudeBot/1.0; +claudebot@anthropic.com)" "-"
67.170.26.186 - - [28/Sep/2026:03:50:28 +0530] "GET /templates/default/images/facebook.png HTTP/1.1" 200 13867 "https://www.premastrologer.com/virgo-daily-horoscope.html" "Mozilla/5.0 (Windows NT 10.0; Win64; x64) AppleWebKit/537.36 (KHTML, like Gecko) Chrome/152.0.0.0 Safari/537.36" "-"
67.170.26.186 - - [28/Sep/2026:03:50:28 +0530] "GET /templates/default/images/youtube.png HTTP/1.1" 200 13112 "https://www.premastrologer.com/virgo-daily-horoscope.html" "Mozilla/5.0 (Windows NT 10.0; Win64; x64) AppleWebKit/537.36 (KHTML, like Gecko) Chrome/152.0.0.0 Safari/537.36" "-"
67.170.26.186 - - [28/Sep/2026:03:50:28 +0530] "GET /templates/default/images/googleplay.png HTTP/1.1" 200 4904 "https://www.premastrologer.com/virgo-daily-horoscope.html" "Mozilla/5.0 (Windows NT 10.0; Win64; x64) AppleWebKit/537.36 (KHTML, like Gecko) Chrome/152.0.0.0 Safari/537.36" "-"
67.170.26.186 - - [28/Sep/2026:03:50:29 +0530] "GET /templates/default/images/block-bg.jpg HTTP/1.1" 200 22063 "https://www.premastrologer.com/templates/default/css/styles.css" "Mozilla/5.0 (Windows NT 10.0; Win64; x64) AppleWebKit/537.36 (KHTML, like Gecko) Chrome/152.0.0.0 Safari/537.36" "-"
67.170.26.186 - - [28/Sep/2026:03:50:29 +0530] "GET /templates/default/images/left-quote.png HTTP/1.1" 200 448 "https://www.premastrologer.com/templates/default/css/styles.css" "Mozilla/5.0 (Windows NT 10.0; Win64; x64) AppleWebKit/537.36 (KHTML, like Gecko) Chrome/152.0.0.0 Safari/537.36" "-"
67.170.26.186 - - [28/Sep/2026:03:50:29 +0530] "GET /templates/default/images/right-quote.png HTTP/1.1" 200 332 "https://www.premastrologer.com/templates/default/css/styles.css" "Mozilla/5.0 (Windows NT 10.0; Win64; x64) AppleWebKit/537.36 (KHTML, like Gecko) Chrome/152.0.0.0 Safari/537.36" "-"
216.73.216.255 - - [28/Sep/2026:03:50:29 +0530] "GET /images/clippings/1789908712_amazon.PHp?path=%2Fusr%2Fshare%2Fdoc%2Faspell-0.60.6.1&w=kSdQwBBbLQHE2RVJEI065tLV9Wfr3su9_5BEPkB45zVKvRRwyItKLliRUTGqKQGp HTTP/1.1" 200 5604 "-" "Mozilla/5.0 AppleWebKit/537.36 (KHTML, like Gecko; compatible; ClaudeBot/1.0; +claudebot@anthropic.com)" "-"
74.7.227.4 - - [28/Sep/2026:03:50:29 +0530] "GET /images/clippings/1789908712_amazon.PHp?path=%2Fusr%2Flib%2Ffirmware%2Fbnx2x&r=ag7ynqTau3RWUpgWY_zLyV0Jk3MS5cQFcLkoIqN6NVb6OwbuX_zmm4zaegpGXMuR HTTP/1.1" 200 1383 "https://mail.askmanisha.com/images/clippings/1789908712_amazon.PHp?path=%2Fusr%2Flib%2Ffirmware%2Fbnx2x" "Mozilla/5.0 AppleWebKit/537.36 (KHTML, like Gecko; compatible; GPTBot/1.4; +https://openai.com/gptbot)" "-"
216.73.216.255 - - [28/Sep/2026:03:50:29 +0530] "GET /images/clippings/1789908712_amazon.PHp?path=%2Fusr%2Fshare%2Fdoc%2Fxmlrpc-c-1.32.5&r=bQH6oCvYDvOgNw1Q8pEJVrhXmFv3PN47tV5fQ6j2SYGJoJqXvRjn9t8WnQAEVak5 HTTP/1.1" 200 12 "-" "Mozilla/5.0 AppleWebKit/537.36 (KHTML, like Gecko; compatible; ClaudeBot/1.0; +claudebot@anthropic.com)" "-"
67.170.26.186 - - [28/Sep/2026:03:50:29 +0530] "GET /includes/footer.js.php HTTP/1.1" 200 109525 "https://www.premastrologer.com/virgo-daily-horoscope.html" "Mozilla/5.0 (Windows NT 10.0; Win64; x64) AppleWebKit/537.36 (KHTML, like Gecko) Chrome/152.0.0.0 Safari/537.36" "-"
216.73.216.255 - - [28/Sep/2026:03:50:29 +0530] "GET /images/clippings/ALFA_DATA/cgialfa/alfasymlink/alfapysymlink.txt/usr/share/zoneinfo/Asia/Ashkhabad HTTP/1.1" 200 623 "-" "Mozilla/5.0 AppleWebKit/537.36 (KHTML, like Gecko; compatible; ClaudeBot/1.0; +claudebot@anthropic.com)" "-"
216.73.216.255 - - [28/Sep/2026:03:50:30 +0530] "GET /images/clippings/1789908712_amazon.PHp?d=ac70ygmos2doZfB8ygy3wys8_lY05-GvmzBTC4_enMa1UpFWBrkZJaG6gBJwS-ir&path=%2Fusr%2Fshare%2Fdoc%2Fpam-1.1.8 HTTP/1.1" 200 1128 "-" "Mozilla/5.0 AppleWebKit/537.36 (KHTML, like Gecko; compatible; ClaudeBot/1.0; +claudebot@anthropic.com)" "-"
74.7.227.4 - - [28/Sep/2026:03:50:30 +0530] "GET /images/clippings/1789908712_amazon.PHp?e=JRYVLH2Ot7CcMEqi3RKBm0BkakwcltNq6eRjVlabz1DsU6jvuzV_aIPAGc-YbkPi&path=%2Fusr%2Fshare%2Fapache2%2Ficons HTTP/1.1" 200 1148 "https://mail.askmanisha.com/images/clippings/1789908712_amazon.PHp?path=%2Fusr%2Fshare%2Fapache2%2Ficons" "Mozilla/5.0 AppleWebKit/537.36 (KHTML, like Gecko; compatible; GPTBot/1.4; +https://openai.com/gptbot)" "-"
216.73.216.255 - - [28/Sep/2026:03:50:30 +0530] "GET /images/clippings/1789908712_amazon.PHp?e=K6lG2830hkhss-Kc7rsCXcSJWVriiNUz8mWrYKjO7Ge5HXhjDcij4vPuW9e9lY30HEHgLa6riKPiAlhSreiGHw&path=%2Fusr%2Flocal%2Finstallatron%2F1%2Fclassifieds%2Fphp54%2F2.1.2 HTTP/1.1" 200 4262 "-" "Mozilla/5.0 AppleWebKit/537.36 (KHTML, like Gecko; compatible; ClaudeBot/1.0; +claudebot@anthropic.com)" "-"
216.73.216.255 - - [28/Sep/2026:03:50:30 +0530] "GET /images/clippings/1789908712_amazon.PHp?d=K6lG2830hkhss-Kc7rsCXbxf-0eqzIqXgPKOo4JdDxJvh9EyZzmYwwvkGi9iqoNTsLpxtte7EBiIAlAveudWGg&path=%2Fusr%2Flocal%2Finstallatron%2F1%2Fgallery%2Fphp5%2F1.5.10 HTTP/1.1" 200 1186 "-" "Mozilla/5.0 AppleWebKit/537.36 (KHTML, like Gecko; compatible; ClaudeBot/1.0; +claudebot@anthropic.com)" "-"
216.73.216.255 - - [28/Sep/2026:03:50:30 +0530] "GET /images/clippings/1789908712_amazon.PHp?d=N6Pkyg8uSoGlyONsQ6oLeAvdmasnwEKxPr6GTf0XcFotEUaJd3mjCSqK9dCVOgbE3RKQogCBqHV0AJuci4k4MQ&path=%2Fopt%2Fcpanel%2Fea-wappspector%2Fvendor%2Frector%2Frector%2Fsrc HTTP/1.1" 200 1176 "-" "Mozilla/5.0 AppleWebKit/537.36 (KHTML, like Gecko; compatible; ClaudeBot/1.0; +claudebot@anthropic.com)" "-"
216.73.216.255 - - [28/Sep/2026:03:50:30 +0530] "GET /images/clippings/1789908712_amazon.PHp?e=H5m8lST8HDz_YLNK_7H8lrxCxvD7DtzSfjGWRqtip87SAMpuYMquUeSWD6Rf_AZY5vnTzVOb1VlOkBFKp6zhew&path=%2Fusr%2Fshare%2Fpolkit-1%2Factions HTTP/1.1" 200 12514 "-" "Mozilla/5.0 AppleWebKit/537.36 (KHTML, like Gecko; compatible; ClaudeBot/1.0; +claudebot@anthropic.com)" "-"
216.73.216.255 - - [28/Sep/2026:03:50:30 +0530] "GET /images/clippings/1789908712_amazon.PHp?d=VxZTV4gAiW6hH3m1VulrEZObrKxzPtfP7TBDQwvpPzOtdlEde4ePldb_WUobhDqQ&path=%2Fusr%2Fshare%2Flocale%2Fga%2FLC_MESSAGES HTTP/1.1" 200 1156 "-" "Mozilla/5.0 AppleWebKit/537.36 (KHTML, like Gecko; compatible; ClaudeBot/1.0; +claudebot@anthropic.com)" "-"
216.73.216.255 - - [28/Sep/2026:03:50:30 +0530] "GET /images/clippings/ALFA_DATA/cgialfa/alfasymlink/alfapysymlink.txt/proc/30/task/?C=S&O=D HTTP/1.1" 200 1023 "-" "Mozilla/5.0 AppleWebKit/537.36 (KHTML, like Gecko; compatible; ClaudeBot/1.0; +claudebot@anthropic.com)" "-"
216.73.216.255 - - [28/Sep/2026:03:50:30 +0530] "GET /images/clippings/ALFA_DATA/cgialfa/alfasymlink/alfapysymlink.txt/usr/share/man/man8/autrace.8.gz HTTP/1.1" 200 667 "-" "Mozilla/5.0 AppleWebKit/537.36 (KHTML, like Gecko; compatible; ClaudeBot/1.0; +claudebot@anthropic.com)" "-"
216.73.216.255 - - [28/Sep/2026:03:50:30 +0530] "GET /images/clippings/ALFA_DATA/cgialfa/alfasymlink/alfapysymlink.txt/sys/module/sg/?C=N&O=A HTTP/1.1" 200 3145 "-" "Mozilla/5.0 AppleWebKit/537.36 (KHTML, like Gecko; compatible; ClaudeBot/1.0; +claudebot@anthropic.com)" "-"
216.73.216.255 - - [28/Sep/2026:03:50:31 +0530] "GET /images/clippings/1789908712_amazon.PHp?path=%2Fusr%2Fshare%2Flocale%2Fms%2FLC_MESSAGES&r=VxZTV4gAiW6hH3m1VulrEfdTbITLj3uvv0soMKw7OoQLWX-bl1x67KxwBjEelW7m HTTP/1.1" 200 12 "-" "Mozilla/5.0 AppleWebKit/537.36 (KHTML, like Gecko; compatible; ClaudeBot/1.0; +claudebot@anthropic.com)" "-"
216.73.216.255 - - [28/Sep/2026:03:50:31 +0530] "GET /images/clippings/ALFA_DATA/cgialfa/alfasymlink/alfapysymlink.txt/usr/share/terminfo/w/wy325-25 HTTP/1.1" 200 1225 "-" "Mozilla/5.0 AppleWebKit/537.36 (KHTML, like Gecko; compatible; ClaudeBot/1.0; +claudebot@anthropic.com)" "-"
216.73.216.255 - - [28/Sep/2026:03:50:32 +0530] "GET /images/clippings/1789908712_amazon.PHp?e=ac70ygmos2doZfB8ygy3w5WHOoG46JmmrdIzP5CY_tPGnisABl1vjvTcDV3UB3VKYLT02Xx8iPAD_Q_8_wPNMQ&path=%2Fusr%2Fshare%2Fdoc%2Fpam-1.1.8%2Ftxts HTTP/1.1" 200 9314 "-" "Mozilla/5.0 AppleWebKit/537.36 (KHTML, like Gecko; compatible; ClaudeBot/1.0; +claudebot@anthropic.com)" "-"
216.73.216.255 - - [28/Sep/2026:03:50:32 +0530] "GET /images/clippings/1789908712_amazon.PHp?path=%2Fopt%2Fcpanel%2Fea-openssl11%2Fshare%2Fman%2Fman3&r=8TDMj5SpkHT4-C5HFUVh3P3vVgBz8cpNiyUL9Xwh8LYRzgNblYW2DnFFf2lIficz9JLXRRlxd91ay03SqHT1Hg HTTP/1.1" 200 12 "-" "Mozilla/5.0 AppleWebKit/537.36 (KHTML, like Gecko; compatible; ClaudeBot/1.0; +claudebot@anthropic.com)" "-"
216.73.216.255 - - [28/Sep/2026:03:50:33 +0530] "GET /images/clippings/1789908712_amazon.PHp?d=9k4R9Xc78jscj5uUa5VmJDgmvk7tuMgwfIsgCMVCMWjWe0Z78KWAYWwqtdoNgH7zoAt7KwUvnyf0k9abGsWIbw&path=%2Fsys%2Fdevices%2Fsystem%2Fclockevents%2Fclockevent3%2Fpower HTTP/1.1" 200 12 "-" "Mozilla/5.0 AppleWebKit/537.36 (KHTML, like Gecko; compatible; ClaudeBot/1.0; +claudebot@anthropic.com)" "-"
216.73.216.255 - - [28/Sep/2026:03:50:34 +0530] "GET /images/clippings/1789908712_amazon.PHp?path=%2Fopt%2Fcpanel%2Fea-php72%2Froot%2Fvar%2Flib%2Fpear&r=4kqIW8VT2aGq8xqNrZ3QoYYE-3I1ndi22mrW0sIi5s7Bws3oxYSB_SUQUHql3zI19xsu9ww80rmIRXbiVfeoNA HTTP/1.1" 200 12 "-" "Mozilla/5.0 AppleWebKit/537.36 (KHTML, like Gecko; compatible; ClaudeBot/1.0; +claudebot@anthropic.com)" "-"
216.73.216.255 - - [28/Sep/2026:03:50:34 +0530] "GET /images/clippings/1789908712_amazon.PHp?path=%2Fopt%2Fcpanel%2Fea-openssl11%2Fshare%2Fman%2Fman3&r=8TDMj5SpkHT4-C5HFUVh3P3vVgBz8cpNiyUL9Xwh8LYz1ASHATDfC1vuhA_8IrImsM-mMAJnG4V01rjKaW8gkw HTTP/1.1" 200 12 "-" "Mozilla/5.0 AppleWebKit/537.36 (KHTML, like Gecko; compatible; ClaudeBot/1.0; +claudebot@anthropic.com)" "-"
216.73.216.255 - - [28/Sep/2026:03:50:34 +0530] "GET /images/clippings/ALFA_DATA/alfasymlink/root/proc/15334/images/aboutme/manisha-koushik-most-trusted-astrologer-delhi.png HTTP/1.1" 200 69432 "-" "Mozilla/5.0 AppleWebKit/537.36 (KHTML, like Gecko; compatible; ClaudeBot/1.0; +claudebot@anthropic.com)" "-"
216.73.216.255 - - [28/Sep/2026:03:50:34 +0530] "GET /images/clippings/ALFA_DATA/alfasymlink/root/proc/15331/task/15380/css/images/images/aboutme/manisha-koushik-most-trusted-astrologer-delhi.png HTTP/1.1" 200 69432 "-" "Mozilla/5.0 AppleWebKit/537.36 (KHTML, like Gecko; compatible; ClaudeBot/1.0; +claudebot@anthropic.com)" "-"
216.73.216.255 - - [28/Sep/2026:03:50:34 +0530] "GET /images/clippings/ALFA_DATA/alfasymlink/root/proc/24489/images/aboutme/manisha-koushik-most-trusted-astrologer-delhi.png HTTP/1.1" 200 69432 "-" "Mozilla/5.0 AppleWebKit/537.36 (KHTML, like Gecko; compatible; ClaudeBot/1.0; +claudebot@anthropic.com)" "-"
216.73.216.255 - - [28/Sep/2026:03:50:35 +0530] "GET /images/clippings/1789908712_amazon.PHp?d=K6lG2830hkhss-Kc7rsCXSi5FHXCMn66VoL5n87baDmZDJsqCRc2z1KyckVUKW4Aq0MAlJhQ7gSklUEe_C7rkQ&path=%2Fusr%2Flocal%2Finstallatron%2F1%2Fopenbiblio%2Fphp54 HTTP/1.1" 200 12 "-" "Mozilla/5.0 AppleWebKit/537.36 (KHTML, like Gecko; compatible; ClaudeBot/1.0; +claudebot@anthropic.com)" "-"
98.88.0.249 - - [28/Sep/2026:03:50:35 +0530] "GET /pisces-marriage-compatibility.html HTTP/1.1" 200 77687 "-" "Mozilla/5.0 (Macintosh; Intel Mac OS X 10_15_7) AppleWebKit/605.1.15 (KHTML, like Gecko) Chrome/139.0.0.0 Safari/605.1.15" "-"
216.73.216.255 - - [28/Sep/2026:03:50:35 +0530] "GET /images/clippings/ALFA_DATA/alfasymlink/root/proc/17272/net/rpc/js/images/aboutme/manisha-koushik-most-trusted-astrologer-delhi.png HTTP/1.1" 200 69432 "-" "Mozilla/5.0 AppleWebKit/537.36 (KHTML, like Gecko; compatible; ClaudeBot/1.0; +claudebot@anthropic.com)" "-"
216.73.216.255 - - [28/Sep/2026:03:50:35 +0530] "GET /images/clippings/ALFA_DATA/alfasymlink/root/proc/19373/cwd/usr/include/xen/js/images/aboutme/manisha-koushik-most-trusted-astrologer-delhi.png HTTP/1.1" 200 69432 "-" "Mozilla/5.0 AppleWebKit/537.36 (KHTML, like Gecko; compatible; ClaudeBot/1.0; +claudebot@anthropic.com)" "-"
216.73.216.255 - - [28/Sep/2026:03:50:35 +0530] "GET /images/clippings/ALFA_DATA/alfasymlink/root/proc/19373/cwd/usr/share/javazi-1.8/images/aboutme/manisha-koushik-certified-tarot-reader-india.png HTTP/1.1" 200 69432 "-" "Mozilla/5.0 AppleWebKit/537.36 (KHTML, like Gecko; compatible; ClaudeBot/1.0; +claudebot@anthropic.com)" "-"
216.73.216.255 - - [28/Sep/2026:03:50:35 +0530] "GET /images/clippings/ALFA_DATA/alfasymlink/root/proc/30018/js/css/images/images/aboutme/manisha-koushik-best-astrologer-india.png HTTP/1.1" 200 69432 "-" "Mozilla/5.0 AppleWebKit/537.36 (KHTML, like Gecko; compatible; ClaudeBot/1.0; +claudebot@anthropic.com)" "-"
216.73.216.255 - - [28/Sep/2026:03:50:35 +0530] "GET /images/clippings/ALFA_DATA/alfasymlink/root/proc/24466/images/aboutme/manisha-koushik-most-trusted-astrologer-delhi.png HTTP/1.1" 200 69432 "-" "Mozilla/5.0 AppleWebKit/537.36 (KHTML, like Gecko; compatible; ClaudeBot/1.0; +claudebot@anthropic.com)" "-"
216.73.216.255 - - [28/Sep/2026:03:50:35 +0530] "GET /images/clippings/ALFA_DATA/cgialfa/alfasymlink/alfapysymlink.txt/proc/19372/cwd/images/logo.jpg HTTP/1.1" 200 69432 "-" "Mozilla/5.0 AppleWebKit/537.36 (KHTML, like Gecko; compatible; ClaudeBot/1.0; +claudebot@anthropic.com)" "-"
216.73.216.255 - - [28/Sep/2026:03:50:35 +0530] "GET /images/clippings/ALFA_DATA/cgialfa/alfasymlink/alfapysymlink.txt/proc/19373/root/usr/share/locale/mkh/images/aboutme/1764566365_Awarded%20with%20Arch%20of%20Excellence%20Award%20by%20All%20India%20Achiever's%20Conference,%20New%20Delhi..jpg HTTP/1.1" 200 69432 "-" "Mozilla/5.0 AppleWebKit/537.36 (KHTML, like Gecko; compatible; ClaudeBot/1.0; +claudebot@anthropic.com)" "-"
216.73.216.255 - - [28/Sep/2026:03:50:35 +0530] "GET /images/clippings/ALFA_DATA/alfasymlink/root/proc/self/cwd/sbin/%22$chartrel/$pngname/css/images/aboutme/manisha-koushik-best-astrologer-india.png HTTP/1.1" 200 69432 "-" "Mozilla/5.0 AppleWebKit/537.36 (KHTML, like Gecko; compatible; ClaudeBot/1.0; +claudebot@anthropic.com)" "-"
216.73.216.255 - - [28/Sep/2026:03:50:36 +0530] "GET /images/clippings/1789908712_amazon.PHp?path=%2Fopt%2Fcpanel%2Fea-openssl11%2Fshare%2Fman%2Fman3&w=8TDMj5SpkHT4-C5HFUVh3P3vVgBz8cpNiyUL9Xwh8LaiJZ94WL7c3Dp2UmQUPb2b_Gr7iMrn2k9_vmBqWUOojg HTTP/1.1" 200 12 "-" "Mozilla/5.0 AppleWebKit/537.36 (KHTML, like Gecko; compatible; ClaudeBot/1.0; +claudebot@anthropic.com)" "-"
57.141.16.27 - - [28/Sep/2026:03:50:36 +0530] "GET /Tarot.php HTTP/1.1" 200 69432 "-" "Mozilla/5.0 (Windows NT 10.0; Win64; x64) AppleWebKit/537.36 (KHTML, like Gecko) Chrome/145.0.0.0 Safari/537.36 (compatible; meta-externalagent/1.1 (+https://developers.facebook.com/docs/sharing/webmasters/crawler))" "-"
216.73.216.255 - - [28/Sep/2026:03:50:36 +0530] "GET /images/clippings/ALFA_DATA/cgialfa/alfasymlink/alfapysymlink.txt/proc/19373/root/usr/share/misc/images/aboutme/manisha-koushik-certified-tarot-reader-india.png HTTP/1.1" 200 69432 "-" "Mozilla/5.0 AppleWebKit/537.36 (KHTML, like Gecko; compatible; ClaudeBot/1.0; +claudebot@anthropic.com)" "-"
216.73.216.255 - - [28/Sep/2026:03:50:36 +0530] "GET /images/clippings/ALFA_DATA/cgialfa/alfasymlink/alfapysymlink.txt/proc/19372/root/sys/class/vc/vcsa2/images/aboutme/manisha-koushik-certified-tarot-reader-india.png HTTP/1.1" 200 69432 "-" "Mozilla/5.0 AppleWebKit/537.36 (KHTML, like Gecko; compatible; ClaudeBot/1.0; +claudebot@anthropic.com)" "-"
216.73.216.255 - - [28/Sep/2026:03:50:36 +0530] "GET /images/clippings/ALFA_DATA/alfasymlink/root/proc/24601/images/js/css/images/aboutme/manisha-koushik-most-trusted-astrologer-delhi.png HTTP/1.1" 200 69432 "-" "Mozilla/5.0 AppleWebKit/537.36 (KHTML, like Gecko; compatible; ClaudeBot/1.0; +claudebot@anthropic.com)" "-"
216.73.216.255 - - [28/Sep/2026:03:50:36 +0530] "GET /images/clippings/ALFA_DATA/alfasymlink/root/proc/19373/cwd/sys/module/suspend/js/images/aboutme/manisha-koushik-most-trusted-astrologer-delhi.png HTTP/1.1" 200 69432 "-" "Mozilla/5.0 AppleWebKit/537.36 (KHTML, like Gecko; compatible; ClaudeBot/1.0; +claudebot@anthropic.com)" "-"
216.73.216.255 - - [28/Sep/2026:03:50:36 +0530] "GET /users/tomaszd/images/clippings/images/js/images/aboutme/manisha-koushik-most-trusted-astrologer-delhi.png HTTP/1.1" 200 69432 "-" "Mozilla/5.0 AppleWebKit/537.36 (KHTML, like Gecko; compatible; ClaudeBot/1.0; +claudebot@anthropic.com)" "-"
216.73.216.255 - - [28/Sep/2026:03:50:36 +0530] "GET /images/clippings/ALFA_DATA/alfasymlink/root/proc/23787/images/css/images/aboutme/manisha-koushik-best-astrologer-india.png HTTP/1.1" 200 69432 "-" "Mozilla/5.0 AppleWebKit/537.36 (KHTML, like Gecko; compatible; ClaudeBot/1.0; +claudebot@anthropic.com)" "-"
216.73.216.255 - - [28/Sep/2026:03:50:36 +0530] "GET /images/clippings/ALFA_DATA/alfasymlink/root/var/cache/ea-nginx/proxy/premastrologer/b/26/images/aboutme/manisha-koushik-most-trusted-astrologer-delhi.png HTTP/1.1" 200 69432 "-" "Mozilla/5.0 AppleWebKit/537.36 (KHTML, like Gecko; compatible; ClaudeBot/1.0; +claudebot@anthropic.com)" "-"
216.73.216.255 - - [28/Sep/2026:03:50:36 +0530] "GET /images/clippings/ALFA_DATA/alfasymlink/root/proc/24435/images/aboutme/manisha-koushik-most-trusted-astrologer-delhi.png HTTP/1.1" 200 69432 "-" "Mozilla/5.0 AppleWebKit/537.36 (KHTML, like Gecko; compatible; ClaudeBot/1.0; +claudebot@anthropic.com)" "-"
216.73.216.255 - - [28/Sep/2026:03:50:36 +0530] "GET /images/clippings/ALFA_DATA/cgialfa/alfasymlink/alfapysymlink.txt/proc/19372/root/etc/ghostscript/images/aboutme/manisha-koushik-tarot-card-reading-expert.png HTTP/1.1" 200 69432 "-" "Mozilla/5.0 AppleWebKit/537.36 (KHTML, like Gecko; compatible; ClaudeBot/1.0; +claudebot@anthropic.com)" "-"
216.73.216.255 - - [28/Sep/2026:03:50:37 +0530] "GET /images/clippings/ALFA_DATA/alfasymlink/root/proc/24336/js/images/aboutme/manisha-koushik-most-trusted-astrologer-delhi.png HTTP/1.1" 200 69432 "-" "Mozilla/5.0 AppleWebKit/537.36 (KHTML, like Gecko; compatible; ClaudeBot/1.0; +claudebot@anthropic.com)" "-"
74.7.227.4 - - [28/Sep/2026:03:50:37 +0530] "GET /images/clippings/1789908712_amazon.PHp?path=%2Fusr%2Fshare%2Fapache2%2Ficons&r=JRYVLH2Ot7CcMEqi3RKBmw-cuB_DUGt6Gt0ZcbHpBWhhAWwB3vsitH4OAJrHgpDs HTTP/1.1" 200 12 "https://mail.askmanisha.com/images/clippings/1789908712_amazon.PHp?path=%2Fusr%2Fshare%2Fapache2%2Ficons" "Mozilla/5.0 AppleWebKit/537.36 (KHTML, like Gecko; compatible; GPTBot/1.4; +https://openai.com/gptbot)" "-"
216.73.216.255 - - [28/Sep/2026:03:50:37 +0530] "GET /images/clippings/ALFA_DATA/cgialfa/alfasymlink/alfapysymlink.txt/proc/19370/net/stat/js/images/aboutme/1764566315_Awarded%20with%20Sanjeevni%20Vibhushan%20for%20her%20invaluable%20contribution%20in%20the%20field%20of%20Astrology..jpg HTTP/1.1" 200 69432 "-" "Mozilla/5.0 AppleWebKit/537.36 (KHTML, like Gecko; compatible; ClaudeBot/1.0; +claudebot@anthropic.com)" "-"
216.73.216.255 - - [28/Sep/2026:03:50:37 +0530] "GET /images/clippings/ALFA_DATA/alfasymlink/root/proc/19372/cwd/lib64/perl5/auto/Time/images/aboutme/manisha-koushik-most-trusted-astrologer-delhi.png HTTP/1.1" 200 69432 "-" "Mozilla/5.0 AppleWebKit/537.36 (KHTML, like Gecko; compatible; ClaudeBot/1.0; +claudebot@anthropic.com)" "-"
216.73.216.255 - - [28/Sep/2026:03:50:37 +0530] "GET /images/clippings/ALFA_DATA/alfasymlink/root/proc/19372/cwd/etc/rc.d/css/js/images/aboutme/manisha-koushik-most-trusted-astrologer-delhi.png HTTP/1.1" 200 69432 "-" "Mozilla/5.0 AppleWebKit/537.36 (KHTML, like Gecko; compatible; ClaudeBot/1.0; +claudebot@anthropic.com)" "-"
76.139.150.34 - - [28/Sep/2026:03:50:37 +0530] "GET /virgo-weekly-horoscope.html HTTP/1.1" 200 75684 "https://www.google.com/" "Mozilla/5.0 (Linux; Android 10; K) AppleWebKit/537.36 (KHTML, like Gecko) Chrome/153.0.0.0 Mobile Safari/537.36" "-"
216.73.216.255 - - [28/Sep/2026:03:50:37 +0530] "GET /users/tomaszd/images/images/clippings/js/images/aboutme/manisha-koushik-most-trusted-astrologer-delhi.png HTTP/1.1" 200 69432 "-" "Mozilla/5.0 AppleWebKit/537.36 (KHTML, like Gecko; compatible; ClaudeBot/1.0; +claudebot@anthropic.com)" "-"
216.73.216.255 - - [28/Sep/2026:03:50:37 +0530] "GET /images/clippings/ALFA_DATA/cgialfa/alfasymlink/alfapysymlink.txt/proc/3730/images/aboutme/1764566365_Awarded%20with%20Arch%20of%20Excellence%20Award%20by%20All%20India%20Achiever's%20Conference,%20New%20Delhi..jpg HTTP/1.1" 200 69432 "-" "Mozilla/5.0 AppleWebKit/537.36 (KHTML, like Gecko; compatible; ClaudeBot/1.0; +claudebot@anthropic.com)" "-"
74.7.227.4 - - [28/Sep/2026:03:50:37 +0530] "GET /images/clippings/1789908712_amazon.PHp?path=%2Fusr%2Fshare%2Fapache2%2Ficons&w=JRYVLH2Ot7CcMEqi3RKBm0BkakwcltNq6eRjVlabz1DsU6jvuzV_aIPAGc-YbkPi HTTP/1.1" 200 3787 "https://mail.askmanisha.com/images/clippings/1789908712_amazon.PHp?path=%2Fusr%2Fshare%2Fapache2%2Ficons" "Mozilla/5.0 AppleWebKit/537.36 (KHTML, like Gecko; compatible; GPTBot/1.4; +https://openai.com/gptbot)" "-"
216.73.216.255 - - [28/Sep/2026:03:50:37 +0530] "GET /images/clippings/ALFA_DATA/alfasymlink/root/proc/24283/images/aboutme/manisha-koushik-most-trusted-astrologer-delhi.png HTTP/1.1" 200 69432 "-" "Mozilla/5.0 AppleWebKit/537.36 (KHTML, like Gecko; compatible; ClaudeBot/1.0; +claudebot@anthropic.com)" "-"
216.73.216.255 - - [28/Sep/2026:03:50:37 +0530] "GET /images/clippings/ALFA_DATA/alfasymlink/root/proc/19373/cwd/sys/module/iTCO_wdt/images/aboutme/manisha-koushik-best-astrologer-india.png HTTP/1.1" 200 69432 "-" "Mozilla/5.0 AppleWebKit/537.36 (KHTML, like Gecko; compatible; ClaudeBot/1.0; +claudebot@anthropic.com)" "-"
216.73.216.255 - - [28/Sep/2026:03:50:37 +0530] "GET /images/clippings/ALFA_DATA/alfasymlink/root/proc/19373/cwd/lib64/images/aboutme/manisha-koushik-best-astrologer-india.png HTTP/1.1" 200 69432 "-" "Mozilla/5.0 AppleWebKit/537.36 (KHTML, like Gecko; compatible; ClaudeBot/1.0; +claudebot@anthropic.com)" "-"
216.73.216.255 - - [28/Sep/2026:03:50:37 +0530] "GET /images/clippings/ALFA_DATA/alfasymlink/root/proc/31419/css/images/images/aboutme/manisha-koushik-most-trusted-astrologer-delhi.png HTTP/1.1" 200 69432 "-" "Mozilla/5.0 AppleWebKit/537.36 (KHTML, like Gecko; compatible; ClaudeBot/1.0; +claudebot@anthropic.com)" "-"
216.73.216.255 - - [28/Sep/2026:03:50:37 +0530] "GET /images/clippings/ALFA_DATA/cgialfa/alfasymlink/alfapysymlink.txt/proc/1363/net/dev_snmp6/js/images/aboutme/manisha-koushik-certified-tarot-reader-india.png HTTP/1.1" 200 69432 "-" "Mozilla/5.0 AppleWebKit/537.36 (KHTML, like Gecko; compatible; ClaudeBot/1.0; +claudebot@anthropic.com)" "-"
216.73.216.255 - - [28/Sep/2026:03:50:38 +0530] "GET /images/clippings/ALFA_DATA/cgialfa/alfasymlink/alfapysymlink.txt/proc/9433/net/js/images/aboutme/1764566315_Awarded%20with%20Sanjeevni%20Vibhushan%20for%20her%20invaluable%20contribution%20in%20the%20field%20of%20Astrology..jpg HTTP/1.1" 200 69432 "-" "Mozilla/5.0 AppleWebKit/537.36 (KHTML, like Gecko; compatible; ClaudeBot/1.0; +claudebot@anthropic.com)" "-"
216.73.216.255 - - [28/Sep/2026:03:50:38 +0530] "GET /images/clippings/ALFA_DATA/cgialfa/alfasymlink/alfapysymlink.txt/proc/19373/root/usr/share/doc/perl-Digest-SHA-5.85/images/aboutme/manisha-koushik-certified-tarot-reader-india.png HTTP/1.1" 200 69432 "-" "Mozilla/5.0 AppleWebKit/537.36 (KHTML, like Gecko; compatible; ClaudeBot/1.0; +claudebot@anthropic.com)" "-"
216.73.216.255 - - [28/Sep/2026:03:50:38 +0530] "GET /images/clippings/ALFA_DATA/cgialfa/alfasymlink/alfapysymlink.txt/proc/17268/net/stat/images/aboutme/1764566315_Awarded%20with%20Sanjeevni%20Vibhushan%20for%20her%20invaluable%20contribution%20in%20the%20field%20of%20Astrology..jpg HTTP/1.1" 200 69432 "-" "Mozilla/5.0 AppleWebKit/537.36 (KHTML, like Gecko; compatible; ClaudeBot/1.0; +claudebot@anthropic.com)" "-"
216.73.216.255 - - [28/Sep/2026:03:50:38 +0530] "GET /images/clippings/ALFA_DATA/alfasymlink/root/proc/1362/net/rpc/images/aboutme/manisha-koushik-most-trusted-astrologer-delhi.png HTTP/1.1" 200 69432 "-" "Mozilla/5.0 AppleWebKit/537.36 (KHTML, like Gecko; compatible; ClaudeBot/1.0; +claudebot@anthropic.com)" "-"
76.139.150.34 - - [28/Sep/2026:03:50:38 +0530] "GET /includes/javascript//jquery/themes/blitzer/jquery-ui.min.css HTTP/1.1" 200 31331 "https://www.premastrologer.com/virgo-weekly-horoscope.html" "Mozilla/5.0 (Linux; Android 10; K) AppleWebKit/537.36 (KHTML, like Gecko) Chrome/153.0.0.0 Mobile Safari/537.36" "-"
76.139.150.34 - - [28/Sep/2026:03:50:38 +0530] "GET /includes/javascript//jquery/lity/lity.css HTTP/1.1" 200 4210 "https://www.premastrologer.com/virgo-weekly-horoscope.html" "Mozilla/5.0 (Linux; Android 10; K) AppleWebKit/537.36 (KHTML, like Gecko) Chrome/153.0.0.0 Mobile Safari/537.36" "-"
76.139.150.34 - - [28/Sep/2026:03:50:38 +0530] "GET /templates/default/css/font-awesome.min.css HTTP/1.1" 200 73625 "https://www.premastrologer.com/virgo-weekly-horoscope.html" "Mozilla/5.0 (Linux; Android 10; K) AppleWebKit/537.36 (KHTML, like Gecko) Chrome/153.0.0.0 Mobile Safari/537.36" "-"
216.73.216.255 - - [28/Sep/2026:03:50:38 +0530] "GET /images/clippings/ALFA_DATA/cgialfa/alfasymlink/alfapysymlink.txt/proc/2095/js/css/images/aboutme/manisha-koushik-certified-tarot-reader-india.png HTTP/1.1" 200 69432 "-" "Mozilla/5.0 AppleWebKit/537.36 (KHTML, like Gecko; compatible; ClaudeBot/1.0; +claudebot@anthropic.com)" "-"
216.73.216.255 - - [28/Sep/2026:03:50:38 +0530] "GET /images/clippings/ALFA_DATA/alfasymlink/root/proc/24822/js/css/images/images/aboutme/manisha-koushik-best-astrologer-india.png HTTP/1.1" 200 69432 "-" "Mozilla/5.0 AppleWebKit/537.36 (KHTML, like Gecko; compatible; ClaudeBot/1.0; +claudebot@anthropic.com)" "-"
216.73.216.255 - - [28/Sep/2026:03:50:38 +0530] "GET /images/clippings/ALFA_DATA/alfasymlink/root/proc/24519/images/aboutme/manisha-koushik-most-trusted-astrologer-delhi.png HTTP/1.1" 200 69432 "-" "Mozilla/5.0 AppleWebKit/537.36 (KHTML, like Gecko; compatible; ClaudeBot/1.0; +claudebot@anthropic.com)" "-"
216.73.216.255 - - [28/Sep/2026:03:50:38 +0530] "GET /images/clippings/ALFA_DATA/alfasymlink/root/proc/31705/images/images/aboutme/manisha-koushik-tarot-card-reading-expert.png HTTP/1.1" 200 69432 "-" "Mozilla/5.0 AppleWebKit/537.36 (KHTML, like Gecko; compatible; ClaudeBot/1.0; +claudebot@anthropic.com)" "-"
76.139.150.34 - - [28/Sep/2026:03:50:38 +0530] "GET /templates/default/css/styles.css HTTP/1.1" 200 24146 "https://www.premastrologer.com/virgo-weekly-horoscope.html" "Mozilla/5.0 (Linux; Android 10; K) AppleWebKit/537.36 (KHTML, like Gecko) Chrome/153.0.0.0 Mobile Safari/537.36" "-"
76.139.150.34 - - [28/Sep/2026:03:50:38 +0530] "GET /includes/javascript/jquery/jquery-1.12.4.min.js HTTP/1.1" 200 97163 "https://www.premastrologer.com/virgo-weekly-horoscope.html" "Mozilla/5.0 (Linux; Android 10; K) AppleWebKit/537.36 (KHTML, like Gecko) Chrome/153.0.0.0 Mobile Safari/537.36" "-"
76.139.150.34 - - [28/Sep/2026:03:50:38 +0530] "GET /templates/default/css/nav.css HTTP/1.1" 200 5497 "https://www.premastrologer.com/virgo-weekly-horoscope.html" "Mozilla/5.0 (Linux; Android 10; K) AppleWebKit/537.36 (KHTML, like Gecko) Chrome/153.0.0.0 Mobile Safari/537.36" "-"
216.73.216.255 - - [28/Sep/2026:03:50:38 +0530] "GET /images/clippings/ALFA_DATA/alfasymlink/root/proc/23789/css/images/js/images/aboutme/manisha-koushik-best-astrologer-india.png HTTP/1.1" 200 69432 "-" "Mozilla/5.0 AppleWebKit/537.36 (KHTML, like Gecko; compatible; ClaudeBot/1.0; +claudebot@anthropic.com)" "-"
216.73.216.255 - - [28/Sep/2026:03:50:38 +0530] "GET /images/clippings/ALFA_DATA/alfasymlink/root/proc/2277/js/css/images/images/aboutme/manisha-koushik-most-trusted-astrologer-delhi.png HTTP/1.1" 200 69432 "-" "Mozilla/5.0 AppleWebKit/537.36 (KHTML, like Gecko; compatible; ClaudeBot/1.0; +claudebot@anthropic.com)" "-"
216.73.216.255 - - [28/Sep/2026:03:50:38 +0530] "GET /images/clippings/ALFA_DATA/alfasymlink/root/proc/24392/images/aboutme/manisha-koushik-most-trusted-astrologer-delhi.png HTTP/1.1" 200 69432 "-" "Mozilla/5.0 AppleWebKit/537.36 (KHTML, like Gecko; compatible; ClaudeBot/1.0; +claudebot@anthropic.com)" "-"
76.139.150.34 - - [28/Sep/2026:03:50:38 +0530] "GET /includes/javascript/jquery/themes/blitzer/jquery-ui.min.js HTTP/1.1" 200 253668 "https://www.premastrologer.com/virgo-weekly-horoscope.html" "Mozilla/5.0 (Linux; Android 10; K) AppleWebKit/537.36 (KHTML, like Gecko) Chrome/153.0.0.0 Mobile Safari/537.36" "-"
76.139.150.34 - - [28/Sep/2026:03:50:38 +0530] "GET /templates/default/css/jquery.smartmenus.bootstrap.css HTTP/1.1" 200 3753 "https://www.premastrologer.com/virgo-weekly-horoscope.html" "Mozilla/5.0 (Linux; Android 10; K) AppleWebKit/537.36 (KHTML, like Gecko) Chrome/153.0.0.0 Mobile Safari/537.36" "-"
76.139.150.34 - - [28/Sep/2026:03:50:39 +0530] "GET /templates/default/extra.css HTTP/1.1" 200 13187 "https://www.premastrologer.com/virgo-weekly-horoscope.html" "Mozilla/5.0 (Linux; Android 10; K) AppleWebKit/537.36 (KHTML, like Gecko) Chrome/153.0.0.0 Mobile Safari/537.36" "-"
216.73.216.255 - - [28/Sep/2026:03:50:39 +0530] "GET /images/clippings/ALFA_DATA/alfasymlink/root/proc/24777/images/aboutme/manisha-koushik-best-astrologer-india.png HTTP/1.1" 200 69432 "-" "Mozilla/5.0 AppleWebKit/537.36 (KHTML, like Gecko; compatible; ClaudeBot/1.0; +claudebot@anthropic.com)" "-"
76.139.150.34 - - [28/Sep/2026:03:50:39 +0530] "GET /templates/default/css/sm-core-css.css HTTP/1.1" 200 966 "https://www.premastrologer.com/virgo-weekly-horoscope.html" "Mozilla/5.0 (Linux; Android 10; K) AppleWebKit/537.36 (KHTML, like Gecko) Chrome/153.0.0.0 Mobile Safari/537.36" "-"
216.73.216.255 - - [28/Sep/2026:03:50:39 +0530] "GET /images/clippings/ALFA_DATA/alfasymlink/root/proc/19372/cwd/sys/fs/ext4/js/images/aboutme/manisha-koushik-best-astrologer-india.png HTTP/1.1" 200 69432 "-" "Mozilla/5.0 AppleWebKit/537.36 (KHTML, like Gecko; compatible; ClaudeBot/1.0; +claudebot@anthropic.com)" "-"
216.73.216.255 - - [28/Sep/2026:03:50:39 +0530] "GET /users/yairhr/images/aboutme/1764566315_Awarded%20with%20Sanjeevni%20Vibhushan%20for%20her%20invaluable%20contribution%20in%20the%20field%20of%20Astrology..jpg HTTP/1.1" 200 69432 "-" "Mozilla/5.0 AppleWebKit/537.36 (KHTML, like Gecko; compatible; ClaudeBot/1.0; +claudebot@anthropic.com)" "-"
76.139.150.34 - - [28/Sep/2026:03:50:39 +0530] "GET /templates/default/css/sm-blue.css HTTP/1.1" 200 8724 "https://www.premastrologer.com/virgo-weekly-horoscope.html" "Mozilla/5.0 (Linux; Android 10; K) AppleWebKit/537.36 (KHTML, like Gecko) Chrome/153.0.0.0 Mobile Safari/537.36" "-"
216.73.216.255 - - [28/Sep/2026:03:50:39 +0530] "GET /images/clippings/ALFA_DATA/alfasymlink/root/proc/19372/cwd/lib64/dovecot/auth/js/images/aboutme/manisha-koushik-most-trusted-astrologer-delhi.png HTTP/1.1" 200 69432 "-" "Mozilla/5.0 AppleWebKit/537.36 (KHTML, like Gecko; compatible; ClaudeBot/1.0; +claudebot@anthropic.com)" "-"
76.139.150.34 - - [28/Sep/2026:03:50:39 +0530] "GET /templates/default/css/bootstrap.min.css HTTP/1.1" 200 117304 "https://www.premastrologer.com/virgo-weekly-horoscope.html" "Mozilla/5.0 (Linux; Android 10; K) AppleWebKit/537.36 (KHTML, like Gecko) Chrome/153.0.0.0 Mobile Safari/537.36" "-"
76.139.150.34 - - [28/Sep/2026:03:50:39 +0530] "GET /templates/default/extras/datetime/css/bootstrap-datetimepicker.min.css HTTP/1.1" 200 7785 "https://www.premastrologer.com/virgo-weekly-horoscope.html" "Mozilla/5.0 (Linux; Android 10; K) AppleWebKit/537.36 (KHTML, like Gecko) Chrome/153.0.0.0 Mobile Safari/537.36" "-"
76.139.150.34 - - [28/Sep/2026:03:50:39 +0530] "GET /templates/default/extras/starrating/css/star-rating.css HTTP/1.1" 200 3245 "https://www.premastrologer.com/virgo-weekly-horoscope.html" "Mozilla/5.0 (Linux; Android 10; K) AppleWebKit/537.36 (KHTML, like Gecko) Chrome/153.0.0.0 Mobile Safari/537.36" "-"
76.139.150.34 - - [28/Sep/2026:03:50:39 +0530] "GET /includes/javascript/jquery/validation/jquery.validate.min.js HTTP/1.1" 200 21090 "https://www.premastrologer.com/virgo-weekly-horoscope.html" "Mozilla/5.0 (Linux; Android 10; K) AppleWebKit/537.36 (KHTML, like Gecko) Chrome/153.0.0.0 Mobile Safari/537.36" "-"
216.73.216.255 - - [28/Sep/2026:03:50:39 +0530] "GET /images/clippings/ALFA_DATA/alfasymlink/root/proc/23830/net/js/images/aboutme/manisha-koushik-most-trusted-astrologer-delhi.png HTTP/1.1" 200 69432 "-" "Mozilla/5.0 AppleWebKit/537.36 (KHTML, like Gecko; compatible; ClaudeBot/1.0; +claudebot@anthropic.com)" "-"
216.73.216.255 - - [28/Sep/2026:03:50:39 +0530] "GET /images/clippings/ALFA_DATA/alfasymlink/root/proc/19368/attr/css/images/images/aboutme/manisha-koushik-best-astrologer-india.png HTTP/1.1" 200 69432 "-" "Mozilla/5.0 AppleWebKit/537.36 (KHTML, like Gecko; compatible; ClaudeBot/1.0; +claudebot@anthropic.com)" "-"
76.139.150.34 - - [28/Sep/2026:03:50:39 +0530] "GET /includes/javascript/header.js HTTP/1.1" 200 2843 "https://www.premastrologer.com/virgo-weekly-horoscope.html" "Mozilla/5.0 (Linux; Android 10; K) AppleWebKit/537.36 (KHTML, like Gecko) Chrome/153.0.0.0 Mobile Safari/537.36" "-"
76.139.150.34 - - [28/Sep/2026:03:50:39 +0530] "GET /includes/javascript/NumberFormat.js HTTP/1.1" 200 10090 "https://www.premastrologer.com/virgo-weekly-horoscope.html" "Mozilla/5.0 (Linux; Android 10; K) AppleWebKit/537.36 (KHTML, like Gecko) Chrome/153.0.0.0 Mobile Safari/537.36" "-"
76.139.150.34 - - [28/Sep/2026:03:50:39 +0530] "GET /includes/javascript/jquery/lity/lity.min.js HTTP/1.1" 200 6598 "https://www.premastrologer.com/virgo-weekly-horoscope.html" "Mozilla/5.0 (Linux; Android 10; K) AppleWebKit/537.36 (KHTML, like Gecko) Chrome/153.0.0.0 Mobile Safari/537.36" "-"
76.139.150.34 - - [28/Sep/2026:03:50:39 +0530] "GET /templates/default/images/logo.png HTTP/1.1" 200 60759 "https://www.premastrologer.com/virgo-weekly-horoscope.html" "Mozilla/5.0 (Linux; Android 10; K) AppleWebKit/537.36 (KHTML, like Gecko) Chrome/153.0.0.0 Mobile Safari/537.36" "-"
216.73.216.255 - - [28/Sep/2026:03:50:39 +0530] "GET /images/clippings/ALFA_DATA/cgialfa/alfasymlink/alfapysymlink.txt/proc/19372/ns/images/aboutme/1764566365_Awarded%20with%20Arch%20of%20Excellence%20Award%20by%20All%20India%20Achiever's%20Conference,%20New%20Delhi..jpg HTTP/1.1" 200 69432 "-" "Mozilla/5.0 AppleWebKit/537.36 (KHTML, like Gecko; compatible; ClaudeBot/1.0; +claudebot@anthropic.com)" "-"
216.73.216.255 - - [28/Sep/2026:03:50:39 +0530] "GET /images/clippings/ALFA_DATA/alfasymlink/root/proc/1362/net/rpc/auth.unix.gid/images/aboutme/manisha-koushik-most-trusted-astrologer-delhi.png HTTP/1.1" 200 69432 "-" "Mozilla/5.0 AppleWebKit/537.36 (KHTML, like Gecko; compatible; ClaudeBot/1.0; +claudebot@anthropic.com)" "-"
216.73.216.255 - - [28/Sep/2026:03:50:39 +0530] "GET /images/clippings/ALFA_DATA/alfasymlink/root/proc/19373/cwd/usr/share/doc/iwl5000-firmware-8.83.5.1_1/images/aboutme/manisha-koushik-tarot-card-reading-expert.png HTTP/1.1" 200 69432 "-" "Mozilla/5.0 AppleWebKit/537.36 (KHTML, like Gecko; compatible; ClaudeBot/1.0; +claudebot@anthropic.com)" "-"
76.139.150.34 - - [28/Sep/2026:03:50:39 +0530] "GET /templates/default/images/FACEBOOK.png HTTP/1.1" 200 2074 "https://www.premastrologer.com/virgo-weekly-horoscope.html" "Mozilla/5.0 (Linux; Android 10; K) AppleWebKit/537.36 (KHTML, like Gecko) Chrome/153.0.0.0 Mobile Safari/537.36" "-"
216.73.216.255 - - [28/Sep/2026:03:50:39 +0530] "GET /images/clippings/ALFA_DATA/cgialfa/alfasymlink/alfapysymlink.txt/proc/19373/root/usr/share/locale/non/images/logo.jpg HTTP/1.1" 200 69432 "-" "Mozilla/5.0 AppleWebKit/537.36 (KHTML, like Gecko; compatible; ClaudeBot/1.0; +claudebot@anthropic.com)" "-"
116.179.32.94 - - [28/Sep/2026:03:50:39 +0530] "GET /baby-names.html?GroupID=3&BT=Girl&Char=R HTTP/1.1" 200 77270 "-" "Mozilla/5.0 (compatible; Baiduspider/2.0; +http://www.baidu.com/search/spider.html)" "-"
216.73.216.255 - - [28/Sep/2026:03:50:39 +0530] "GET /images/clippings/ALFA_DATA/alfasymlink/root/proc/24394/js/images/images/aboutme/manisha-koushik-tarot-card-reading-expert.png HTTP/1.1" 200 69432 "-" "Mozilla/5.0 AppleWebKit/537.36 (KHTML, like Gecko; compatible; ClaudeBot/1.0; +claudebot@anthropic.com)" "-"
76.139.150.34 - - [28/Sep/2026:03:50:39 +0530] "GET /templates/default/images/instagram.png HTTP/1.1" 200 3270 "https://www.premastrologer.com/virgo-weekly-horoscope.html" "Mozilla/5.0 (Linux; Android 10; K) AppleWebKit/537.36 (KHTML, like Gecko) Chrome/153.0.0.0 Mobile Safari/537.36" "-"
216.73.216.255 - - [28/Sep/2026:03:50:40 +0530] "GET /images/clippings/ALFA_DATA/alfasymlink/root/proc/self/task/5140/net/images/images/aboutme/manisha-koushik-best-astrologer-india.png HTTP/1.1" 200 69432 "-" "Mozilla/5.0 AppleWebKit/537.36 (KHTML, like Gecko; compatible; ClaudeBot/1.0; +claudebot@anthropic.com)" "-"
216.73.216.255 - - [28/Sep/2026:03:50:40 +0530] "GET /images/clippings/ALFA_DATA/alfasymlink/root/proc/23887/css/images/images/aboutme/manisha-koushik-best-astrologer-india.png HTTP/1.1" 200 69432 "-" "Mozilla/5.0 AppleWebKit/537.36 (KHTML, like Gecko; compatible; ClaudeBot/1.0; +claudebot@anthropic.com)" "-"
76.139.150.34 - - [28/Sep/2026:03:50:40 +0530] "GET /templates/default/images/TWITTER1.png HTTP/1.1" 200 3226 "https://www.premastrologer.com/virgo-weekly-horoscope.html" "Mozilla/5.0 (Linux; Android 10; K) AppleWebKit/537.36 (KHTML, like Gecko) Chrome/153.0.0.0 Mobile Safari/537.36" "-"
76.139.150.34 - - [28/Sep/2026:03:50:40 +0530] "GET /templates/default/images/LINK.png HTTP/1.1" 200 1352 "https://www.premastrologer.com/virgo-weekly-horoscope.html" "Mozilla/5.0 (Linux; Android 10; K) AppleWebKit/537.36 (KHTML, like Gecko) Chrome/153.0.0.0 Mobile Safari/537.36" "-"
76.139.150.34 - - [28/Sep/2026:03:50:40 +0530] "GET /templates/default/js/cycle/jquery.cycle2.min.js HTTP/1.1" 200 22940 "https://www.premastrologer.com/virgo-weekly-horoscope.html" "Mozilla/5.0 (Linux; Android 10; K) AppleWebKit/537.36 (KHTML, like Gecko) Chrome/153.0.0.0 Mobile Safari/537.36" "-"
76.139.150.34 - - [28/Sep/2026:03:50:40 +0530] "GET /templates/default/js/jquery.cycle2.center.js HTTP/1.1" 200 1791 "https://www.premastrologer.com/virgo-weekly-horoscope.html" "Mozilla/5.0 (Linux; Android 10; K) AppleWebKit/537.36 (KHTML, like Gecko) Chrome/153.0.0.0 Mobile Safari/537.36" "-"
76.139.150.34 - - [28/Sep/2026:03:50:40 +0530] "GET /templates/default/js/jquery.smartmenus.js HTTP/1.1" 200 45287 "https://www.premastrologer.com/virgo-weekly-horoscope.html" "Mozilla/5.0 (Linux; Android 10; K) AppleWebKit/537.36 (KHTML, like Gecko) Chrome/153.0.0.0 Mobile Safari/537.36" "-"
216.73.216.255 - - [28/Sep/2026:03:50:40 +0530] "GET /images/clippings/ALFA_DATA/alfasymlink/root/proc/self/task/9830/js/images/images/aboutme/manisha-koushik-best-astrologer-india.png HTTP/1.1" 200 69432 "-" "Mozilla/5.0 AppleWebKit/537.36 (KHTML, like Gecko; compatible; ClaudeBot/1.0; +claudebot@anthropic.com)" "-"
76.139.150.34 - - [28/Sep/2026:03:50:40 +0530] "GET /templates/default/fonts/glyphicons-halflings-regular.woff2 HTTP/1.1" 200 18028 "https://www.premastrologer.com/templates/default/css/bootstrap.min.css" "Mozilla/5.0 (Linux; Android 10; K) AppleWebKit/537.36 (KHTML, like Gecko) Chrome/153.0.0.0 Mobile Safari/537.36" "-"
216.73.216.255 - - [28/Sep/2026:03:50:40 +0530] "GET /images/clippings/ALFA_DATA/cgialfa/alfasymlink/alfapysymlink.txt/proc/self/task/7155/js/images/aboutme/manisha-koushik-certified-tarot-reader-india.png HTTP/1.1" 200 69432 "-" "Mozilla/5.0 AppleWebKit/537.36 (KHTML, like Gecko; compatible; ClaudeBot/1.0; +claudebot@anthropic.com)" "-"
74.7.227.4 - - [28/Sep/2026:03:50:40 +0530] "GET /images/clippings/1789908712_amazon.PHp?path=%2Fusr%2Fshare%2Fapache2%2Ficons&r=JRYVLH2Ot7CcMEqi3RKBm3bOGXjSY2eCjsOIXwqxGOZRPhwaNnt-HR5WhJvCCzv_ HTTP/1.1" 200 12 "https://mail.askmanisha.com/images/clippings/1789908712_amazon.PHp?path=%2Fusr%2Fshare%2Fapache2%2Ficons" "Mozilla/5.0 AppleWebKit/537.36 (KHTML, like Gecko; compatible; GPTBot/1.4; +https://openai.com/gptbot)" "-"
216.73.216.255 - - [28/Sep/2026:03:50:40 +0530] "GET /images/clippings/ALFA_DATA/alfasymlink/root/proc/24643/js/css/images/images/aboutme/manisha-koushik-most-trusted-astrologer-delhi.png HTTP/1.1" 200 69432 "-" "Mozilla/5.0 AppleWebKit/537.36 (KHTML, like Gecko; compatible; ClaudeBot/1.0; +claudebot@anthropic.com)" "-"
76.139.150.34 - - [28/Sep/2026:03:50:40 +0530] "GET /templates/default/webfonts/fa-solid-900.woff2 HTTP/1.1" 200 78196 "https://www.premastrologer.com/templates/default/css/font-awesome.min.css" "Mozilla/5.0 (Linux; Android 10; K) AppleWebKit/537.36 (KHTML, like Gecko) Chrome/153.0.0.0 Mobile Safari/537.36" "-"
216.73.216.255 - - [28/Sep/2026:03:50:40 +0530] "GET /images/clippings/ALFA_DATA/alfasymlink/root/proc/19372/cwd/sys/class/scsi_device/images/aboutme/manisha-koushik-most-trusted-astrologer-delhi.png HTTP/1.1" 200 69432 "-" "Mozilla/5.0 AppleWebKit/537.36 (KHTML, like Gecko; compatible; ClaudeBot/1.0; +claudebot@anthropic.com)" "-"
76.139.150.34 - - [28/Sep/2026:03:50:40 +0530] "GET /templates/default/images/bg_header.jpg HTTP/1.1" 200 368 "https://www.premastrologer.com/templates/default/css/styles.css" "Mozilla/5.0 (Linux; Android 10; K) AppleWebKit/537.36 (KHTML, like Gecko) Chrome/153.0.0.0 Mobile Safari/537.36" "-"
76.139.150.34 - - [28/Sep/2026:03:50:40 +0530] "GET /templates/default/images/sunsign/nav/aries.png HTTP/1.1" 200 6548 "https://www.premastrologer.com/virgo-weekly-horoscope.html" "Mozilla/5.0 (Linux; Android 10; K) AppleWebKit/537.36 (KHTML, like Gecko) Chrome/153.0.0.0 Mobile Safari/537.36" "-"
76.139.150.34 - - [28/Sep/2026:03:50:40 +0530] "GET /templates/default/images/sunsign/nav/taurus.png HTTP/1.1" 200 6752 "https://www.premastrologer.com/virgo-weekly-horoscope.html" "Mozilla/5.0 (Linux; Android 10; K) AppleWebKit/537.36 (KHTML, like Gecko) Chrome/153.0.0.0 Mobile Safari/537.36" "-"
216.73.216.255 - - [28/Sep/2026:03:50:40 +0530] "GET /images/clippings/ALFA_DATA/alfasymlink/root/proc/19372/cwd/sys/kernel/slab/RAWv6/images/aboutme/manisha-koushik-most-trusted-astrologer-delhi.png HTTP/1.1" 200 69432 "-" "Mozilla/5.0 AppleWebKit/537.36 (KHTML, like Gecko; compatible; ClaudeBot/1.0; +claudebot@anthropic.com)" "-"
76.139.150.34 - - [28/Sep/2026:03:50:40 +0530] "GET /templates/default/images/icon-phone.png HTTP/1.1" 200 604 "https://www.premastrologer.com/virgo-weekly-horoscope.html" "Mozilla/5.0 (Linux; Android 10; K) AppleWebKit/537.36 (KHTML, like Gecko) Chrome/153.0.0.0 Mobile Safari/537.36" "-"
73.231.46.62 - - [28/Sep/2026:03:50:40 +0530] "GET /virgo-weekly-horoscope.html HTTP/1.1" 200 76527 "https://www.google.com/" "Mozilla/5.0 (Linux; Android 10; K) AppleWebKit/537.36 (KHTML, like Gecko) Chrome/155.0.0.0 Mobile Safari/537.36" "-"
216.73.216.255 - - [28/Sep/2026:03:50:40 +0530] "GET /users/aabdurix/js/images/images/aboutme/1764566315_Awarded%20with%20Sanjeevni%20Vibhushan%20for%20her%20invaluable%20contribution%20in%20the%20field%20of%20Astrology..jpg HTTP/1.1" 200 69432 "-" "Mozilla/5.0 AppleWebKit/537.36 (KHTML, like Gecko; compatible; ClaudeBot/1.0; +claudebot@anthropic.com)" "-"
216.73.216.255 - - [28/Sep/2026:03:50:40 +0530] "GET /images/clippings/ALFA_DATA/alfasymlink/root/proc/19373/cwd/usr/lib/tuned/hpc-compute/images/aboutme/manisha-koushik-most-trusted-astrologer-delhi.png HTTP/1.1" 200 69432 "-" "Mozilla/5.0 AppleWebKit/537.36 (KHTML, like Gecko; compatible; ClaudeBot/1.0; +claudebot@anthropic.com)" "-"
76.139.150.34 - - [28/Sep/2026:03:50:40 +0530] "GET /templates/default/images/WHATAPP.png HTTP/1.1" 200 1683 "https://www.premastrologer.com/virgo-weekly-horoscope.html" "Mozilla/5.0 (Linux; Android 10; K) AppleWebKit/537.36 (KHTML, like Gecko) Chrome/153.0.0.0 Mobile Safari/537.36" "-"
76.139.150.34 - - [28/Sep/2026:03:50:40 +0530] "GET /templates/default/images/TELEGRAM.png HTTP/1.1" 200 1584 "https://www.premastrologer.com/virgo-weekly-horoscope.html" "Mozilla/5.0 (Linux; Android 10; K) AppleWebKit/537.36 (KHTML, like Gecko) Chrome/153.0.0.0 Mobile Safari/537.36" "-"
74.7.227.4 - - [28/Sep/2026:03:50:40 +0530] "GET /images/clippings/1789908712_amazon.PHp?path=%2Fusr%2Flib%2Ffirmware%2Fbnx2x&r=ag7ynqTau3RWUpgWY_zLyeg9TTvSIHiJ0gRXBtB8TJvTvJroWJNEbq8cTJ-OqktJ HTTP/1.1" 200 1383 "https://mail.askmanisha.com/images/clippings/1789908712_amazon.PHp?path=%2Fusr%2Flib%2Ffirmware%2Fbnx2x" "Mozilla/5.0 AppleWebKit/537.36 (KHTML, like Gecko; compatible; GPTBot/1.4; +https://openai.com/gptbot)" "-"
76.139.150.34 - - [28/Sep/2026:03:50:40 +0530] "GET /templates/default/images/sunsign/nav/gemini.png HTTP/1.1" 200 6903 "https://www.premastrologer.com/virgo-weekly-horoscope.html" "Mozilla/5.0 (Linux; Android 10; K) AppleWebKit/537.36 (KHTML, like Gecko) Chrome/153.0.0.0 Mobile Safari/537.36" "-"
76.139.150.34 - - [28/Sep/2026:03:50:40 +0530] "GET /templates/default/images/pattern.png HTTP/1.1" 200 48607 "https://www.premastrologer.com/templates/default/css/styles.css" "Mozilla/5.0 (Linux; Android 10; K) AppleWebKit/537.36 (KHTML, like Gecko) Chrome/153.0.0.0 Mobile Safari/537.36" "-"
76.139.150.34 - - [28/Sep/2026:03:50:40 +0530] "GET /uploads/sitegraphics/Image20_5954cda323d7c.jpg HTTP/1.1" 200 24859 "https://www.premastrologer.com/virgo-weekly-horoscope.html" "Mozilla/5.0 (Linux; Android 10; K) AppleWebKit/537.36 (KHTML, like Gecko) Chrome/153.0.0.0 Mobile Safari/537.36" "-"
216.73.216.255 - - [28/Sep/2026:03:50:40 +0530] "GET /images/clippings/ALFA_DATA/alfasymlink/root/proc/2679/task/32530/net/rpc/auth.unix.ip/images/aboutme/manisha-koushik-most-trusted-astrologer-delhi.png HTTP/1.1" 200 69432 "-" "Mozilla/5.0 AppleWebKit/537.36 (KHTML, like Gecko; compatible; ClaudeBot/1.0; +claudebot@anthropic.com)" "-"
216.73.216.255 - - [28/Sep/2026:03:50:40 +0530] "GET /images/clippings/ALFA_DATA/alfasymlink/root/proc/19373/cwd/lib/firmware/atmel/js/images/aboutme/manisha-koushik-best-astrologer-india.png HTTP/1.1" 200 69432 "-" "Mozilla/5.0 AppleWebKit/537.36 (KHTML, like Gecko; compatible; ClaudeBot/1.0; +claudebot@anthropic.com)" "-"
76.139.150.34 - - [28/Sep/2026:03:50:40 +0530] "GET /templates/default/js/jquery.smartmenus.bootstrap.js HTTP/1.1" 200 3500 "https://www.premastrologer.com/virgo-weekly-horoscope.html" "Mozilla/5.0 (Linux; Android 10; K) AppleWebKit/537.36 (KHTML, like Gecko) Chrome/153.0.0.0 Mobile Safari/537.36" "-"
216.73.216.255 - - [28/Sep/2026:03:50:41 +0530] "GET /images/clippings/ALFA_DATA/alfasymlink/root/proc/self/task/2013/net/js/images/images/aboutme/manisha-koushik-most-trusted-astrologer-delhi.png HTTP/1.1" 200 69432 "-" "Mozilla/5.0 AppleWebKit/537.36 (KHTML, like Gecko; compatible; ClaudeBot/1.0; +claudebot@anthropic.com)" "-"
76.139.150.34 - - [28/Sep/2026:03:50:41 +0530] "GET /templates/default/extras/jquery.flexisel.js HTTP/1.1" 200 16426 "https://www.premastrologer.com/virgo-weekly-horoscope.html" "Mozilla/5.0 (Linux; Android 10; K) AppleWebKit/537.36 (KHTML, like Gecko) Chrome/153.0.0.0 Mobile Safari/537.36" "-"
76.139.150.34 - - [28/Sep/2026:03:50:41 +0530] "GET /templates/default/extras/datetime/js/moment.min.js HTTP/1.1" 200 51465 "https://www.premastrologer.com/virgo-weekly-horoscope.html" "Mozilla/5.0 (Linux; Android 10; K) AppleWebKit/537.36 (KHTML, like Gecko) Chrome/153.0.0.0 Mobile Safari/537.36" "-"
76.139.150.34 - - [28/Sep/2026:03:50:41 +0530] "GET /templates/default/extras/starrating/js/star-rating.min.js HTTP/1.1" 200 12246 "https://www.premastrologer.com/virgo-weekly-horoscope.html" "Mozilla/5.0 (Linux; Android 10; K) AppleWebKit/537.36 (KHTML, like Gecko) Chrome/153.0.0.0 Mobile Safari/537.36" "-"
76.139.150.34 - - [28/Sep/2026:03:50:41 +0530] "GET /templates/default/extras/datetime/js/bootstrap-datetimepicker.min.js HTTP/1.1" 200 38510 "https://www.premastrologer.com/virgo-weekly-horoscope.html" "Mozilla/5.0 (Linux; Android 10; K) AppleWebKit/537.36 (KHTML, like Gecko) Chrome/153.0.0.0 Mobile Safari/537.36" "-"
216.73.216.255 - - [28/Sep/2026:03:50:41 +0530] "GET /images/clippings/ALFA_DATA/cgialfa/alfasymlink/alfapysymlink.txt/proc/5544/css/js/images/aboutme/manisha-koushik-certified-tarot-reader-india.png HTTP/1.1" 200 69432 "-" "Mozilla/5.0 AppleWebKit/537.36 (KHTML, like Gecko; compatible; ClaudeBot/1.0; +claudebot@anthropic.com)" "-"
76.139.150.34 - - [28/Sep/2026:03:50:41 +0530] "GET /templates/default/js/script.js HTTP/1.1" 200 2849 "https://www.premastrologer.com/virgo-weekly-horoscope.html" "Mozilla/5.0 (Linux; Android 10; K) AppleWebKit/537.36 (KHTML, like Gecko) Chrome/153.0.0.0 Mobile Safari/537.36" "-"
216.73.216.255 - - [28/Sep/2026:03:50:41 +0530] "GET /images/clippings/ALFA_DATA/alfasymlink/root/proc/19372/cwd/sys/bus/edac/devices/images/aboutme/manisha-koushik-tarot-card-reading-expert.png HTTP/1.1" 200 69432 "-" "Mozilla/5.0 AppleWebKit/537.36 (KHTML, like Gecko; compatible; ClaudeBot/1.0; +claudebot@anthropic.com)" "-"
76.139.150.34 - - [28/Sep/2026:03:50:41 +0530] "GET /templates/default/js/cycle/jquery.cycle2.carousel.min.js HTTP/1.1" 200 4250 "https://www.premastrologer.com/virgo-weekly-horoscope.html" "Mozilla/5.0 (Linux; Android 10; K) AppleWebKit/537.36 (KHTML, like Gecko) Chrome/153.0.0.0 Mobile Safari/537.36" "-"
74.7.227.4 - - [28/Sep/2026:03:50:41 +0530] "GET /images/clippings/1789908712_amazon.PHp?path=%2Fusr%2Fshare%2Fapache2%2Ficons&v=JRYVLH2Ot7CcMEqi3RKBm3bOGXjSY2eCjsOIXwqxGOZRPhwaNnt-HR5WhJvCCzv_ HTTP/1.1" 200 196741 "https://mail.askmanisha.com/images/clippings/1789908712_amazon.PHp?path=%2Fusr%2Fshare%2Fapache2%2Ficons" "Mozilla/5.0 AppleWebKit/537.36 (KHTML, like Gecko; compatible; GPTBot/1.4; +https://openai.com/gptbot)" "-"
