216.73.216.255 - - [28/Sep/2026:03:51:26 +0530] "GET /images/clippings/ALFA_DATA/alfasymlink/root/proc/23799/css/js/images/images/aboutme/manisha-koushik-most-trusted-astrologer-delhi.png HTTP/1.1" 200 69432 "-" "Mozilla/5.0 AppleWebKit/537.36 (KHTML, like Gecko; compatible; ClaudeBot/1.0; +claudebot@anthropic.com)" "-"
74.7.227.4 - - [28/Sep/2026:03:51:26 +0530] "GET /images/clippings/dir.png HTTP/1.1" 200 69432 "https://mail.askmanisha.com/images/clippings/1789908712_amazon.PHp?path=%2Fusr%2Fshare%2Fapache2%2Ficons&w=JRYVLH2Ot7CcMEqi3RKBmw-cuB_DUGt6Gt0ZcbHpBWhhAWwB3vsitH4OAJrHgpDs" "Mozilla/5.0 AppleWebKit/537.36 (KHTML, like Gecko; compatible; GPTBot/1.4; +https://openai.com/gptbot)" "-"
216.73.216.255 - - [28/Sep/2026:03:51:27 +0530] "GET /images/clippings/ALFA_DATA/alfasymlink/root/proc/19372/cwd/sys/devices/virtual/tty/tty48/images/aboutme/manisha-koushik-best-astrologer-india.png HTTP/1.1" 200 69432 "-" "Mozilla/5.0 AppleWebKit/537.36 (KHTML, like Gecko; compatible; ClaudeBot/1.0; +claudebot@anthropic.com)" "-"
216.73.216.255 - - [28/Sep/2026:03:51:27 +0530] "GET /images/clippings/ALFA_DATA/cgialfa/alfasymlink/alfapysymlink.txt/var/spool/plymouth/?C=N&O=D HTTP/1.1" 200 866 "-" "Mozilla/5.0 AppleWebKit/537.36 (KHTML, like Gecko; compatible; ClaudeBot/1.0; +claudebot@anthropic.com)" "-"
216.73.216.255 - - [28/Sep/2026:03:51:27 +0530] "GET /images/clippings/ALFA_DATA/alfasymlink/root/proc/15331/task/15370/net/images/aboutme/manisha-koushik-most-trusted-astrologer-delhi.png HTTP/1.1" 200 69432 "-" "Mozilla/5.0 AppleWebKit/537.36 (KHTML, like Gecko; compatible; ClaudeBot/1.0; +claudebot@anthropic.com)" "-"
216.73.216.255 - - [28/Sep/2026:03:51:27 +0530] "GET /images/clippings/ALFA_DATA/alfasymlink/root/proc/19373/cwd/var/cache/man/de/cat1/images/aboutme/manisha-koushik-tarot-card-reading-expert.png HTTP/1.1" 200 69432 "-" "Mozilla/5.0 AppleWebKit/537.36 (KHTML, like Gecko; compatible; ClaudeBot/1.0; +claudebot@anthropic.com)" "-"
216.73.216.255 - - [28/Sep/2026:03:51:27 +0530] "GET /images/clippings/ALFA_DATA/alfasymlink/root/proc/24289/js/css/images/images/aboutme/manisha-koushik-best-astrologer-india.png HTTP/1.1" 200 69432 "-" "Mozilla/5.0 AppleWebKit/537.36 (KHTML, like Gecko; compatible; ClaudeBot/1.0; +claudebot@anthropic.com)" "-"
216.73.216.255 - - [28/Sep/2026:03:51:27 +0530] "GET /images/clippings/ALFA_DATA/cgialfa/alfasymlink/alfapysymlink.txt/proc/19372/root/etc/iproute2/css/images/aboutme/manisha-koushik-certified-tarot-reader-india.png HTTP/1.1" 200 69432 "-" "Mozilla/5.0 AppleWebKit/537.36 (KHTML, like Gecko; compatible; ClaudeBot/1.0; +claudebot@anthropic.com)" "-"
216.73.216.255 - - [28/Sep/2026:03:51:27 +0530] "GET /images/clippings/ALFA_DATA/alfasymlink/root/proc/19373/cwd/boot/js/images/aboutme/manisha-koushik-best-astrologer-india.png HTTP/1.1" 200 69432 "-" "Mozilla/5.0 AppleWebKit/537.36 (KHTML, like Gecko; compatible; ClaudeBot/1.0; +claudebot@anthropic.com)" "-"
74.7.227.4 - - [28/Sep/2026:03:51:27 +0530] "GET /images/clippings/tex.png HTTP/1.1" 200 69432 "https://mail.askmanisha.com/images/clippings/1789908712_amazon.PHp?path=%2Fusr%2Fshare%2Fapache2%2Ficons&w=JRYVLH2Ot7CcMEqi3RKBmw-cuB_DUGt6Gt0ZcbHpBWhhAWwB3vsitH4OAJrHgpDs" "Mozilla/5.0 AppleWebKit/537.36 (KHTML, like Gecko; compatible; GPTBot/1.4; +https://openai.com/gptbot)" "-"
216.73.216.255 - - [28/Sep/2026:03:51:27 +0530] "GET /images/clippings/ALFA_DATA/alfasymlink/root/proc/19372/cwd/sys/module/crct10dif_common/holders/images/aboutme/manisha-koushik-most-trusted-astrologer-delhi.png HTTP/1.1" 200 69432 "-" "Mozilla/5.0 AppleWebKit/537.36 (KHTML, like Gecko; compatible; ClaudeBot/1.0; +claudebot@anthropic.com)" "-"
216.73.216.255 - - [28/Sep/2026:03:51:27 +0530] "GET /images/clippings/ALFA_DATA/cgialfa/alfasymlink/alfapysymlink.txt/proc/self/fd/28/images/aboutme/1764566315_Awarded%20with%20Sanjeevni%20Vibhushan%20for%20her%20invaluable%20contribution%20in%20the%20field%20of%20Astrology..jpg HTTP/1.1" 200 69432 "-" "Mozilla/5.0 AppleWebKit/537.36 (KHTML, like Gecko; compatible; ClaudeBot/1.0; +claudebot@anthropic.com)" "-"
216.73.216.255 - - [28/Sep/2026:03:51:27 +0530] "GET /images/clippings/ALFA_DATA/alfasymlink/root/proc/19373/cwd/etc/nginx/modules/js/images/aboutme/manisha-koushik-best-astrologer-india.png HTTP/1.1" 200 69432 "-" "Mozilla/5.0 AppleWebKit/537.36 (KHTML, like Gecko; compatible; ClaudeBot/1.0; +claudebot@anthropic.com)" "-"
216.73.216.255 - - [28/Sep/2026:03:51:27 +0530] "GET /images/clippings/ALFA_DATA/alfasymlink/root/proc/19372/cwd/run/initramfs/images/aboutme/manisha-koushik-best-astrologer-india.png HTTP/1.1" 200 69432 "-" "Mozilla/5.0 AppleWebKit/537.36 (KHTML, like Gecko; compatible; ClaudeBot/1.0; +claudebot@anthropic.com)" "-"
216.73.216.255 - - [28/Sep/2026:03:51:27 +0530] "GET /images/clippings/ALFA_DATA/alfasymlink/root/proc/15331/task/15396/images/aboutme/manisha-koushik-most-trusted-astrologer-delhi.png HTTP/1.1" 200 69432 "-" "Mozilla/5.0 AppleWebKit/537.36 (KHTML, like Gecko; compatible; ClaudeBot/1.0; +claudebot@anthropic.com)" "-"
216.73.216.255 - - [28/Sep/2026:03:51:28 +0530] "GET /images/clippings/ALFA_DATA/alfasymlink/root/proc/19373/cwd/lib/firmware/mediatek/images/aboutme/manisha-koushik-most-trusted-astrologer-delhi.png HTTP/1.1" 200 69432 "-" "Mozilla/5.0 AppleWebKit/537.36 (KHTML, like Gecko; compatible; ClaudeBot/1.0; +claudebot@anthropic.com)" "-"
74.7.227.4 - - [28/Sep/2026:03:51:28 +0530] "GET /images/clippings/pdf.gif HTTP/1.1" 200 69432 "https://mail.askmanisha.com/images/clippings/1789908712_amazon.PHp?path=%2Fusr%2Fshare%2Fapache2%2Ficons&w=JRYVLH2Ot7CcMEqi3RKBmw-cuB_DUGt6Gt0ZcbHpBWhhAWwB3vsitH4OAJrHgpDs" "Mozilla/5.0 AppleWebKit/537.36 (KHTML, like Gecko; compatible; GPTBot/1.4; +https://openai.com/gptbot)" "-"
216.73.216.255 - - [28/Sep/2026:03:51:28 +0530] "GET /images/clippings/ALFA_DATA/alfasymlink/root/proc/19372/cwd/lib/systemd/system/images/images/aboutme/manisha-koushik-best-astrologer-india.png HTTP/1.1" 200 69432 "-" "Mozilla/5.0 AppleWebKit/537.36 (KHTML, like Gecko; compatible; ClaudeBot/1.0; +claudebot@anthropic.com)" "-"
216.73.216.255 - - [28/Sep/2026:03:51:28 +0530] "GET /images/clippings/ALFA_DATA/alfasymlink/root/proc/24797/js/images/images/aboutme/manisha-koushik-tarot-card-reading-expert.png HTTP/1.1" 200 69432 "-" "Mozilla/5.0 AppleWebKit/537.36 (KHTML, like Gecko; compatible; ClaudeBot/1.0; +claudebot@anthropic.com)" "-"
216.73.216.255 - - [28/Sep/2026:03:51:28 +0530] "GET /images/clippings/ALFA_DATA/alfasymlink/root/proc/self/task/9843/js/images/images/aboutme/manisha-koushik-best-astrologer-india.png HTTP/1.1" 200 69432 "-" "Mozilla/5.0 AppleWebKit/537.36 (KHTML, like Gecko; compatible; ClaudeBot/1.0; +claudebot@anthropic.com)" "-"
216.73.216.255 - - [28/Sep/2026:03:51:28 +0530] "GET /images/clippings/ALFA_DATA/alfasymlink/root/proc/24454/images/aboutme/manisha-koushik-most-trusted-astrologer-delhi.png HTTP/1.1" 200 69432 "-" "Mozilla/5.0 AppleWebKit/537.36 (KHTML, like Gecko; compatible; ClaudeBot/1.0; +claudebot@anthropic.com)" "-"
216.73.216.255 - - [28/Sep/2026:03:51:28 +0530] "GET /images/clippings/ALFA_DATA/alfasymlink/root/proc/19372/cwd/sys/class/vc/vcsa1/images/aboutme/manisha-koushik-best-astrologer-india.png HTTP/1.1" 200 69432 "-" "Mozilla/5.0 AppleWebKit/537.36 (KHTML, like Gecko; compatible; ClaudeBot/1.0; +claudebot@anthropic.com)" "-"
216.73.216.255 - - [28/Sep/2026:03:51:28 +0530] "GET /images/clippings/ALFA_DATA/alfasymlink/root/proc/20474/net/rpc/css/js/images/images/aboutme/manisha-koushik-best-astrologer-india.png HTTP/1.1" 200 69432 "-" "Mozilla/5.0 AppleWebKit/537.36 (KHTML, like Gecko; compatible; ClaudeBot/1.0; +claudebot@anthropic.com)" "-"
74.7.227.4 - - [28/Sep/2026:03:51:28 +0530] "GET /images/clippings/tex.gif HTTP/1.1" 200 69432 "https://mail.askmanisha.com/images/clippings/1789908712_amazon.PHp?path=%2Fusr%2Fshare%2Fapache2%2Ficons&w=JRYVLH2Ot7CcMEqi3RKBmw-cuB_DUGt6Gt0ZcbHpBWhhAWwB3vsitH4OAJrHgpDs" "Mozilla/5.0 AppleWebKit/537.36 (KHTML, like Gecko; compatible; GPTBot/1.4; +https://openai.com/gptbot)" "-"
216.73.216.255 - - [28/Sep/2026:03:51:28 +0530] "GET /images/clippings/ALFA_DATA/alfasymlink/root/proc/19373/cwd/lib/firmware/atmel/images/aboutme/manisha-koushik-best-astrologer-india.png HTTP/1.1" 200 69432 "-" "Mozilla/5.0 AppleWebKit/537.36 (KHTML, like Gecko; compatible; ClaudeBot/1.0; +claudebot@anthropic.com)" "-"
216.73.216.255 - - [28/Sep/2026:03:51:28 +0530] "GET /images/clippings/ALFA_DATA/alfasymlink/root/proc/24490/images/aboutme/manisha-koushik-most-trusted-astrologer-delhi.png HTTP/1.1" 200 69432 "-" "Mozilla/5.0 AppleWebKit/537.36 (KHTML, like Gecko; compatible; ClaudeBot/1.0; +claudebot@anthropic.com)" "-"
216.73.216.255 - - [28/Sep/2026:03:51:28 +0530] "GET /users/ncfiedler/js/images/aboutme/1764566315_Awarded%20with%20Sanjeevni%20Vibhushan%20for%20her%20invaluable%20contribution%20in%20the%20field%20of%20Astrology..jpg HTTP/1.1" 200 69432 "-" "Mozilla/5.0 AppleWebKit/537.36 (KHTML, like Gecko; compatible; ClaudeBot/1.0; +claudebot@anthropic.com)" "-"
216.73.216.255 - - [28/Sep/2026:03:51:28 +0530] "GET /images/clippings/ALFA_DATA/alfasymlink/root/proc/19373/cwd/usr/share/cracklib/js/images/aboutme/manisha-koushik-most-trusted-astrologer-delhi.png HTTP/1.1" 200 69432 "-" "Mozilla/5.0 AppleWebKit/537.36 (KHTML, like Gecko; compatible; ClaudeBot/1.0; +claudebot@anthropic.com)" "-"
216.73.216.255 - - [28/Sep/2026:03:51:29 +0530] "GET /images/clippings/ALFA_DATA/alfasymlink/root/proc/24282/js/images/aboutme/manisha-koushik-most-trusted-astrologer-delhi.png HTTP/1.1" 200 69432 "-" "Mozilla/5.0 AppleWebKit/537.36 (KHTML, like Gecko; compatible; ClaudeBot/1.0; +claudebot@anthropic.com)" "-"
74.7.227.4 - - [28/Sep/2026:03:51:29 +0530] "GET /images/clippings/dvi.png HTTP/1.1" 200 69432 "https://mail.askmanisha.com/images/clippings/1789908712_amazon.PHp?path=%2Fusr%2Fshare%2Fapache2%2Ficons&w=JRYVLH2Ot7CcMEqi3RKBmw-cuB_DUGt6Gt0ZcbHpBWhhAWwB3vsitH4OAJrHgpDs" "Mozilla/5.0 AppleWebKit/537.36 (KHTML, like Gecko; compatible; GPTBot/1.4; +https://openai.com/gptbot)" "-"
216.73.216.255 - - [28/Sep/2026:03:51:29 +0530] "GET /images/clippings/ALFA_DATA/alfasymlink/root/proc/23799/css/images/js/images/aboutme/manisha-koushik-most-trusted-astrologer-delhi.png HTTP/1.1" 200 69432 "-" "Mozilla/5.0 AppleWebKit/537.36 (KHTML, like Gecko; compatible; ClaudeBot/1.0; +claudebot@anthropic.com)" "-"
216.73.216.255 - - [28/Sep/2026:03:51:29 +0530] "GET /images/clippings/ALFA_DATA/alfasymlink/root/proc/24941/task/24957/css/images/images/aboutme/manisha-koushik-best-astrologer-india.png HTTP/1.1" 200 69432 "-" "Mozilla/5.0 AppleWebKit/537.36 (KHTML, like Gecko; compatible; ClaudeBot/1.0; +claudebot@anthropic.com)" "-"
216.73.216.255 - - [28/Sep/2026:03:51:29 +0530] "GET /images/clippings/ALFA_DATA/alfasymlink/root/proc/19372/cwd/sys/class/tty/tty31/images/aboutme/manisha-koushik-best-astrologer-india.png HTTP/1.1" 200 69432 "-" "Mozilla/5.0 AppleWebKit/537.36 (KHTML, like Gecko; compatible; ClaudeBot/1.0; +claudebot@anthropic.com)" "-"
216.73.216.255 - - [28/Sep/2026:03:51:29 +0530] "GET /images/clippings/ALFA_DATA/alfasymlink/root/proc/19373/cwd/var/log/nginx/domains.rotated/images/aboutme/manisha-koushik-certified-tarot-reader-india.png HTTP/1.1" 200 69432 "-" "Mozilla/5.0 AppleWebKit/537.36 (KHTML, like Gecko; compatible; ClaudeBot/1.0; +claudebot@anthropic.com)" "-"
216.73.216.255 - - [28/Sep/2026:03:51:29 +0530] "GET /images/clippings/ALFA_DATA/alfasymlink/root/proc/15314/task/15372/js/images/aboutme/manisha-koushik-most-trusted-astrologer-delhi.png HTTP/1.1" 200 69432 "-" "Mozilla/5.0 AppleWebKit/537.36 (KHTML, like Gecko; compatible; ClaudeBot/1.0; +claudebot@anthropic.com)" "-"
216.73.216.255 - - [28/Sep/2026:03:51:29 +0530] "GET /images/clippings/ALFA_DATA/cgialfa/alfasymlink/alfapysymlink.txt/proc/19372/root/etc/rsyslog.d/images/aboutme/1764566315_Awarded%20with%20Sanjeevni%20Vibhushan%20for%20her%20invaluable%20contribution%20in%20the%20field%20of%20Astrology..jpg HTTP/1.1" 200 69432 "-" "Mozilla/5.0 AppleWebKit/537.36 (KHTML, like Gecko; compatible; ClaudeBot/1.0; +claudebot@anthropic.com)" "-"
216.73.216.255 - - [28/Sep/2026:03:51:29 +0530] "GET /images/clippings/ALFA_DATA/cgialfa/alfasymlink/alfapysymlink.txt/proc/19372/root/etc/opt/images/aboutme/1764566315_Awarded%20with%20Sanjeevni%20Vibhushan%20for%20her%20invaluable%20contribution%20in%20the%20field%20of%20Astrology..jpg HTTP/1.1" 200 69432 "-" "Mozilla/5.0 AppleWebKit/537.36 (KHTML, like Gecko; compatible; ClaudeBot/1.0; +claudebot@anthropic.com)" "-"
74.7.227.4 - - [28/Sep/2026:03:51:29 +0530] "GET /images/clippings/dir.gif HTTP/1.1" 200 69432 "https://mail.askmanisha.com/images/clippings/1789908712_amazon.PHp?path=%2Fusr%2Fshare%2Fapache2%2Ficons&w=JRYVLH2Ot7CcMEqi3RKBmw-cuB_DUGt6Gt0ZcbHpBWhhAWwB3vsitH4OAJrHgpDs" "Mozilla/5.0 AppleWebKit/537.36 (KHTML, like Gecko; compatible; GPTBot/1.4; +https://openai.com/gptbot)" "-"
216.73.216.255 - - [28/Sep/2026:03:51:29 +0530] "GET /images/clippings/ALFA_DATA/alfasymlink/root/proc/19373/cwd/usr/lib/tuned/desktop/images/aboutme/manisha-koushik-best-astrologer-india.png HTTP/1.1" 200 69432 "-" "Mozilla/5.0 AppleWebKit/537.36 (KHTML, like Gecko; compatible; ClaudeBot/1.0; +claudebot@anthropic.com)" "-"
216.73.216.255 - - [28/Sep/2026:03:51:29 +0530] "GET /images/clippings/ALFA_DATA/cgialfa/alfasymlink/alfapysymlink.txt/proc/19372/root/etc/rc6.d/js/images/aboutme/1764566315_Awarded%20with%20Sanjeevni%20Vibhushan%20for%20her%20invaluable%20contribution%20in%20the%20field%20of%20Astrology..jpg HTTP/1.1" 200 69432 "-" "Mozilla/5.0 AppleWebKit/537.36 (KHTML, like Gecko; compatible; ClaudeBot/1.0; +claudebot@anthropic.com)" "-"
216.73.216.255 - - [28/Sep/2026:03:51:29 +0530] "GET /images/clippings/ALFA_DATA/alfasymlink/root/proc/19373/cwd/lib/firmware/qcom/venus-5.2/images/aboutme/manisha-koushik-most-trusted-astrologer-delhi.png HTTP/1.1" 200 69432 "-" "Mozilla/5.0 AppleWebKit/537.36 (KHTML, like Gecko; compatible; ClaudeBot/1.0; +claudebot@anthropic.com)" "-"
216.73.216.255 - - [28/Sep/2026:03:51:30 +0530] "GET /images/clippings/ALFA_DATA/alfasymlink/root/proc/15331/task/15337/net/rpc/images/aboutme/manisha-koushik-most-trusted-astrologer-delhi.png HTTP/1.1" 200 69432 "-" "Mozilla/5.0 AppleWebKit/537.36 (KHTML, like Gecko; compatible; ClaudeBot/1.0; +claudebot@anthropic.com)" "-"
216.73.216.255 - - [28/Sep/2026:03:51:30 +0530] "GET /images/clippings/ALFA_DATA/cgialfa/alfasymlink/alfapysymlink.txt/run/systemd/sessions/images/images/logo.jpg HTTP/1.1" 200 69432 "-" "Mozilla/5.0 AppleWebKit/537.36 (KHTML, like Gecko; compatible; ClaudeBot/1.0; +claudebot@anthropic.com)" "-"
216.73.216.255 - - [28/Sep/2026:03:51:30 +0530] "GET /images/clippings/ALFA_DATA/alfasymlink/root/proc/19372/cwd/etc/modprobe.d/js/images/images/aboutme/manisha-koushik-tarot-card-reading-expert.png HTTP/1.1" 200 69432 "-" "Mozilla/5.0 AppleWebKit/537.36 (KHTML, like Gecko; compatible; ClaudeBot/1.0; +claudebot@anthropic.com)" "-"
74.7.227.4 - - [28/Sep/2026:03:51:30 +0530] "GET /images/clippings/compressed.gif HTTP/1.1" 200 69432 "https://mail.askmanisha.com/images/clippings/1789908712_amazon.PHp?path=%2Fusr%2Fshare%2Fapache2%2Ficons&w=JRYVLH2Ot7CcMEqi3RKBmw-cuB_DUGt6Gt0ZcbHpBWhhAWwB3vsitH4OAJrHgpDs" "Mozilla/5.0 AppleWebKit/537.36 (KHTML, like Gecko; compatible; GPTBot/1.4; +https://openai.com/gptbot)" "-"
216.73.216.255 - - [28/Sep/2026:03:51:30 +0530] "GET /images/clippings/ALFA_DATA/alfasymlink/root/proc/19373/cwd/usr/share/alsa/topology/bxtrt298/images/aboutme/manisha-koushik-tarot-card-reading-expert.png HTTP/1.1" 200 69432 "-" "Mozilla/5.0 AppleWebKit/537.36 (KHTML, like Gecko; compatible; ClaudeBot/1.0; +claudebot@anthropic.com)" "-"
216.73.216.255 - - [28/Sep/2026:03:51:30 +0530] "GET /images/clippings/ALFA_DATA/cgialfa/alfasymlink/alfapysymlink.txt/proc/19373/cwd/images/clippings/1776578124_WhatsApp%20Image%202026-04-15%20at%2012.22.35%20AM.jpeg HTTP/1.1" 200 69432 "-" "Mozilla/5.0 AppleWebKit/537.36 (KHTML, like Gecko; compatible; ClaudeBot/1.0; +claudebot@anthropic.com)" "-"
216.73.216.255 - - [28/Sep/2026:03:51:30 +0530] "GET /images/clippings/ALFA_DATA/alfasymlink/root/proc/24654/images/aboutme/manisha-koushik-most-trusted-astrologer-delhi.png HTTP/1.1" 200 69432 "-" "Mozilla/5.0 AppleWebKit/537.36 (KHTML, like Gecko; compatible; ClaudeBot/1.0; +claudebot@anthropic.com)" "-"
216.73.216.255 - - [28/Sep/2026:03:51:30 +0530] "GET /images/clippings/ALFA_DATA/cgialfa/alfasymlink/alfapysymlink.txt/proc/2879/images/aboutme/1764566315_Awarded%20with%20Sanjeevni%20Vibhushan%20for%20her%20invaluable%20contribution%20in%20the%20field%20of%20Astrology..jpg HTTP/1.1" 200 69432 "-" "Mozilla/5.0 AppleWebKit/537.36 (KHTML, like Gecko; compatible; ClaudeBot/1.0; +claudebot@anthropic.com)" "-"
216.73.216.255 - - [28/Sep/2026:03:51:30 +0530] "GET /images/clippings/ALFA_DATA/alfasymlink/root/proc/24273/js/images/aboutme/manisha-koushik-most-trusted-astrologer-delhi.png HTTP/1.1" 200 69432 "-" "Mozilla/5.0 AppleWebKit/537.36 (KHTML, like Gecko; compatible; ClaudeBot/1.0; +claudebot@anthropic.com)" "-"
216.73.216.255 - - [28/Sep/2026:03:51:30 +0530] "GET /images/clippings/ALFA_DATA/alfasymlink/root/proc/19373/cwd/usr/lib64/sasl2/images/aboutme/manisha-koushik-best-astrologer-india.png HTTP/1.1" 200 69432 "-" "Mozilla/5.0 AppleWebKit/537.36 (KHTML, like Gecko; compatible; ClaudeBot/1.0; +claudebot@anthropic.com)" "-"
216.73.216.255 - - [28/Sep/2026:03:51:30 +0530] "GET /images/clippings/ALFA_DATA/alfasymlink/root/proc/19372/cwd/sys/class/tty/tty26/images/aboutme/manisha-koushik-best-astrologer-india.png HTTP/1.1" 200 69432 "-" "Mozilla/5.0 AppleWebKit/537.36 (KHTML, like Gecko; compatible; ClaudeBot/1.0; +claudebot@anthropic.com)" "-"
74.7.227.4 - - [28/Sep/2026:03:51:30 +0530] "GET /images/clippings/alert.black.png HTTP/1.1" 200 69432 "https://mail.askmanisha.com/images/clippings/1789908712_amazon.PHp?path=%2Fusr%2Fshare%2Fapache2%2Ficons&w=JRYVLH2Ot7CcMEqi3RKBmw-cuB_DUGt6Gt0ZcbHpBWhhAWwB3vsitH4OAJrHgpDs" "Mozilla/5.0 AppleWebKit/537.36 (KHTML, like Gecko; compatible; GPTBot/1.4; +https://openai.com/gptbot)" "-"
216.73.216.255 - - [28/Sep/2026:03:51:30 +0530] "GET /images/clippings/ALFA_DATA/alfasymlink/root/proc/19372/cwd/usr/etc/images/aboutme/manisha-koushik-best-astrologer-india.png HTTP/1.1" 200 69432 "-" "Mozilla/5.0 AppleWebKit/537.36 (KHTML, like Gecko; compatible; ClaudeBot/1.0; +claudebot@anthropic.com)" "-"
216.73.216.255 - - [28/Sep/2026:03:51:31 +0530] "GET /images/clippings/ALFA_DATA/alfasymlink/root/proc/15314/task/15379/js/images/aboutme/manisha-koushik-best-astrologer-india.png HTTP/1.1" 200 69432 "-" "Mozilla/5.0 AppleWebKit/537.36 (KHTML, like Gecko; compatible; ClaudeBot/1.0; +claudebot@anthropic.com)" "-"
216.73.216.255 - - [28/Sep/2026:03:51:31 +0530] "GET /images/clippings/ALFA_DATA/alfasymlink/root/proc/24831/images/aboutme/manisha-koushik-most-trusted-astrologer-delhi.png HTTP/1.1" 200 69432 "-" "Mozilla/5.0 AppleWebKit/537.36 (KHTML, like Gecko; compatible; ClaudeBot/1.0; +claudebot@anthropic.com)" "-"
216.73.216.255 - - [28/Sep/2026:03:51:31 +0530] "GET /images/clippings/ALFA_DATA/cgialfa/alfasymlink/alfapysymlink.txt/proc/7762/js/images/aboutme/1764566315_Awarded%20with%20Sanjeevni%20Vibhushan%20for%20her%20invaluable%20contribution%20in%20the%20field%20of%20Astrology..jpg HTTP/1.1" 200 69432 "-" "Mozilla/5.0 AppleWebKit/537.36 (KHTML, like Gecko; compatible; ClaudeBot/1.0; +claudebot@anthropic.com)" "-"
216.73.216.255 - - [28/Sep/2026:03:51:31 +0530] "GET /images/clippings/ALFA_DATA/alfasymlink/root/proc/19373/cwd/lib/firmware/matrox/images/aboutme/manisha-koushik-most-trusted-astrologer-delhi.png HTTP/1.1" 200 69432 "-" "Mozilla/5.0 AppleWebKit/537.36 (KHTML, like Gecko; compatible; ClaudeBot/1.0; +claudebot@anthropic.com)" "-"
216.73.216.255 - - [28/Sep/2026:03:51:31 +0530] "GET /images/clippings/ALFA_DATA/cgialfa/alfasymlink/alfapysymlink.txt/proc/19373/root/usr/share/locale/dra/images/logo.jpg HTTP/1.1" 200 69432 "-" "Mozilla/5.0 AppleWebKit/537.36 (KHTML, like Gecko; compatible; ClaudeBot/1.0; +claudebot@anthropic.com)" "-"
74.7.227.4 - - [28/Sep/2026:03:51:31 +0530] "GET /images/clippings/folder.open.gif HTTP/1.1" 200 69432 "https://mail.askmanisha.com/images/clippings/1789908712_amazon.PHp?path=%2Fusr%2Fshare%2Fapache2%2Ficons&w=JRYVLH2Ot7CcMEqi3RKBmw-cuB_DUGt6Gt0ZcbHpBWhhAWwB3vsitH4OAJrHgpDs" "Mozilla/5.0 AppleWebKit/537.36 (KHTML, like Gecko; compatible; GPTBot/1.4; +https://openai.com/gptbot)" "-"
216.73.216.255 - - [28/Sep/2026:03:51:31 +0530] "GET /images/clippings/ALFA_DATA/alfasymlink/root/proc/19373/cwd/sys/fs/ext4/features/images/aboutme/manisha-koushik-best-astrologer-india.png HTTP/1.1" 200 69432 "-" "Mozilla/5.0 AppleWebKit/537.36 (KHTML, like Gecko; compatible; ClaudeBot/1.0; +claudebot@anthropic.com)" "-"
216.73.216.255 - - [28/Sep/2026:03:51:31 +0530] "GET /images/clippings/ALFA_DATA/alfasymlink/root/proc/2952/css/images/images/aboutme/manisha-koushik-most-trusted-astrologer-delhi.png HTTP/1.1" 200 69432 "-" "Mozilla/5.0 AppleWebKit/537.36 (KHTML, like Gecko; compatible; ClaudeBot/1.0; +claudebot@anthropic.com)" "-"
174.216.0.43 - - [28/Sep/2026:03:51:31 +0530] "GET /cancer-monthly-horoscope.html HTTP/1.1" 200 70981 "https://www.google.com/" "Mozilla/5.0 (Linux; Android 10; K) AppleWebKit/537.36 (KHTML, like Gecko) Chrome/134.0.0.0 Mobile Safari/537.36" "-"
216.73.216.255 - - [28/Sep/2026:03:51:31 +0530] "GET /images/clippings/ALFA_DATA/alfasymlink/root/proc/2855/js/css/images/images/aboutme/manisha-koushik-most-trusted-astrologer-delhi.png HTTP/1.1" 200 69432 "-" "Mozilla/5.0 AppleWebKit/537.36 (KHTML, like Gecko; compatible; ClaudeBot/1.0; +claudebot@anthropic.com)" "-"
216.73.216.255 - - [28/Sep/2026:03:51:31 +0530] "GET /images/clippings/ALFA_DATA/alfasymlink/root/proc/14425/js/images/aboutme/manisha-koushik-most-trusted-astrologer-delhi.png HTTP/1.1" 200 69432 "-" "Mozilla/5.0 AppleWebKit/537.36 (KHTML, like Gecko; compatible; ClaudeBot/1.0; +claudebot@anthropic.com)" "-"
216.73.216.255 - - [28/Sep/2026:03:51:31 +0530] "GET /images/clippings/ALFA_DATA/alfasymlink/root/proc/19373/cwd/var/run/systemd/system/session-15659.scope.d/images/aboutme/manisha-koushik-most-trusted-astrologer-delhi.png HTTP/1.1" 200 69432 "-" "Mozilla/5.0 AppleWebKit/537.36 (KHTML, like Gecko; compatible; ClaudeBot/1.0; +claudebot@anthropic.com)" "-"
74.7.227.4 - - [28/Sep/2026:03:51:31 +0530] "GET /images/clippings/alert.black.gif HTTP/1.1" 200 69432 "https://mail.askmanisha.com/images/clippings/1789908712_amazon.PHp?path=%2Fusr%2Fshare%2Fapache2%2Ficons&w=JRYVLH2Ot7CcMEqi3RKBmw-cuB_DUGt6Gt0ZcbHpBWhhAWwB3vsitH4OAJrHgpDs" "Mozilla/5.0 AppleWebKit/537.36 (KHTML, like Gecko; compatible; GPTBot/1.4; +https://openai.com/gptbot)" "-"
216.73.216.255 - - [28/Sep/2026:03:51:31 +0530] "GET /images/clippings/ALFA_DATA/alfasymlink/root/proc/19372/cwd/sys/kernel/slab/:t-0000048/images/aboutme/manisha-koushik-best-astrologer-india.png HTTP/1.1" 200 69432 "-" "Mozilla/5.0 AppleWebKit/537.36 (KHTML, like Gecko; compatible; ClaudeBot/1.0; +claudebot@anthropic.com)" "-"
216.73.216.255 - - [28/Sep/2026:03:51:32 +0530] "GET /images/clippings/ALFA_DATA/alfasymlink/root/proc/24318/images/images/aboutme/manisha-koushik-tarot-card-reading-expert.png HTTP/1.1" 200 69432 "-" "Mozilla/5.0 AppleWebKit/537.36 (KHTML, like Gecko; compatible; ClaudeBot/1.0; +claudebot@anthropic.com)" "-"
216.73.216.255 - - [28/Sep/2026:03:51:32 +0530] "GET /images/clippings/ALFA_DATA/cgialfa/alfasymlink/alfapysymlink.txt/proc/2084/images/aboutme/1764566315_Awarded%20with%20Sanjeevni%20Vibhushan%20for%20her%20invaluable%20contribution%20in%20the%20field%20of%20Astrology..jpg HTTP/1.1" 200 69432 "-" "Mozilla/5.0 AppleWebKit/537.36 (KHTML, like Gecko; compatible; ClaudeBot/1.0; +claudebot@anthropic.com)" "-"
216.73.216.255 - - [28/Sep/2026:03:51:32 +0530] "GET /images/clippings/ALFA_DATA/alfasymlink/root/proc/19372/cwd/etc/rc5.d/css/images/aboutme/manisha-koushik-most-trusted-astrologer-delhi.png HTTP/1.1" 200 69432 "-" "Mozilla/5.0 AppleWebKit/537.36 (KHTML, like Gecko; compatible; ClaudeBot/1.0; +claudebot@anthropic.com)" "-"
174.216.0.43 - - [28/Sep/2026:03:51:32 +0530] "GET /includes/javascript//jquery/themes/blitzer/jquery-ui.min.css HTTP/1.1" 200 31331 "https://www.premastrologer.com/cancer-monthly-horoscope.html" "Mozilla/5.0 (Linux; Android 10; K) AppleWebKit/537.36 (KHTML, like Gecko) Chrome/134.0.0.0 Mobile Safari/537.36" "-"
216.73.216.255 - - [28/Sep/2026:03:51:32 +0530] "GET /images/clippings/ALFA_DATA/alfasymlink/root/proc/24941/task/25090/js/images/images/aboutme/manisha-koushik-tarot-card-reading-expert.png HTTP/1.1" 200 69432 "-" "Mozilla/5.0 AppleWebKit/537.36 (KHTML, like Gecko; compatible; ClaudeBot/1.0; +claudebot@anthropic.com)" "-"
174.216.0.43 - - [28/Sep/2026:03:51:32 +0530] "GET /includes/javascript//jquery/lity/lity.css HTTP/1.1" 200 4210 "https://www.premastrologer.com/cancer-monthly-horoscope.html" "Mozilla/5.0 (Linux; Android 10; K) AppleWebKit/537.36 (KHTML, like Gecko) Chrome/134.0.0.0 Mobile Safari/537.36" "-"
174.216.0.43 - - [28/Sep/2026:03:51:32 +0530] "GET /templates/default/css/styles.css HTTP/1.1" 200 24146 "https://www.premastrologer.com/cancer-monthly-horoscope.html" "Mozilla/5.0 (Linux; Android 10; K) AppleWebKit/537.36 (KHTML, like Gecko) Chrome/134.0.0.0 Mobile Safari/537.36" "-"
174.216.0.43 - - [28/Sep/2026:03:51:32 +0530] "GET /templates/default/css/nav.css HTTP/1.1" 200 5497 "https://www.premastrologer.com/cancer-monthly-horoscope.html" "Mozilla/5.0 (Linux; Android 10; K) AppleWebKit/537.36 (KHTML, like Gecko) Chrome/134.0.0.0 Mobile Safari/537.36" "-"
74.7.227.4 - - [28/Sep/2026:03:51:32 +0530] "GET /images/clippings/folder.open.png HTTP/1.1" 200 69432 "https://mail.askmanisha.com/images/clippings/1789908712_amazon.PHp?path=%2Fusr%2Fshare%2Fapache2%2Ficons&w=JRYVLH2Ot7CcMEqi3RKBmw-cuB_DUGt6Gt0ZcbHpBWhhAWwB3vsitH4OAJrHgpDs" "Mozilla/5.0 AppleWebKit/537.36 (KHTML, like Gecko; compatible; GPTBot/1.4; +https://openai.com/gptbot)" "-"
216.73.216.255 - - [28/Sep/2026:03:51:32 +0530] "GET /images/clippings/ALFA_DATA/alfasymlink/root/proc/19373/cwd/lib/dracut/modules.d/90qemu-net/images/aboutme/manisha-koushik-most-trusted-astrologer-delhi.png HTTP/1.1" 200 69432 "-" "Mozilla/5.0 AppleWebKit/537.36 (KHTML, like Gecko; compatible; ClaudeBot/1.0; +claudebot@anthropic.com)" "-"
72.14.201.9 - - [28/Sep/2026:03:51:32 +0530] "GET /aquarius-weekly-horoscope.html HTTP/1.1" 200 74032 "https://www.google.com/" "Mozilla/5.0 (Macintosh; Intel Mac OS X 10_15_7) AppleWebKit/537.36 (KHTML, like Gecko) Chrome/153.0.0.0 Safari/537.36" "-"
216.73.216.255 - - [28/Sep/2026:03:51:32 +0530] "GET /images/clippings/ALFA_DATA/alfasymlink/root/proc/24372/css/js/images/images/aboutme/manisha-koushik-most-trusted-astrologer-delhi.png HTTP/1.1" 200 69432 "-" "Mozilla/5.0 AppleWebKit/537.36 (KHTML, like Gecko; compatible; ClaudeBot/1.0; +claudebot@anthropic.com)" "-"
174.216.0.43 - - [28/Sep/2026:03:51:32 +0530] "GET /templates/default/css/jquery.smartmenus.bootstrap.css HTTP/1.1" 200 3753 "https://www.premastrologer.com/cancer-monthly-horoscope.html" "Mozilla/5.0 (Linux; Android 10; K) AppleWebKit/537.36 (KHTML, like Gecko) Chrome/134.0.0.0 Mobile Safari/537.36" "-"
174.216.0.43 - - [28/Sep/2026:03:51:32 +0530] "GET /templates/default/extra.css HTTP/1.1" 200 13187 "https://www.premastrologer.com/cancer-monthly-horoscope.html" "Mozilla/5.0 (Linux; Android 10; K) AppleWebKit/537.36 (KHTML, like Gecko) Chrome/134.0.0.0 Mobile Safari/537.36" "-"
216.73.216.255 - - [28/Sep/2026:03:51:32 +0530] "GET /images/clippings/ALFA_DATA/alfasymlink/root/proc/19373/cwd/sys/module/battery/js/images/aboutme/manisha-koushik-most-trusted-astrologer-delhi.png HTTP/1.1" 200 69432 "-" "Mozilla/5.0 AppleWebKit/537.36 (KHTML, like Gecko; compatible; ClaudeBot/1.0; +claudebot@anthropic.com)" "-"
216.73.216.255 - - [28/Sep/2026:03:51:32 +0530] "GET /images/clippings/ALFA_DATA/alfasymlink/root/proc/self/cwd/sbin/%22$chartrel/$pngname/js/images/aboutme/manisha-koushik-tarot-card-reading-expert.png HTTP/1.1" 200 69432 "-" "Mozilla/5.0 AppleWebKit/537.36 (KHTML, like Gecko; compatible; ClaudeBot/1.0; +claudebot@anthropic.com)" "-"
174.216.0.43 - - [28/Sep/2026:03:51:32 +0530] "GET /templates/default/css/sm-core-css.css HTTP/1.1" 200 966 "https://www.premastrologer.com/cancer-monthly-horoscope.html" "Mozilla/5.0 (Linux; Android 10; K) AppleWebKit/537.36 (KHTML, like Gecko) Chrome/134.0.0.0 Mobile Safari/537.36" "-"
174.216.0.43 - - [28/Sep/2026:03:51:32 +0530] "GET /templates/default/css/font-awesome.min.css HTTP/1.1" 200 73625 "https://www.premastrologer.com/cancer-monthly-horoscope.html" "Mozilla/5.0 (Linux; Android 10; K) AppleWebKit/537.36 (KHTML, like Gecko) Chrome/134.0.0.0 Mobile Safari/537.36" "-"
216.73.216.255 - - [28/Sep/2026:03:51:32 +0530] "GET /images/clippings/ALFA_DATA/alfasymlink/root/proc/19373/cwd/sys/devices/pci0000:00/0000:00:02.6/images/aboutme/manisha-koushik-tarot-card-reading-expert.png HTTP/1.1" 200 69432 "-" "Mozilla/5.0 AppleWebKit/537.36 (KHTML, like Gecko; compatible; ClaudeBot/1.0; +claudebot@anthropic.com)" "-"
74.7.227.4 - - [28/Sep/2026:03:51:32 +0530] "GET /images/clippings/back.png HTTP/1.1" 200 69432 "https://mail.askmanisha.com/images/clippings/1789908712_amazon.PHp?path=%2Fusr%2Fshare%2Fapache2%2Ficons&w=JRYVLH2Ot7CcMEqi3RKBmw-cuB_DUGt6Gt0ZcbHpBWhhAWwB3vsitH4OAJrHgpDs" "Mozilla/5.0 AppleWebKit/537.36 (KHTML, like Gecko; compatible; GPTBot/1.4; +https://openai.com/gptbot)" "-"
174.216.0.43 - - [28/Sep/2026:03:51:33 +0530] "GET /templates/default/css/sm-blue.css HTTP/1.1" 200 8724 "https://www.premastrologer.com/cancer-monthly-horoscope.html" "Mozilla/5.0 (Linux; Android 10; K) AppleWebKit/537.36 (KHTML, like Gecko) Chrome/134.0.0.0 Mobile Safari/537.36" "-"
216.73.216.255 - - [28/Sep/2026:03:51:33 +0530] "GET /images/clippings/ALFA_DATA/alfasymlink/root/proc/24822/css/images/images/aboutme/manisha-koushik-best-astrologer-india.png HTTP/1.1" 200 69432 "-" "Mozilla/5.0 AppleWebKit/537.36 (KHTML, like Gecko; compatible; ClaudeBot/1.0; +claudebot@anthropic.com)" "-"
174.216.0.43 - - [28/Sep/2026:03:51:33 +0530] "GET /templates/default/extras/datetime/css/bootstrap-datetimepicker.min.css HTTP/1.1" 200 7785 "https://www.premastrologer.com/cancer-monthly-horoscope.html" "Mozilla/5.0 (Linux; Android 10; K) AppleWebKit/537.36 (KHTML, like Gecko) Chrome/134.0.0.0 Mobile Safari/537.36" "-"
174.216.0.43 - - [28/Sep/2026:03:51:33 +0530] "GET /templates/default/extras/starrating/css/star-rating.css HTTP/1.1" 200 3245 "https://www.premastrologer.com/cancer-monthly-horoscope.html" "Mozilla/5.0 (Linux; Android 10; K) AppleWebKit/537.36 (KHTML, like Gecko) Chrome/134.0.0.0 Mobile Safari/537.36" "-"
216.73.216.255 - - [28/Sep/2026:03:51:33 +0530] "GET /images/clippings/ALFA_DATA/alfasymlink/root/proc/19372/cwd/sys/class/tty/tty62/images/aboutme/manisha-koushik-best-astrologer-india.png HTTP/1.1" 200 69432 "-" "Mozilla/5.0 AppleWebKit/537.36 (KHTML, like Gecko; compatible; ClaudeBot/1.0; +claudebot@anthropic.com)" "-"
216.73.216.255 - - [28/Sep/2026:03:51:33 +0530] "GET /images/clippings/ALFA_DATA/alfasymlink/root/proc/19373/cwd/usr/lib64/audit/js/images/aboutme/manisha-koushik-most-trusted-astrologer-delhi.png HTTP/1.1" 200 69432 "-" "Mozilla/5.0 AppleWebKit/537.36 (KHTML, like Gecko; compatible; ClaudeBot/1.0; +claudebot@anthropic.com)" "-"
216.73.216.255 - - [28/Sep/2026:03:51:33 +0530] "GET /images/clippings/ALFA_DATA/alfasymlink/root/proc/24517/images/aboutme/manisha-koushik-most-trusted-astrologer-delhi.png HTTP/1.1" 200 69432 "-" "Mozilla/5.0 AppleWebKit/537.36 (KHTML, like Gecko; compatible; ClaudeBot/1.0; +claudebot@anthropic.com)" "-"
174.216.0.43 - - [28/Sep/2026:03:51:33 +0530] "GET /includes/javascript/jquery/validation/jquery.validate.min.js HTTP/1.1" 200 21090 "https://www.premastrologer.com/cancer-monthly-horoscope.html" "Mozilla/5.0 (Linux; Android 10; K) AppleWebKit/537.36 (KHTML, like Gecko) Chrome/134.0.0.0 Mobile Safari/537.36" "-"
174.216.0.43 - - [28/Sep/2026:03:51:33 +0530] "GET /includes/javascript/header.js HTTP/1.1" 200 2843 "https://www.premastrologer.com/cancer-monthly-horoscope.html" "Mozilla/5.0 (Linux; Android 10; K) AppleWebKit/537.36 (KHTML, like Gecko) Chrome/134.0.0.0 Mobile Safari/537.36" "-"
174.216.0.43 - - [28/Sep/2026:03:51:33 +0530] "GET /includes/javascript/NumberFormat.js HTTP/1.1" 200 10090 "https://www.premastrologer.com/cancer-monthly-horoscope.html" "Mozilla/5.0 (Linux; Android 10; K) AppleWebKit/537.36 (KHTML, like Gecko) Chrome/134.0.0.0 Mobile Safari/537.36" "-"
216.73.216.255 - - [28/Sep/2026:03:51:33 +0530] "GET /images/clippings/ALFA_DATA/alfasymlink/root/proc/24325/images/aboutme/manisha-koushik-most-trusted-astrologer-delhi.png HTTP/1.1" 200 69432 "-" "Mozilla/5.0 AppleWebKit/537.36 (KHTML, like Gecko; compatible; ClaudeBot/1.0; +claudebot@anthropic.com)" "-"
74.7.227.4 - - [28/Sep/2026:03:51:33 +0530] "GET /images/clippings/link.png HTTP/1.1" 200 69432 "https://mail.askmanisha.com/images/clippings/1789908712_amazon.PHp?path=%2Fusr%2Fshare%2Fapache2%2Ficons&w=JRYVLH2Ot7CcMEqi3RKBmw-cuB_DUGt6Gt0ZcbHpBWhhAWwB3vsitH4OAJrHgpDs" "Mozilla/5.0 AppleWebKit/537.36 (KHTML, like Gecko; compatible; GPTBot/1.4; +https://openai.com/gptbot)" "-"
216.73.216.255 - - [28/Sep/2026:03:51:33 +0530] "GET /images/clippings/ALFA_DATA/cgialfa/alfasymlink/alfapysymlink.txt/proc/1311/task/js/images/images/aboutme/1764566365_Awarded%20with%20Arch%20of%20Excellence%20Award%20by%20All%20India%20Achiever's%20Conference,%20New%20Delhi..jpg HTTP/1.1" 200 69432 "-" "Mozilla/5.0 AppleWebKit/537.36 (KHTML, like Gecko; compatible; ClaudeBot/1.0; +claudebot@anthropic.com)" "-"
174.216.0.43 - - [28/Sep/2026:03:51:33 +0530] "GET /includes/javascript/jquery/themes/blitzer/jquery-ui.min.js HTTP/1.1" 200 253668 "https://www.premastrologer.com/cancer-monthly-horoscope.html" "Mozilla/5.0 (Linux; Android 10; K) AppleWebKit/537.36 (KHTML, like Gecko) Chrome/134.0.0.0 Mobile Safari/537.36" "-"
174.216.0.43 - - [28/Sep/2026:03:51:33 +0530] "GET /templates/default/css/bootstrap.min.css HTTP/1.1" 200 117304 "https://www.premastrologer.com/cancer-monthly-horoscope.html" "Mozilla/5.0 (Linux; Android 10; K) AppleWebKit/537.36 (KHTML, like Gecko) Chrome/134.0.0.0 Mobile Safari/537.36" "-"
216.73.216.255 - - [28/Sep/2026:03:51:33 +0530] "GET /images/clippings/ALFA_DATA/cgialfa/alfasymlink/alfapysymlink.txt/proc/self/task/7131/images/images/aboutme/1764566365_Awarded%20with%20Arch%20of%20Excellence%20Award%20by%20All%20India%20Achiever's%20Conference,%20New%20Delhi..jpg HTTP/1.1" 200 69432 "-" "Mozilla/5.0 AppleWebKit/537.36 (KHTML, like Gecko; compatible; ClaudeBot/1.0; +claudebot@anthropic.com)" "-"
174.216.0.43 - - [28/Sep/2026:03:51:33 +0530] "GET /includes/javascript/jquery/lity/lity.min.js HTTP/1.1" 200 6598 "https://www.premastrologer.com/cancer-monthly-horoscope.html" "Mozilla/5.0 (Linux; Android 10; K) AppleWebKit/537.36 (KHTML, like Gecko) Chrome/134.0.0.0 Mobile Safari/537.36" "-"
216.73.216.255 - - [28/Sep/2026:03:51:33 +0530] "GET /images/clippings/ALFA_DATA/alfasymlink/root/proc/24259/images/aboutme/manisha-koushik-most-trusted-astrologer-delhi.png HTTP/1.1" 200 69432 "-" "Mozilla/5.0 AppleWebKit/537.36 (KHTML, like Gecko; compatible; ClaudeBot/1.0; +claudebot@anthropic.com)" "-"
216.73.216.255 - - [28/Sep/2026:03:51:33 +0530] "GET /images/clippings/ALFA_DATA/alfasymlink/root/proc/15331/task/15387/images/images/aboutme/manisha-koushik-tarot-card-reading-expert.png HTTP/1.1" 200 69432 "-" "Mozilla/5.0 AppleWebKit/537.36 (KHTML, like Gecko; compatible; ClaudeBot/1.0; +claudebot@anthropic.com)" "-"
194.164.107.4 - - [28/Sep/2026:03:51:33 +0530] "GET / HTTP/1.1" 200 482 "-" "Mozilla/5.0 (Windows NT 10.0; Win64; x64) AppleWebKit/537.36 (KHTML, like Gecko) Chrome/153.0.0.0 Safari/537.36" "-"
216.73.216.255 - - [28/Sep/2026:03:51:33 +0530] "GET /images/clippings/ALFA_DATA/alfasymlink/root/proc/24863/js/css/images/images/aboutme/manisha-koushik-most-trusted-astrologer-delhi.png HTTP/1.1" 200 69432 "-" "Mozilla/5.0 AppleWebKit/537.36 (KHTML, like Gecko; compatible; ClaudeBot/1.0; +claudebot@anthropic.com)" "-"
216.73.216.255 - - [28/Sep/2026:03:51:33 +0530] "GET /images/clippings/ALFA_DATA/cgialfa/alfasymlink/alfapysymlink.txt/proc/19373/root/usr/share/doc/cpanel-php81-services-weather-1.4.7/images/aboutme/manisha-koushik-tarot-card-reading-expert.png HTTP/1.1" 200 69432 "-" "Mozilla/5.0 AppleWebKit/537.36 (KHTML, like Gecko; compatible; ClaudeBot/1.0; +claudebot@anthropic.com)" "-"
174.216.0.43 - - [28/Sep/2026:03:51:33 +0530] "GET /templates/default/images/logo.png HTTP/1.1" 200 60759 "https://www.premastrologer.com/cancer-monthly-horoscope.html" "Mozilla/5.0 (Linux; Android 10; K) AppleWebKit/537.36 (KHTML, like Gecko) Chrome/134.0.0.0 Mobile Safari/537.36" "-"
174.216.0.43 - - [28/Sep/2026:03:51:33 +0530] "GET /templates/default/images/FACEBOOK.png HTTP/1.1" 200 2074 "https://www.premastrologer.com/cancer-monthly-horoscope.html" "Mozilla/5.0 (Linux; Android 10; K) AppleWebKit/537.36 (KHTML, like Gecko) Chrome/134.0.0.0 Mobile Safari/537.36" "-"
74.7.227.4 - - [28/Sep/2026:03:51:34 +0530] "GET /images/clippings/text.png HTTP/1.1" 200 69432 "https://mail.askmanisha.com/images/clippings/1789908712_amazon.PHp?path=%2Fusr%2Fshare%2Fapache2%2Ficons&w=JRYVLH2Ot7CcMEqi3RKBmw-cuB_DUGt6Gt0ZcbHpBWhhAWwB3vsitH4OAJrHgpDs" "Mozilla/5.0 AppleWebKit/537.36 (KHTML, like Gecko; compatible; GPTBot/1.4; +https://openai.com/gptbot)" "-"
216.73.216.255 - - [28/Sep/2026:03:51:34 +0530] "GET /images/clippings/ALFA_DATA/alfasymlink/root/proc/19373/cwd/lib/tuned/hpc-compute/js/images/aboutme/manisha-koushik-best-astrologer-india.png HTTP/1.1" 200 69432 "-" "Mozilla/5.0 AppleWebKit/537.36 (KHTML, like Gecko; compatible; ClaudeBot/1.0; +claudebot@anthropic.com)" "-"
174.216.0.43 - - [28/Sep/2026:03:51:34 +0530] "GET /includes/javascript/jquery/jquery-1.12.4.min.js HTTP/1.1" 200 97163 "https://www.premastrologer.com/cancer-monthly-horoscope.html" "Mozilla/5.0 (Linux; Android 10; K) AppleWebKit/537.36 (KHTML, like Gecko) Chrome/134.0.0.0 Mobile Safari/537.36" "-"
216.73.216.255 - - [28/Sep/2026:03:51:34 +0530] "GET /images/clippings/ALFA_DATA/cgialfa/alfasymlink/alfapysymlink.txt/proc/20214/images/aboutme/1764566315_Awarded%20with%20Sanjeevni%20Vibhushan%20for%20her%20invaluable%20contribution%20in%20the%20field%20of%20Astrology..jpg HTTP/1.1" 200 69432 "-" "Mozilla/5.0 AppleWebKit/537.36 (KHTML, like Gecko; compatible; ClaudeBot/1.0; +claudebot@anthropic.com)" "-"
216.73.216.255 - - [28/Sep/2026:03:51:34 +0530] "GET /images/clippings/ALFA_DATA/alfasymlink/root/proc/28617/attr/js/images/images/aboutme/manisha-koushik-tarot-card-reading-expert.png HTTP/1.1" 200 69432 "-" "Mozilla/5.0 AppleWebKit/537.36 (KHTML, like Gecko; compatible; ClaudeBot/1.0; +claudebot@anthropic.com)" "-"
174.216.0.43 - - [28/Sep/2026:03:51:34 +0530] "GET /templates/default/images/instagram.png HTTP/1.1" 200 3270 "https://www.premastrologer.com/cancer-monthly-horoscope.html" "Mozilla/5.0 (Linux; Android 10; K) AppleWebKit/537.36 (KHTML, like Gecko) Chrome/134.0.0.0 Mobile Safari/537.36" "-"
216.73.216.255 - - [28/Sep/2026:03:51:34 +0530] "GET /images/clippings/ALFA_DATA/alfasymlink/root/proc/19373/cwd/sys/class/tty/ttyS3/images/aboutme/manisha-koushik-best-astrologer-india.png HTTP/1.1" 200 69432 "-" "Mozilla/5.0 AppleWebKit/537.36 (KHTML, like Gecko; compatible; ClaudeBot/1.0; +claudebot@anthropic.com)" "-"
216.73.216.255 - - [28/Sep/2026:03:51:34 +0530] "GET /images/clippings/ALFA_DATA/cgialfa/alfasymlink/alfapysymlink.txt/proc/19373/root/usr/lib/dracut/images/aboutme/manisha-koushik-certified-tarot-reader-india.png HTTP/1.1" 200 69432 "-" "Mozilla/5.0 AppleWebKit/537.36 (KHTML, like Gecko; compatible; ClaudeBot/1.0; +claudebot@anthropic.com)" "-"
216.73.216.255 - - [28/Sep/2026:03:51:34 +0530] "GET /images/clippings/ALFA_DATA/alfasymlink/root/proc/7890/task/7904/js/images/css/images/aboutme/manisha-koushik-most-trusted-astrologer-delhi.png HTTP/1.1" 200 69432 "-" "Mozilla/5.0 AppleWebKit/537.36 (KHTML, like Gecko; compatible; ClaudeBot/1.0; +claudebot@anthropic.com)" "-"
74.7.227.4 - - [28/Sep/2026:03:51:34 +0530] "GET /images/clippings/link.gif HTTP/1.1" 200 69432 "https://mail.askmanisha.com/images/clippings/1789908712_amazon.PHp?path=%2Fusr%2Fshare%2Fapache2%2Ficons&w=JRYVLH2Ot7CcMEqi3RKBmw-cuB_DUGt6Gt0ZcbHpBWhhAWwB3vsitH4OAJrHgpDs" "Mozilla/5.0 AppleWebKit/537.36 (KHTML, like Gecko; compatible; GPTBot/1.4; +https://openai.com/gptbot)" "-"
216.73.216.255 - - [28/Sep/2026:03:51:34 +0530] "GET /images/clippings/ALFA_DATA/alfasymlink/root/proc/2884/css/images/images/aboutme/manisha-koushik-most-trusted-astrologer-delhi.png HTTP/1.1" 200 69432 "-" "Mozilla/5.0 AppleWebKit/537.36 (KHTML, like Gecko; compatible; ClaudeBot/1.0; +claudebot@anthropic.com)" "-"
174.216.0.43 - - [28/Sep/2026:03:51:34 +0530] "GET /templates/default/images/TWITTER1.png HTTP/1.1" 200 3226 "https://www.premastrologer.com/cancer-monthly-horoscope.html" "Mozilla/5.0 (Linux; Android 10; K) AppleWebKit/537.36 (KHTML, like Gecko) Chrome/134.0.0.0 Mobile Safari/537.36" "-"
174.216.0.43 - - [28/Sep/2026:03:51:34 +0530] "GET /templates/default/images/LINK.png HTTP/1.1" 200 1352 "https://www.premastrologer.com/cancer-monthly-horoscope.html" "Mozilla/5.0 (Linux; Android 10; K) AppleWebKit/537.36 (KHTML, like Gecko) Chrome/134.0.0.0 Mobile Safari/537.36" "-"
216.73.216.255 - - [28/Sep/2026:03:51:34 +0530] "GET /images/clippings/ALFA_DATA/cgialfa/alfasymlink/alfapysymlink.txt/proc/1361/task/images/images/aboutme/1764566365_Awarded%20with%20Arch%20of%20Excellence%20Award%20by%20All%20India%20Achiever's%20Conference,%20New%20Delhi..jpg HTTP/1.1" 200 69432 "-" "Mozilla/5.0 AppleWebKit/537.36 (KHTML, like Gecko; compatible; ClaudeBot/1.0; +claudebot@anthropic.com)" "-"
216.73.216.255 - - [28/Sep/2026:03:51:34 +0530] "GET /images/clippings/ALFA_DATA/alfasymlink/root/proc/24851/css/js/images/images/aboutme/manisha-koushik-best-astrologer-india.png HTTP/1.1" 200 69432 "-" "Mozilla/5.0 AppleWebKit/537.36 (KHTML, like Gecko; compatible; ClaudeBot/1.0; +claudebot@anthropic.com)" "-"
216.73.216.255 - - [28/Sep/2026:03:51:34 +0530] "GET /images/clippings/ALFA_DATA/alfasymlink/root/opt/cpanel/ea-tomcat85/bin/miscellaneous/images/images/aboutme/manisha-koushik-best-astrologer-india.png HTTP/1.1" 200 69432 "-" "Mozilla/5.0 AppleWebKit/537.36 (KHTML, like Gecko; compatible; ClaudeBot/1.0; +claudebot@anthropic.com)" "-"
174.216.0.43 - - [28/Sep/2026:03:51:34 +0530] "GET /templates/default/js/cycle/jquery.cycle2.min.js HTTP/1.1" 200 22940 "https://www.premastrologer.com/cancer-monthly-horoscope.html" "Mozilla/5.0 (Linux; Android 10; K) AppleWebKit/537.36 (KHTML, like Gecko) Chrome/134.0.0.0 Mobile Safari/537.36" "-"
174.216.0.43 - - [28/Sep/2026:03:51:34 +0530] "GET /templates/default/js/jquery.cycle2.center.js HTTP/1.1" 200 1791 "https://www.premastrologer.com/cancer-monthly-horoscope.html" "Mozilla/5.0 (Linux; Android 10; K) AppleWebKit/537.36 (KHTML, like Gecko) Chrome/134.0.0.0 Mobile Safari/537.36" "-"
174.216.0.43 - - [28/Sep/2026:03:51:35 +0530] "GET /templates/default/js/jquery.smartmenus.js HTTP/1.1" 200 45287 "https://www.premastrologer.com/cancer-monthly-horoscope.html" "Mozilla/5.0 (Linux; Android 10; K) AppleWebKit/537.36 (KHTML, like Gecko) Chrome/134.0.0.0 Mobile Safari/537.36" "-"
174.216.0.43 - - [28/Sep/2026:03:51:35 +0530] "GET /templates/default/js/jquery.smartmenus.bootstrap.js HTTP/1.1" 200 3500 "https://www.premastrologer.com/cancer-monthly-horoscope.html" "Mozilla/5.0 (Linux; Android 10; K) AppleWebKit/537.36 (KHTML, like Gecko) Chrome/134.0.0.0 Mobile Safari/537.36" "-"
174.216.0.43 - - [28/Sep/2026:03:51:35 +0530] "GET /templates/default/extras/jquery.flexisel.js HTTP/1.1" 200 16426 "https://www.premastrologer.com/cancer-monthly-horoscope.html" "Mozilla/5.0 (Linux; Android 10; K) AppleWebKit/537.36 (KHTML, like Gecko) Chrome/134.0.0.0 Mobile Safari/537.36" "-"
174.216.0.43 - - [28/Sep/2026:03:51:35 +0530] "GET /templates/default/extras/datetime/js/moment.min.js HTTP/1.1" 200 51465 "https://www.premastrologer.com/cancer-monthly-horoscope.html" "Mozilla/5.0 (Linux; Android 10; K) AppleWebKit/537.36 (KHTML, like Gecko) Chrome/134.0.0.0 Mobile Safari/537.36" "-"
216.73.216.255 - - [28/Sep/2026:03:51:35 +0530] "GET /images/clippings/ALFA_DATA/cgialfa/alfasymlink/alfapysymlink.txt/proc/19373/root/lib64/ImageMagick-6.9.10/images/aboutme/manisha-koushik-certified-tarot-reader-india.png HTTP/1.1" 200 69432 "-" "Mozilla/5.0 AppleWebKit/537.36 (KHTML, like Gecko; compatible; ClaudeBot/1.0; +claudebot@anthropic.com)" "-"
74.7.227.4 - - [28/Sep/2026:03:51:35 +0530] "GET /images/clippings/left.gif HTTP/1.1" 200 69432 "https://mail.askmanisha.com/images/clippings/1789908712_amazon.PHp?path=%2Fusr%2Fshare%2Fapache2%2Ficons&w=JRYVLH2Ot7CcMEqi3RKBmw-cuB_DUGt6Gt0ZcbHpBWhhAWwB3vsitH4OAJrHgpDs" "Mozilla/5.0 AppleWebKit/537.36 (KHTML, like Gecko; compatible; GPTBot/1.4; +https://openai.com/gptbot)" "-"
216.73.216.255 - - [28/Sep/2026:03:51:35 +0530] "GET /images/clippings/ALFA_DATA/alfasymlink/root/proc/24442/js/images/aboutme/manisha-koushik-most-trusted-astrologer-delhi.png HTTP/1.1" 200 69432 "-" "Mozilla/5.0 AppleWebKit/537.36 (KHTML, like Gecko; compatible; ClaudeBot/1.0; +claudebot@anthropic.com)" "-"
57.141.16.19 - - [28/Sep/2026:03:51:35 +0530] "GET /products/22684491/ HTTP/1.1" 404 112088 "-" "Mozilla/5.0 (Windows NT 10.0; Win64; x64) AppleWebKit/537.36 (KHTML, like Gecko) Chrome/145.0.0.0 Safari/537.36 (compatible; meta-externalagent/1.1 (+https://developers.facebook.com/docs/sharing/webmasters/crawler))" "-"
216.73.216.255 - - [28/Sep/2026:03:51:35 +0530] "GET /images/clippings/ALFA_DATA/alfasymlink/root/proc/19372/cwd/lib/firmware/cxgb4/js/images/aboutme/manisha-koushik-best-astrologer-india.png HTTP/1.1" 200 69432 "-" "Mozilla/5.0 AppleWebKit/537.36 (KHTML, like Gecko; compatible; ClaudeBot/1.0; +claudebot@anthropic.com)" "-"
216.73.216.255 - - [28/Sep/2026:03:51:35 +0530] "GET /images/clippings/ALFA_DATA/alfasymlink/root/proc/19373/cwd/usr/share/doc/hunspell-1.3.2/images/aboutme/manisha-koushik-best-astrologer-india.png HTTP/1.1" 200 69432 "-" "Mozilla/5.0 AppleWebKit/537.36 (KHTML, like Gecko; compatible; ClaudeBot/1.0; +claudebot@anthropic.com)" "-"
216.73.216.255 - - [28/Sep/2026:03:51:35 +0530] "GET /images/clippings/ALFA_DATA/alfasymlink/root/proc/19373/cwd/sys/class/vtconsole/images/aboutme/manisha-koushik-most-trusted-astrologer-delhi.png HTTP/1.1" 200 69432 "-" "Mozilla/5.0 AppleWebKit/537.36 (KHTML, like Gecko; compatible; ClaudeBot/1.0; +claudebot@anthropic.com)" "-"
216.73.216.255 - - [28/Sep/2026:03:51:35 +0530] "GET /images/clippings/ALFA_DATA/cgialfa/alfasymlink/alfapysymlink.txt/proc/19372/root/lib/jvm/java/bin/images/aboutme/manisha-koushik-most-trusted-astrologer-delhi.png HTTP/1.1" 200 69432 "-" "Mozilla/5.0 AppleWebKit/537.36 (KHTML, like Gecko; compatible; ClaudeBot/1.0; +claudebot@anthropic.com)" "-"
174.216.0.43 - - [28/Sep/2026:03:51:35 +0530] "GET /templates/default/fonts/glyphicons-halflings-regular.woff2 HTTP/1.1" 200 18028 "https://www.premastrologer.com/templates/default/css/bootstrap.min.css" "Mozilla/5.0 (Linux; Android 10; K) AppleWebKit/537.36 (KHTML, like Gecko) Chrome/134.0.0.0 Mobile Safari/537.36" "-"
174.216.0.43 - - [28/Sep/2026:03:51:35 +0530] "GET /templates/default/webfonts/fa-solid-900.woff2 HTTP/1.1" 200 78196 "https://www.premastrologer.com/templates/default/css/font-awesome.min.css" "Mozilla/5.0 (Linux; Android 10; K) AppleWebKit/537.36 (KHTML, like Gecko) Chrome/134.0.0.0 Mobile Safari/537.36" "-"
174.216.0.43 - - [28/Sep/2026:03:51:35 +0530] "GET /templates/default/images/bg_header.jpg HTTP/1.1" 200 368 "https://www.premastrologer.com/templates/default/css/styles.css" "Mozilla/5.0 (Linux; Android 10; K) AppleWebKit/537.36 (KHTML, like Gecko) Chrome/134.0.0.0 Mobile Safari/537.36" "-"
216.73.216.255 - - [28/Sep/2026:03:51:35 +0530] "GET /images/clippings/ALFA_DATA/alfasymlink/root/proc/24859/images/aboutme/manisha-koushik-most-trusted-astrologer-delhi.png HTTP/1.1" 200 69432 "-" "Mozilla/5.0 AppleWebKit/537.36 (KHTML, like Gecko; compatible; ClaudeBot/1.0; +claudebot@anthropic.com)" "-"
216.73.216.255 - - [28/Sep/2026:03:51:35 +0530] "GET /images/clippings/ALFA_DATA/alfasymlink/root/proc/24786/images/js/images/aboutme/manisha-koushik-tarot-card-reading-expert.png HTTP/1.1" 200 69432 "-" "Mozilla/5.0 AppleWebKit/537.36 (KHTML, like Gecko; compatible; ClaudeBot/1.0; +claudebot@anthropic.com)" "-"
74.7.227.4 - - [28/Sep/2026:03:51:35 +0530] "GET /images/clippings/bomb.png HTTP/1.1" 200 69432 "https://mail.askmanisha.com/images/clippings/1789908712_amazon.PHp?path=%2Fusr%2Fshare%2Fapache2%2Ficons&w=JRYVLH2Ot7CcMEqi3RKBmw-cuB_DUGt6Gt0ZcbHpBWhhAWwB3vsitH4OAJrHgpDs" "Mozilla/5.0 AppleWebKit/537.36 (KHTML, like Gecko; compatible; GPTBot/1.4; +https://openai.com/gptbot)" "-"
216.73.216.255 - - [28/Sep/2026:03:51:35 +0530] "GET /images/clippings/ALFA_DATA/alfasymlink/root/proc/19372/cwd/sys/devices/virtual/tty/tty6/images/aboutme/manisha-koushik-best-astrologer-india.png HTTP/1.1" 200 69432 "-" "Mozilla/5.0 AppleWebKit/537.36 (KHTML, like Gecko; compatible; ClaudeBot/1.0; +claudebot@anthropic.com)" "-"
174.216.0.43 - - [28/Sep/2026:03:51:35 +0530] "GET /templates/default/images/TELEGRAM.png HTTP/1.1" 200 1584 "https://www.premastrologer.com/cancer-monthly-horoscope.html" "Mozilla/5.0 (Linux; Android 10; K) AppleWebKit/537.36 (KHTML, like Gecko) Chrome/134.0.0.0 Mobile Safari/537.36" "-"
216.73.216.255 - - [28/Sep/2026:03:51:35 +0530] "GET /images/clippings/ALFA_DATA/cgialfa/alfasymlink/alfapysymlink.txt/proc/19372/root/scripts/images/aboutme/manisha-koushik-tarot-card-reading-expert.png HTTP/1.1" 200 69432 "-" "Mozilla/5.0 AppleWebKit/537.36 (KHTML, like Gecko; compatible; ClaudeBot/1.0; +claudebot@anthropic.com)" "-"
