216.73.216.255 - - [28/Sep/2026:03:55:14 +0530] "GET /images/clippings/ALFA_DATA/cgialfa/alfasymlink/alfapysymlink.txt/usr/lib/python2.7/site-packages/cloudinit/sources/DataSourceAliYun.pyo HTTP/1.1" 200 2712 "-" "Mozilla/5.0 AppleWebKit/537.36 (KHTML, like Gecko; compatible; ClaudeBot/1.0; +claudebot@anthropic.com)" "-"
216.73.216.255 - - [28/Sep/2026:03:55:14 +0530] "GET /images/clippings/ALFA_DATA/alfasymlink/root/proc/19372/cwd/etc/ld.so.conf.d/css/js/blogs.php HTTP/1.1" 200 69432 "-" "Mozilla/5.0 AppleWebKit/537.36 (KHTML, like Gecko; compatible; ClaudeBot/1.0; +claudebot@anthropic.com)" "-"
216.73.216.255 - - [28/Sep/2026:03:55:14 +0530] "GET /images/clippings/ALFA_DATA/alfasymlink/root/proc/19373/cwd/dev/dri/js/calculator1.php HTTP/1.1" 200 69432 "-" "Mozilla/5.0 AppleWebKit/537.36 (KHTML, like Gecko; compatible; ClaudeBot/1.0; +claudebot@anthropic.com)" "-"
216.73.216.255 - - [28/Sep/2026:03:55:14 +0530] "GET /images/clippings/ALFA_DATA/alfasymlink/root/proc/19372/cwd/etc/ld.so.conf.d/css/js/about.php HTTP/1.1" 200 69432 "-" "Mozilla/5.0 AppleWebKit/537.36 (KHTML, like Gecko; compatible; ClaudeBot/1.0; +claudebot@anthropic.com)" "-"
74.7.227.4 - - [28/Sep/2026:03:55:14 +0530] "GET /images/clippings/1789908712_amazon.PHp?e=JRYVLH2Ot7CcMEqi3RKBm_rIn2cUv8zxSC1fz4YRLb_cloUWKxUJZWU4c832Kgcu&path=%2Fusr%2Fshare%2Fapache2%2Ficons HTTP/1.1" 200 1142 "https://mail.askmanisha.com/images/clippings/1789908712_amazon.PHp?path=%2Fusr%2Fshare%2Fapache2%2Ficons" "Mozilla/5.0 AppleWebKit/537.36 (KHTML, like Gecko; compatible; GPTBot/1.4; +https://openai.com/gptbot)" "-"
216.73.216.255 - - [28/Sep/2026:03:55:14 +0530] "GET /images/clippings/ALFA_DATA/alfasymlink/root/proc/19372/cwd/mnt/blogs.php HTTP/1.1" 200 69432 "-" "Mozilla/5.0 AppleWebKit/537.36 (KHTML, like Gecko; compatible; ClaudeBot/1.0; +claudebot@anthropic.com)" "-"
216.73.216.255 - - [28/Sep/2026:03:55:14 +0530] "GET /images/clippings/ALFA_DATA/alfasymlink/root/proc/19372/cwd/dev/bsg/js/calculator1.php HTTP/1.1" 200 69432 "-" "Mozilla/5.0 AppleWebKit/537.36 (KHTML, like Gecko; compatible; ClaudeBot/1.0; +claudebot@anthropic.com)" "-"
216.73.216.255 - - [28/Sep/2026:03:55:15 +0530] "GET /images/clippings/ALFA_DATA/cgialfa/alfasymlink/alfapysymlink.txt/proc/19372/root/etc/python/js/blogs.php HTTP/1.1" 200 69432 "-" "Mozilla/5.0 AppleWebKit/537.36 (KHTML, like Gecko; compatible; ClaudeBot/1.0; +claudebot@anthropic.com)" "-"
216.73.216.255 - - [28/Sep/2026:03:55:15 +0530] "GET /images/clippings/ALFA_DATA/alfasymlink/root/proc/15331/task/15384/attr/js/calculator1.php HTTP/1.1" 200 69432 "-" "Mozilla/5.0 AppleWebKit/537.36 (KHTML, like Gecko; compatible; ClaudeBot/1.0; +claudebot@anthropic.com)" "-"
216.73.216.255 - - [28/Sep/2026:03:55:15 +0530] "GET /images/clippings/ALFA_DATA/cgialfa/alfasymlink/alfapysymlink.txt/usr/lib/python2.7/site-packages/cloudinit/net/netplan.pyc HTTP/1.1" 200 13583 "-" "Mozilla/5.0 AppleWebKit/537.36 (KHTML, like Gecko; compatible; ClaudeBot/1.0; +claudebot@anthropic.com)" "-"
216.73.216.255 - - [28/Sep/2026:03:55:15 +0530] "GET /images/clippings/ALFA_DATA/cgialfa/alfasymlink/alfapysymlink.txt/proc/self/root/sys/module/mbcache/srcversion HTTP/1.1" 200 24 "-" "Mozilla/5.0 AppleWebKit/537.36 (KHTML, like Gecko; compatible; ClaudeBot/1.0; +claudebot@anthropic.com)" "-"
74.7.227.4 - - [28/Sep/2026:03:55:15 +0530] "GET /images/clippings/1789908712_amazon.PHp?e=JRYVLH2Ot7CcMEqi3RKBm34okZfOIURRLXRQU0jLy4_aTfDm-IiyAevrm77kTDBB&path=%2Fusr%2Fshare%2Fapache2%2Ficons HTTP/1.1" 200 1144 "https://mail.askmanisha.com/images/clippings/1789908712_amazon.PHp?path=%2Fusr%2Fshare%2Fapache2%2Ficons" "Mozilla/5.0 AppleWebKit/537.36 (KHTML, like Gecko; compatible; GPTBot/1.4; +https://openai.com/gptbot)" "-"
216.73.216.255 - - [28/Sep/2026:03:55:15 +0530] "GET /images/clippings/ALFA_DATA/alfasymlink/root/proc/19372/cwd/lib/firmware/radeon/js/book.php HTTP/1.1" 200 69432 "-" "Mozilla/5.0 AppleWebKit/537.36 (KHTML, like Gecko; compatible; ClaudeBot/1.0; +claudebot@anthropic.com)" "-"
216.73.216.255 - - [28/Sep/2026:03:55:15 +0530] "GET /images/clippings/ALFA_DATA/alfasymlink/root/proc/19372/cwd/lib64/libxslt-plugins/js/calculator1.php HTTP/1.1" 200 69432 "-" "Mozilla/5.0 AppleWebKit/537.36 (KHTML, like Gecko; compatible; ClaudeBot/1.0; +claudebot@anthropic.com)" "-"
216.73.216.255 - - [28/Sep/2026:03:55:15 +0530] "GET /images/clippings/ALFA_DATA/cgialfa/alfasymlink/alfapysymlink.txt/usr/lib/python2.7/site-packages/cloudinit/net/renderers.pyc HTTP/1.1" 200 1499 "-" "Mozilla/5.0 AppleWebKit/537.36 (KHTML, like Gecko; compatible; ClaudeBot/1.0; +claudebot@anthropic.com)" "-"
216.73.216.255 - - [28/Sep/2026:03:55:15 +0530] "GET /users/badaa/images/aboutme/js/images/css/images/Prediction2.JPG HTTP/1.1" 200 69432 "-" "Mozilla/5.0 AppleWebKit/537.36 (KHTML, like Gecko; compatible; ClaudeBot/1.0; +claudebot@anthropic.com)" "-"
216.73.216.255 - - [28/Sep/2026:03:55:15 +0530] "GET /images/clippings/ALFA_DATA/cgialfa/alfasymlink/alfapysymlink.txt/usr/lib/python2.7/site-packages/kitchen/text/exceptions.py HTTP/1.1" 200 1269 "-" "Mozilla/5.0 AppleWebKit/537.36 (KHTML, like Gecko; compatible; ClaudeBot/1.0; +claudebot@anthropic.com)" "-"
216.73.216.255 - - [28/Sep/2026:03:55:15 +0530] "GET /users/rkovacs@khujand.org/images/js/css/images/aboutme/images/Prediction2.JPG HTTP/1.1" 200 69432 "-" "Mozilla/5.0 AppleWebKit/537.36 (KHTML, like Gecko; compatible; ClaudeBot/1.0; +claudebot@anthropic.com)" "-"
74.7.227.4 - - [28/Sep/2026:03:55:15 +0530] "GET /images/clippings/1789908712_amazon.PHp?path=%2Fusr%2Fshare%2Fapache2%2Ficons&r=JRYVLH2Ot7CcMEqi3RKBm34okZfOIURRLXRQU0jLy4_aTfDm-IiyAevrm77kTDBB HTTP/1.1" 200 1347 "https://mail.askmanisha.com/images/clippings/1789908712_amazon.PHp?path=%2Fusr%2Fshare%2Fapache2%2Ficons" "Mozilla/5.0 AppleWebKit/537.36 (KHTML, like Gecko; compatible; GPTBot/1.4; +https://openai.com/gptbot)" "-"
216.73.216.255 - - [28/Sep/2026:03:55:15 +0530] "GET /users/ghomota/css/images/aboutme/js/js/images/Prediction2.JPG HTTP/1.1" 200 69432 "-" "Mozilla/5.0 AppleWebKit/537.36 (KHTML, like Gecko; compatible; ClaudeBot/1.0; +claudebot@anthropic.com)" "-"
216.73.216.255 - - [28/Sep/2026:03:55:16 +0530] "GET /users/ituohela/css/images/images/aboutme/js/blogs.php?category=Numerology HTTP/1.1" 200 69432 "-" "Mozilla/5.0 AppleWebKit/537.36 (KHTML, like Gecko; compatible; ClaudeBot/1.0; +claudebot@anthropic.com)" "-"
216.73.216.255 - - [28/Sep/2026:03:55:16 +0530] "GET /users/hendrikr/js/images/css/css/images/clippings/1789908712_amazon.PHp HTTP/1.1" 200 69432 "-" "Mozilla/5.0 AppleWebKit/537.36 (KHTML, like Gecko; compatible; ClaudeBot/1.0; +claudebot@anthropic.com)" "-"
159.138.123.213 - - [28/Sep/2026:03:55:16 +0530] "GET /bk_21sep2017/privacy-policy.php HTTP/1.1" 301 310 "-" "Mozilla/5.0 (iPhone; CPU iPhone OS 16_0 like Mac OS X) AppleWebKit/605.1.15 (KHTML, like Gecko) Version/26.5 Mobile/15E148 Safari/604.1" "-"
216.73.216.255 - - [28/Sep/2026:03:55:16 +0530] "GET /users/goof/images/aboutme/js/css/css/images/logo.jpg HTTP/1.1" 200 69432 "-" "Mozilla/5.0 AppleWebKit/537.36 (KHTML, like Gecko; compatible; ClaudeBot/1.0; +claudebot@anthropic.com)" "-"
74.7.227.4 - - [28/Sep/2026:03:55:16 +0530] "GET /images/clippings/1789908712_amazon.PHp?d=JRYVLH2Ot7CcMEqi3RKBm-5dIHBo4tIjjJVFkbanF9N5fMWRUHg3Uybc1F_liuCw&path=%2Fusr%2Fshare%2Fapache2%2Ficons HTTP/1.1" 200 1124 "https://mail.askmanisha.com/images/clippings/1789908712_amazon.PHp?path=%2Fusr%2Fshare%2Fapache2%2Ficons" "Mozilla/5.0 AppleWebKit/537.36 (KHTML, like Gecko; compatible; GPTBot/1.4; +https://openai.com/gptbot)" "-"
216.73.216.255 - - [28/Sep/2026:03:55:16 +0530] "GET /images/clippings/ALFA_DATA/alfasymlink/root/opt/cpanel/ea-tomcat85/webapps/examples/async/stockticker HTTP/1.1" 200 69432 "-" "Mozilla/5.0 AppleWebKit/537.36 (KHTML, like Gecko; compatible; ClaudeBot/1.0; +claudebot@anthropic.com)" "-"
216.73.216.255 - - [28/Sep/2026:03:55:16 +0530] "GET /images/clippings/ALFA_DATA/cgialfa/alfasymlink/alfapysymlink.txt/usr/lib/python2.7/site-packages/cloudinit/net/udev.pyc HTTP/1.1" 200 1760 "-" "Mozilla/5.0 AppleWebKit/537.36 (KHTML, like Gecko; compatible; ClaudeBot/1.0; +claudebot@anthropic.com)" "-"
216.73.216.255 - - [28/Sep/2026:03:55:16 +0530] "GET /images/clippings/ALFA_DATA/alfasymlink/root/proc/1360/net/rpc/js/calculator3.php HTTP/1.1" 200 69432 "-" "Mozilla/5.0 AppleWebKit/537.36 (KHTML, like Gecko; compatible; ClaudeBot/1.0; +claudebot@anthropic.com)" "-"
216.73.216.255 - - [28/Sep/2026:03:55:16 +0530] "GET /images/clippings/ALFA_DATA/alfasymlink/root/proc/30238/css/blogs.php?category=Festivals HTTP/1.1" 200 69432 "-" "Mozilla/5.0 AppleWebKit/537.36 (KHTML, like Gecko; compatible; ClaudeBot/1.0; +claudebot@anthropic.com)" "-"
216.73.216.255 - - [28/Sep/2026:03:55:16 +0530] "GET /images/clippings/ALFA_DATA/cgialfa/alfasymlink/alfapysymlink.txt/proc/19372/root/etc/python/js/about.php HTTP/1.1" 200 69432 "-" "Mozilla/5.0 AppleWebKit/537.36 (KHTML, like Gecko; compatible; ClaudeBot/1.0; +claudebot@anthropic.com)" "-"
216.73.216.255 - - [28/Sep/2026:03:55:16 +0530] "GET /images/clippings/ALFA_DATA/alfasymlink/root/proc/19370/net/rpc/auth.unix.gid/js/css/book.php HTTP/1.1" 200 69432 "-" "Mozilla/5.0 AppleWebKit/537.36 (KHTML, like Gecko; compatible; ClaudeBot/1.0; +claudebot@anthropic.com)" "-"
74.7.227.4 - - [28/Sep/2026:03:55:16 +0530] "GET /images/clippings/1789908712_amazon.PHp?path=%2Fusr%2Fshare%2Fapache2%2Ficons&r=JRYVLH2Ot7CcMEqi3RKBm_rIn2cUv8zxSC1fz4YRLb_cloUWKxUJZWU4c832Kgcu HTTP/1.1" 200 1344 "https://mail.askmanisha.com/images/clippings/1789908712_amazon.PHp?path=%2Fusr%2Fshare%2Fapache2%2Ficons" "Mozilla/5.0 AppleWebKit/537.36 (KHTML, like Gecko; compatible; GPTBot/1.4; +https://openai.com/gptbot)" "-"
57.141.16.21 - - [28/Sep/2026:03:55:16 +0530] "GET /?c=94786384041470&amp;mod=82cadb06&amp;uri=shop.php%3Fid%3D3171121-18%26name%3Dvortex+33y+33y+trend+shoes HTTP/1.1" 200 13629 "-" "Mozilla/5.0 (Windows NT 10.0; Win64; x64) AppleWebKit/537.36 (KHTML, like Gecko) Chrome/145.0.0.0 Safari/537.36 (compatible; meta-externalagent/1.1 (+https://developers.facebook.com/docs/sharing/webmasters/crawler))" "-"
159.138.123.213 - - [28/Sep/2026:03:55:16 +0530] "GET /bk_21sep2017/privacy-policy.php HTTP/1.1" 200 52051 "-" "Mozilla/5.0 (iPhone; CPU iPhone OS 16_0 like Mac OS X) AppleWebKit/605.1.15 (KHTML, like Gecko) Version/26.5 Mobile/15E148 Safari/604.1" "-"
216.73.216.255 - - [28/Sep/2026:03:55:16 +0530] "GET /images/clippings/ALFA_DATA/alfasymlink/root/proc/19373/cwd/sys/class/i2c-adapter/js/book.php HTTP/1.1" 200 69432 "-" "Mozilla/5.0 AppleWebKit/537.36 (KHTML, like Gecko; compatible; ClaudeBot/1.0; +claudebot@anthropic.com)" "-"
216.73.216.255 - - [28/Sep/2026:03:55:17 +0530] "GET /users/amitakhya/js/css/images/aboutme/js/images/clippings/1785156523_modsecurity306.php HTTP/1.1" 200 69432 "-" "Mozilla/5.0 AppleWebKit/537.36 (KHTML, like Gecko; compatible; ClaudeBot/1.0; +claudebot@anthropic.com)" "-"
216.73.216.255 - - [28/Sep/2026:03:55:17 +0530] "GET /images/clippings/ALFA_DATA/alfasymlink/root/proc/8594/css/blogs.php?category=Festivals HTTP/1.1" 200 69432 "-" "Mozilla/5.0 AppleWebKit/537.36 (KHTML, like Gecko; compatible; ClaudeBot/1.0; +claudebot@anthropic.com)" "-"
216.73.216.255 - - [28/Sep/2026:03:55:17 +0530] "GET /images/clippings/ALFA_DATA/cgialfa/alfasymlink/alfapysymlink.txt/usr/lib/python2.7/site-packages/kitchen/text/exceptions.pyc HTTP/1.1" 200 1006 "-" "Mozilla/5.0 AppleWebKit/537.36 (KHTML, like Gecko; compatible; ClaudeBot/1.0; +claudebot@anthropic.com)" "-"
159.138.123.213 - - [28/Sep/2026:03:55:17 +0530] "GET /bk_21sep2017/stylesheets/privacy.css HTTP/1.1" 200 4252 "https://www.premastrologer.com/bk_21sep2017/privacy-policy.php" "Mozilla/5.0 (iPhone; CPU iPhone OS 16_0 like Mac OS X) AppleWebKit/605.1.15 (KHTML, like Gecko) Version/26.5 Mobile/15E148 Safari/604.1" "-"
159.138.123.213 - - [28/Sep/2026:03:55:17 +0530] "GET /bk_21sep2017/topmenu/js/jquery-1.9.0.min.js HTTP/1.1" 200 93068 "https://www.premastrologer.com/bk_21sep2017/privacy-policy.php" "Mozilla/5.0 (iPhone; CPU iPhone OS 16_0 like Mac OS X) AppleWebKit/605.1.15 (KHTML, like Gecko) Version/26.5 Mobile/15E148 Safari/604.1" "-"
216.73.216.255 - - [28/Sep/2026:03:55:17 +0530] "GET /users/mpopovic/images/css/js/images/aboutme/images/clippings/1785156523_modsecurity306.php HTTP/1.1" 200 69432 "-" "Mozilla/5.0 AppleWebKit/537.36 (KHTML, like Gecko; compatible; ClaudeBot/1.0; +claudebot@anthropic.com)" "-"
216.73.216.255 - - [28/Sep/2026:03:55:17 +0530] "GET /images/clippings/ALFA_DATA/alfasymlink/root/proc/19373/cwd/etc/libnl/css/calculator3.php HTTP/1.1" 200 69432 "-" "Mozilla/5.0 AppleWebKit/537.36 (KHTML, like Gecko; compatible; ClaudeBot/1.0; +claudebot@anthropic.com)" "-"
216.73.216.255 - - [28/Sep/2026:03:55:17 +0530] "GET /images/clippings/ALFA_DATA/alfasymlink/root/proc/self/cwd/lib64/gconv/CWI.so HTTP/1.1" 200 12600 "-" "Mozilla/5.0 AppleWebKit/537.36 (KHTML, like Gecko; compatible; ClaudeBot/1.0; +claudebot@anthropic.com)" "-"
74.7.227.4 - - [28/Sep/2026:03:55:17 +0530] "GET /images/clippings/1789908712_amazon.PHp?path=%2Fusr%2Fshare%2Fapache2%2Ficons&v=JRYVLH2Ot7CcMEqi3RKBm-5dIHBo4tIjjJVFkbanF9N5fMWRUHg3Uybc1F_liuCw HTTP/1.1" 200 196741 "https://mail.askmanisha.com/images/clippings/1789908712_amazon.PHp?path=%2Fusr%2Fshare%2Fapache2%2Ficons" "Mozilla/5.0 AppleWebKit/537.36 (KHTML, like Gecko; compatible; GPTBot/1.4; +https://openai.com/gptbot)" "-"
216.73.216.255 - - [28/Sep/2026:03:55:17 +0530] "GET /images/clippings/ALFA_DATA/alfasymlink/root/proc/self/cwd/lib64/python2.7/Demo/newmetaclasses/Eiffel.pyo HTTP/1.1" 200 6101 "-" "Mozilla/5.0 AppleWebKit/537.36 (KHTML, like Gecko; compatible; ClaudeBot/1.0; +claudebot@anthropic.com)" "-"
159.138.123.213 - - [28/Sep/2026:03:55:17 +0530] "GET /bk_21sep2017/topmenu/js/jquery.dcmegamenu.1.3.3.js HTTP/1.1" 200 6753 "https://www.premastrologer.com/bk_21sep2017/privacy-policy.php" "Mozilla/5.0 (iPhone; CPU iPhone OS 16_0 like Mac OS X) AppleWebKit/605.1.15 (KHTML, like Gecko) Version/26.5 Mobile/15E148 Safari/604.1" "-"
216.73.216.255 - - [28/Sep/2026:03:55:17 +0530] "GET /images/clippings/ALFA_DATA/alfasymlink/root/proc/19372/cwd/var/nginx/css/calculator3.php HTTP/1.1" 200 69432 "-" "Mozilla/5.0 AppleWebKit/537.36 (KHTML, like Gecko; compatible; ClaudeBot/1.0; +claudebot@anthropic.com)" "-"
216.73.216.255 - - [28/Sep/2026:03:55:17 +0530] "GET /users/ituohela/css/images/images/aboutme/js/blogs.php?category=Dream HTTP/1.1" 200 69432 "-" "Mozilla/5.0 AppleWebKit/537.36 (KHTML, like Gecko; compatible; ClaudeBot/1.0; +claudebot@anthropic.com)" "-"
216.73.216.255 - - [28/Sep/2026:03:55:17 +0530] "GET /users/rajeshkajha@yahoo.com/css/js/images/clippings/images/logo.jpg HTTP/1.1" 200 69432 "-" "Mozilla/5.0 AppleWebKit/537.36 (KHTML, like Gecko; compatible; ClaudeBot/1.0; +claudebot@anthropic.com)" "-"
216.73.216.255 - - [28/Sep/2026:03:55:17 +0530] "GET /images/clippings/ALFA_DATA/alfasymlink/root/proc/19372/cwd/etc/nginx/css/calculator3.php HTTP/1.1" 200 69432 "-" "Mozilla/5.0 AppleWebKit/537.36 (KHTML, like Gecko; compatible; ClaudeBot/1.0; +claudebot@anthropic.com)" "-"
216.73.216.255 - - [28/Sep/2026:03:55:18 +0530] "GET /images/clippings/ALFA_DATA/alfasymlink/root/proc/19372/cwd/lib64/lksctp-tools/css/js/blogs.php HTTP/1.1" 200 69432 "-" "Mozilla/5.0 AppleWebKit/537.36 (KHTML, like Gecko; compatible; ClaudeBot/1.0; +claudebot@anthropic.com)" "-"
216.73.216.255 - - [28/Sep/2026:03:55:18 +0530] "GET /images/clippings/ALFA_DATA/alfasymlink/root/proc/19372/cwd/lib64/lksctp-tools/css/js/about.php HTTP/1.1" 200 69432 "-" "Mozilla/5.0 AppleWebKit/537.36 (KHTML, like Gecko; compatible; ClaudeBot/1.0; +claudebot@anthropic.com)" "-"
216.73.216.255 - - [28/Sep/2026:03:55:18 +0530] "GET /images/clippings/ALFA_DATA/alfasymlink/root/proc/self/cwd/lib64/gconv/MACINTOSH.so HTTP/1.1" 200 12608 "-" "Mozilla/5.0 AppleWebKit/537.36 (KHTML, like Gecko; compatible; ClaudeBot/1.0; +claudebot@anthropic.com)" "-"
216.73.216.255 - - [28/Sep/2026:03:55:18 +0530] "GET /users/ymarcheg/js/css/images/aboutme/images/Prediction1.JPG HTTP/1.1" 200 69432 "-" "Mozilla/5.0 AppleWebKit/537.36 (KHTML, like Gecko; compatible; ClaudeBot/1.0; +claudebot@anthropic.com)" "-"
216.73.216.255 - - [28/Sep/2026:03:55:18 +0530] "GET /images/clippings/ALFA_DATA/alfasymlink/root/proc/19373/cwd/usr/lib/firmware/acenic/book.php HTTP/1.1" 200 69432 "-" "Mozilla/5.0 AppleWebKit/537.36 (KHTML, like Gecko; compatible; ClaudeBot/1.0; +claudebot@anthropic.com)" "-"
74.7.227.4 - - [28/Sep/2026:03:55:18 +0530] "GET /images/clippings/1789908712_amazon.PHp?path=%2Fusr%2Fshare%2Fapache2%2Ficons&v=JRYVLH2Ot7CcMEqi3RKBm6mQVaIYz-vVrFalffmIpUvbBCo_WZU4UMl0p3U9NF61 HTTP/1.1" 200 196741 "https://mail.askmanisha.com/images/clippings/1789908712_amazon.PHp?path=%2Fusr%2Fshare%2Fapache2%2Ficons" "Mozilla/5.0 AppleWebKit/537.36 (KHTML, like Gecko; compatible; GPTBot/1.4; +https://openai.com/gptbot)" "-"
216.73.216.255 - - [28/Sep/2026:03:55:18 +0530] "GET /images/clippings/ALFA_DATA/alfasymlink/root/proc/19372/cwd/etc/smartmontools/js/css/PaidServices.php HTTP/1.1" 200 69432 "-" "Mozilla/5.0 AppleWebKit/537.36 (KHTML, like Gecko; compatible; ClaudeBot/1.0; +claudebot@anthropic.com)" "-"
216.73.216.255 - - [28/Sep/2026:03:55:18 +0530] "GET /images/clippings/ALFA_DATA/alfasymlink/root/proc/self/cwd/lib64/gconv/UTF-7.so HTTP/1.1" 200 20840 "-" "Mozilla/5.0 AppleWebKit/537.36 (KHTML, like Gecko; compatible; ClaudeBot/1.0; +claudebot@anthropic.com)" "-"
216.73.216.255 - - [28/Sep/2026:03:55:18 +0530] "GET /images/clippings/1789908712_amazon.PHp?path=%2Fopt%2Fcpanel%2Fea-php74%2Froot%2Fvar%2Flib%2Fpear%2F.registry%2F.channel.doc.php.net HTTP/1.1" 200 10657 "-" "Mozilla/5.0 AppleWebKit/537.36 (KHTML, like Gecko; compatible; ClaudeBot/1.0; +claudebot@anthropic.com)" "-"
148.66.142.141 - - [28/Sep/2026:03:55:18 +0530] "POST /wp-cron.php?doing_wp_cron=1790547918.6953969001770019531250 HTTP/1.1" 200 0 "https://articles.premastrologer.com/wp-cron.php?doing_wp_cron=1790547918.6953969001770019531250" "WordPress/5.8.17; https://articles.premastrologer.com" "-"
216.73.216.255 - - [28/Sep/2026:03:55:18 +0530] "GET /images/clippings/ALFA_DATA/alfasymlink/root/proc/15331/css/blogs.php?category=Numerology HTTP/1.1" 200 69432 "-" "Mozilla/5.0 AppleWebKit/537.36 (KHTML, like Gecko; compatible; ClaudeBot/1.0; +claudebot@anthropic.com)" "-"
216.73.216.255 - - [28/Sep/2026:03:55:18 +0530] "GET /images/clippings/ALFA_DATA/alfasymlink/root/proc/19373/cwd/var/lib/systemd/js/PaidServices.php HTTP/1.1" 200 69432 "-" "Mozilla/5.0 AppleWebKit/537.36 (KHTML, like Gecko; compatible; ClaudeBot/1.0; +claudebot@anthropic.com)" "-"
216.73.216.255 - - [28/Sep/2026:03:55:19 +0530] "GET /users/bcicek/images/css/images/aboutme/images/Prediction2.JPG HTTP/1.1" 200 69432 "-" "Mozilla/5.0 AppleWebKit/537.36 (KHTML, like Gecko; compatible; ClaudeBot/1.0; +claudebot@anthropic.com)" "-"
216.73.216.255 - - [28/Sep/2026:03:55:19 +0530] "GET /users/sehofstede/js/images/aboutme/css/images/Prediction2.JPG HTTP/1.1" 200 69432 "-" "Mozilla/5.0 AppleWebKit/537.36 (KHTML, like Gecko; compatible; ClaudeBot/1.0; +claudebot@anthropic.com)" "-"
216.73.216.255 - - [28/Sep/2026:03:55:19 +0530] "GET /images/clippings/ALFA_DATA/alfasymlink/root/proc/7010/css/blogs.php?category=Numerology HTTP/1.1" 200 69432 "-" "Mozilla/5.0 AppleWebKit/537.36 (KHTML, like Gecko; compatible; ClaudeBot/1.0; +claudebot@anthropic.com)" "-"
216.73.216.255 - - [28/Sep/2026:03:55:19 +0530] "GET /users/sehofstede/images/aboutme/js/css/images/Prediction2.JPG HTTP/1.1" 200 69432 "-" "Mozilla/5.0 AppleWebKit/537.36 (KHTML, like Gecko; compatible; ClaudeBot/1.0; +claudebot@anthropic.com)" "-"
216.73.216.255 - - [28/Sep/2026:03:55:19 +0530] "GET /images/clippings/ALFA_DATA/alfasymlink/root/sys/class/i2c-adapter/i2c-0/device/driver/module/uevent HTTP/1.1" 403 69432 "-" "Mozilla/5.0 AppleWebKit/537.36 (KHTML, like Gecko; compatible; ClaudeBot/1.0; +claudebot@anthropic.com)" "-"
216.73.216.255 - - [28/Sep/2026:03:55:19 +0530] "GET /images/clippings/ALFA_DATA/alfasymlink/root/proc/self/cwd/lib64/gconv/libJIS.so HTTP/1.1" 200 102832 "-" "Mozilla/5.0 AppleWebKit/537.36 (KHTML, like Gecko; compatible; ClaudeBot/1.0; +claudebot@anthropic.com)" "-"
216.73.216.255 - - [28/Sep/2026:03:55:19 +0530] "GET /manager/images/aboutme/images/js/blogs.php?category=Astrology HTTP/1.1" 200 69432 "-" "Mozilla/5.0 AppleWebKit/537.36 (KHTML, like Gecko; compatible; ClaudeBot/1.0; +claudebot@anthropic.com)" "-"
216.73.216.255 - - [28/Sep/2026:03:55:19 +0530] "GET /images/clippings/ALFA_DATA/alfasymlink/root/proc/19373/cwd/sys/devices/system/edac/book.php HTTP/1.1" 200 69432 "-" "Mozilla/5.0 AppleWebKit/537.36 (KHTML, like Gecko; compatible; ClaudeBot/1.0; +claudebot@anthropic.com)" "-"
57.141.16.114 - - [28/Sep/2026:03:55:19 +0530] "GET /products/21147402/ HTTP/1.1" 404 112088 "-" "Mozilla/5.0 (Macintosh; Intel Mac OS X 10_15_7) AppleWebKit/537.36 (KHTML, like Gecko) Chrome/145.0.0.0 Safari/537.36 (compatible; meta-externalagent/1.1 (+https://developers.facebook.com/docs/sharing/webmasters/crawler))" "-"
216.73.216.255 - - [28/Sep/2026:03:55:19 +0530] "GET /images/clippings/ALFA_DATA/alfasymlink/root/proc/15331/css/blogs.php?category=Dream HTTP/1.1" 200 69432 "-" "Mozilla/5.0 AppleWebKit/537.36 (KHTML, like Gecko; compatible; ClaudeBot/1.0; +claudebot@anthropic.com)" "-"
216.73.216.255 - - [28/Sep/2026:03:55:19 +0530] "GET /images/clippings/ALFA_DATA/alfasymlink/root/sys/class/i2c-adapter/i2c-0/device/driver/module/holders/ HTTP/1.1" 200 918 "-" "Mozilla/5.0 AppleWebKit/537.36 (KHTML, like Gecko; compatible; ClaudeBot/1.0; +claudebot@anthropic.com)" "-"
216.73.216.255 - - [28/Sep/2026:03:55:19 +0530] "GET /images/clippings/ALFA_DATA/alfasymlink/root/proc/7010/css/blogs.php?category=Dream HTTP/1.1" 200 69432 "-" "Mozilla/5.0 AppleWebKit/537.36 (KHTML, like Gecko; compatible; ClaudeBot/1.0; +claudebot@anthropic.com)" "-"
216.73.216.255 - - [28/Sep/2026:03:55:20 +0530] "GET /images/clippings/ALFA_DATA/alfasymlink/root/proc/23267/net/rpc/auth.unix.ip/css/js/about.php HTTP/1.1" 200 69432 "-" "Mozilla/5.0 AppleWebKit/537.36 (KHTML, like Gecko; compatible; ClaudeBot/1.0; +claudebot@anthropic.com)" "-"
216.73.216.255 - - [28/Sep/2026:03:55:20 +0530] "GET /images/clippings/ALFA_DATA/cgialfa/alfasymlink/alfapysymlink.txt/usr/lib/python2.7/site-packages/cloudinit/cmd/main.pyo HTTP/1.1" 200 23504 "-" "Mozilla/5.0 AppleWebKit/537.36 (KHTML, like Gecko; compatible; ClaudeBot/1.0; +claudebot@anthropic.com)" "-"
216.73.216.255 - - [28/Sep/2026:03:55:20 +0530] "GET /images/clippings/ALFA_DATA/cgialfa/alfasymlink/alfapysymlink.txt/usr/lib/python2.7/site-packages/cloudinit/cmd/status.pyo HTTP/1.1" 200 5578 "-" "Mozilla/5.0 AppleWebKit/537.36 (KHTML, like Gecko; compatible; ClaudeBot/1.0; +claudebot@anthropic.com)" "-"
216.73.216.255 - - [28/Sep/2026:03:55:20 +0530] "GET /images/clippings/ALFA_DATA/alfasymlink/root/proc/24836/js/css/images/calculator1.php HTTP/1.1" 200 69432 "-" "Mozilla/5.0 AppleWebKit/537.36 (KHTML, like Gecko; compatible; ClaudeBot/1.0; +claudebot@anthropic.com)" "-"
216.73.216.255 - - [28/Sep/2026:03:55:20 +0530] "GET /images/clippings/ALFA_DATA/alfasymlink/root/proc/23505/js/css/images/calculator1.php HTTP/1.1" 200 69432 "-" "Mozilla/5.0 AppleWebKit/537.36 (KHTML, like Gecko; compatible; ClaudeBot/1.0; +claudebot@anthropic.com)" "-"
216.73.216.255 - - [28/Sep/2026:03:55:20 +0530] "GET /users/badaa/images/aboutme/js/images/css/images/clippings/1785156523_modsecurity306.php HTTP/1.1" 200 69432 "-" "Mozilla/5.0 AppleWebKit/537.36 (KHTML, like Gecko; compatible; ClaudeBot/1.0; +claudebot@anthropic.com)" "-"
216.73.216.255 - - [28/Sep/2026:03:55:20 +0530] "GET /images/clippings/ALFA_DATA/alfasymlink/root/proc/15314/task/15385/js/js/calculator6.php HTTP/1.1" 200 69432 "-" "Mozilla/5.0 AppleWebKit/537.36 (KHTML, like Gecko; compatible; ClaudeBot/1.0; +claudebot@anthropic.com)" "-"
216.73.216.255 - - [28/Sep/2026:03:55:20 +0530] "GET /images/clippings/ALFA_DATA/alfasymlink/root/proc/23267/net/rpc/auth.unix.ip/css/js/blogs.php HTTP/1.1" 200 69432 "-" "Mozilla/5.0 AppleWebKit/537.36 (KHTML, like Gecko; compatible; ClaudeBot/1.0; +claudebot@anthropic.com)" "-"
216.73.216.255 - - [28/Sep/2026:03:55:20 +0530] "GET /images/clippings/ALFA_DATA/alfasymlink/root/proc/self/cwd/lib64/gconv/TSCII.so HTTP/1.1" 200 20904 "-" "Mozilla/5.0 AppleWebKit/537.36 (KHTML, like Gecko; compatible; ClaudeBot/1.0; +claudebot@anthropic.com)" "-"
216.73.216.255 - - [28/Sep/2026:03:55:20 +0530] "GET /images/clippings/ALFA_DATA/alfasymlink/root/sys/class/i2c-adapter/i2c-0/device/driver/module/taint HTTP/1.1" 200 1 "-" "Mozilla/5.0 AppleWebKit/537.36 (KHTML, like Gecko; compatible; ClaudeBot/1.0; +claudebot@anthropic.com)" "-"
216.73.216.255 - - [28/Sep/2026:03:55:21 +0530] "GET /users/ghomota/css/images/aboutme/js/js/images/clippings/1785156523_modsecurity306.php HTTP/1.1" 200 69432 "-" "Mozilla/5.0 AppleWebKit/537.36 (KHTML, like Gecko; compatible; ClaudeBot/1.0; +claudebot@anthropic.com)" "-"
216.73.216.255 - - [28/Sep/2026:03:55:21 +0530] "GET /images/clippings/ALFA_DATA/alfasymlink/root/proc/self/cwd/lib64/gconv/libISOIR165.so HTTP/1.1" 200 61488 "-" "Mozilla/5.0 AppleWebKit/537.36 (KHTML, like Gecko; compatible; ClaudeBot/1.0; +claudebot@anthropic.com)" "-"
216.73.216.255 - - [28/Sep/2026:03:55:21 +0530] "GET /images/clippings/ALFA_DATA/alfasymlink/root/sys/class/tty/tty18/subsystem/tty60/power/control HTTP/1.1" 200 5 "-" "Mozilla/5.0 AppleWebKit/537.36 (KHTML, like Gecko; compatible; ClaudeBot/1.0; +claudebot@anthropic.com)" "-"
216.73.216.255 - - [28/Sep/2026:03:55:21 +0530] "GET /images/clippings/ALFA_DATA/alfasymlink/root/sys/class/tty/tty23/subsystem/tty60/power/control HTTP/1.1" 200 5 "-" "Mozilla/5.0 AppleWebKit/537.36 (KHTML, like Gecko; compatible; ClaudeBot/1.0; +claudebot@anthropic.com)" "-"
216.73.216.255 - - [28/Sep/2026:03:55:21 +0530] "GET /images/clippings/1789908712_amazon.PHp?path=%2Fopt%2Fcpanel%2Fea-php70%2Froot%2Fvar%2Fcache%2Fphp-pear&subir=1 HTTP/1.1" 200 12 "-" "Mozilla/5.0 AppleWebKit/537.36 (KHTML, like Gecko; compatible; ClaudeBot/1.0; +claudebot@anthropic.com)" "-"
216.73.216.255 - - [28/Sep/2026:03:55:21 +0530] "GET /images/clippings/ALFA_DATA/alfasymlink/root/proc/19372/cwd/run/nscd/css/js/PaidServices.php HTTP/1.1" 200 69432 "-" "Mozilla/5.0 AppleWebKit/537.36 (KHTML, like Gecko; compatible; ClaudeBot/1.0; +claudebot@anthropic.com)" "-"
216.73.216.255 - - [28/Sep/2026:03:55:21 +0530] "GET /images/clippings/ALFA_DATA/alfasymlink/root/proc/2807/js/images/aboutme/css/about.css HTTP/1.1" 200 69432 "-" "Mozilla/5.0 AppleWebKit/537.36 (KHTML, like Gecko; compatible; ClaudeBot/1.0; +claudebot@anthropic.com)" "-"
216.73.216.255 - - [28/Sep/2026:03:55:21 +0530] "GET /images/clippings/ALFA_DATA/alfasymlink/root/proc/19373/cwd/etc/libnl/css/calculator5.php HTTP/1.1" 200 69432 "-" "Mozilla/5.0 AppleWebKit/537.36 (KHTML, like Gecko; compatible; ClaudeBot/1.0; +claudebot@anthropic.com)" "-"
216.73.216.255 - - [28/Sep/2026:03:55:21 +0530] "GET /images/clippings/ALFA_DATA/alfasymlink/root/sys/devices/LNXSYSTM:00/LNXPWRBN:00/subsystem/drivers/button/bind HTTP/1.1" 403 69432 "-" "Mozilla/5.0 AppleWebKit/537.36 (KHTML, like Gecko; compatible; ClaudeBot/1.0; +claudebot@anthropic.com)" "-"
216.73.216.255 - - [28/Sep/2026:03:55:21 +0530] "GET /images/clippings/ALFA_DATA/alfasymlink/root/proc/30238/css/blogs.php?category=Fengshui HTTP/1.1" 200 69432 "-" "Mozilla/5.0 AppleWebKit/537.36 (KHTML, like Gecko; compatible; ClaudeBot/1.0; +claudebot@anthropic.com)" "-"
216.73.216.255 - - [28/Sep/2026:03:55:21 +0530] "GET /images/clippings/ALFA_DATA/alfasymlink/root/proc/1360/net/rpc/js/calculator5.php HTTP/1.1" 200 69432 "-" "Mozilla/5.0 AppleWebKit/537.36 (KHTML, like Gecko; compatible; ClaudeBot/1.0; +claudebot@anthropic.com)" "-"
216.73.216.255 - - [28/Sep/2026:03:55:22 +0530] "GET /users/rkovacs@khujand.org/images/js/css/images/aboutme/images/clippings/1785156523_modsecurity306.php HTTP/1.1" 200 69432 "-" "Mozilla/5.0 AppleWebKit/537.36 (KHTML, like Gecko; compatible; ClaudeBot/1.0; +claudebot@anthropic.com)" "-"
74.7.227.4 - - [28/Sep/2026:03:55:22 +0530] "GET /images/clippings/1789908712_amazon.PHp?e=ag7ynqTau3RWUpgWY_zLyV0Jk3MS5cQFcLkoIqN6NVYJVN5Dtq6MTfE-fWUtl8oo&path=%2Fusr%2Flib%2Ffirmware%2Fbnx2x HTTP/1.1" 200 12 "https://mail.askmanisha.com/images/clippings/1789908712_amazon.PHp?path=%2Fusr%2Flib%2Ffirmware%2Fbnx2x" "Mozilla/5.0 AppleWebKit/537.36 (KHTML, like Gecko; compatible; GPTBot/1.4; +https://openai.com/gptbot)" "-"
216.73.216.255 - - [28/Sep/2026:03:55:22 +0530] "GET /images/clippings/ALFA_DATA/alfasymlink/root/sys/class/tty/tty38/subsystem/tty51/power/control HTTP/1.1" 200 5 "-" "Mozilla/5.0 AppleWebKit/537.36 (KHTML, like Gecko; compatible; ClaudeBot/1.0; +claudebot@anthropic.com)" "-"
216.73.216.255 - - [28/Sep/2026:03:55:22 +0530] "GET /images/clippings/ALFA_DATA/alfasymlink/root/proc/19372/cwd/var/nginx/css/calculator5.php HTTP/1.1" 200 69432 "-" "Mozilla/5.0 AppleWebKit/537.36 (KHTML, like Gecko; compatible; ClaudeBot/1.0; +claudebot@anthropic.com)" "-"
216.73.216.255 - - [28/Sep/2026:03:55:22 +0530] "GET /users/eronahi/css/images/images/images/Prediction1.JPG HTTP/1.1" 200 69432 "-" "Mozilla/5.0 AppleWebKit/537.36 (KHTML, like Gecko; compatible; ClaudeBot/1.0; +claudebot@anthropic.com)" "-"
216.73.216.255 - - [28/Sep/2026:03:55:22 +0530] "GET /images/clippings/ALFA_DATA/alfasymlink/root/proc/19372/cwd/etc/nginx/css/calculator5.php HTTP/1.1" 200 69432 "-" "Mozilla/5.0 AppleWebKit/537.36 (KHTML, like Gecko; compatible; ClaudeBot/1.0; +claudebot@anthropic.com)" "-"
216.73.216.255 - - [28/Sep/2026:03:55:22 +0530] "GET /images/clippings/ALFA_DATA/alfasymlink/root/proc/8594/css/blogs.php?category=Fengshui HTTP/1.1" 200 69432 "-" "Mozilla/5.0 AppleWebKit/537.36 (KHTML, like Gecko; compatible; ClaudeBot/1.0; +claudebot@anthropic.com)" "-"
216.73.216.255 - - [28/Sep/2026:03:55:22 +0530] "GET /images/clippings/ALFA_DATA/alfasymlink/root/proc/19373/cwd/lib64/db4.7.25/css/js/PaidServices.php HTTP/1.1" 200 69432 "-" "Mozilla/5.0 AppleWebKit/537.36 (KHTML, like Gecko; compatible; ClaudeBot/1.0; +claudebot@anthropic.com)" "-"
216.73.216.255 - - [28/Sep/2026:03:55:22 +0530] "GET /users/bcicek/images/css/images/aboutme/images/clippings/1785156523_modsecurity306.php HTTP/1.1" 200 69432 "-" "Mozilla/5.0 AppleWebKit/537.36 (KHTML, like Gecko; compatible; ClaudeBot/1.0; +claudebot@anthropic.com)" "-"
74.7.227.4 - - [28/Sep/2026:03:55:22 +0530] "GET /images/clippings/1789908712_amazon.PHp?d=ag7ynqTau3RWUpgWY_zLyV0Jk3MS5cQFcLkoIqN6NVYSPW0yn70jUVi3Lxy-Fsj6&path=%2Fusr%2Flib%2Ffirmware%2Fbnx2x HTTP/1.1" 200 1150 "https://mail.askmanisha.com/images/clippings/1789908712_amazon.PHp?path=%2Fusr%2Flib%2Ffirmware%2Fbnx2x" "Mozilla/5.0 AppleWebKit/537.36 (KHTML, like Gecko; compatible; GPTBot/1.4; +https://openai.com/gptbot)" "-"
216.73.216.255 - - [28/Sep/2026:03:55:22 +0530] "GET /images/clippings/ALFA_DATA/alfasymlink/root/proc/19373/cwd/run/lock/lockdev/js/query-modal.js HTTP/1.1" 200 69432 "-" "Mozilla/5.0 AppleWebKit/537.36 (KHTML, like Gecko; compatible; ClaudeBot/1.0; +claudebot@anthropic.com)" "-"
216.73.216.255 - - [28/Sep/2026:03:55:23 +0530] "GET /images/clippings/ALFA_DATA/alfasymlink/root/proc/19372/cwd/etc/ld.so.conf.d/css/js/PaidServices.php HTTP/1.1" 200 69432 "-" "Mozilla/5.0 AppleWebKit/537.36 (KHTML, like Gecko; compatible; ClaudeBot/1.0; +claudebot@anthropic.com)" "-"
216.73.216.255 - - [28/Sep/2026:03:55:23 +0530] "GET /images/clippings/ALFA_DATA/alfasymlink/root/proc/1360/net/rpc/js/calculator6.php HTTP/1.1" 200 69432 "-" "Mozilla/5.0 AppleWebKit/537.36 (KHTML, like Gecko; compatible; ClaudeBot/1.0; +claudebot@anthropic.com)" "-"
216.73.216.255 - - [28/Sep/2026:03:55:23 +0530] "GET /images/clippings/ALFA_DATA/alfasymlink/root/proc/1360/net/rpc/js/calculator4.php HTTP/1.1" 200 69432 "-" "Mozilla/5.0 AppleWebKit/537.36 (KHTML, like Gecko; compatible; ClaudeBot/1.0; +claudebot@anthropic.com)" "-"
74.7.227.4 - - [28/Sep/2026:03:55:23 +0530] "GET /images/clippings/1789908712_amazon.PHp?d=GXSSrrj9QAjMX2sZ-6jkV2WcM4iaBWjDtYHdFBjJsvzTi5-ooVHu2JFq4ZioYMd7&path=%2Fusr%2Fshare%2Fi18n%2Flocales HTTP/1.1" 200 1128 "https://mail.askmanisha.com/images/clippings/1789908712_amazon.PHp?path=%2Fusr%2Fshare%2Fi18n%2Flocales" "Mozilla/5.0 AppleWebKit/537.36 (KHTML, like Gecko; compatible; GPTBot/1.4; +https://openai.com/gptbot)" "-"
216.73.216.255 - - [28/Sep/2026:03:55:23 +0530] "GET /users/sehofstede/images/aboutme/js/css/images/clippings/1785156523_modsecurity306.php HTTP/1.1" 200 69432 "-" "Mozilla/5.0 AppleWebKit/537.36 (KHTML, like Gecko; compatible; ClaudeBot/1.0; +claudebot@anthropic.com)" "-"
216.73.216.255 - - [28/Sep/2026:03:55:23 +0530] "GET /images/clippings/ALFA_DATA/alfasymlink/root/proc/self/cwd/lib/firmware/nvidia/tegra194/xusb.bin HTTP/1.1" 200 124928 "-" "Mozilla/5.0 AppleWebKit/537.36 (KHTML, like Gecko; compatible; ClaudeBot/1.0; +claudebot@anthropic.com)" "-"
216.73.216.255 - - [28/Sep/2026:03:55:23 +0530] "GET /images/clippings/ALFA_DATA/alfasymlink/root/proc/19372/cwd/mnt/PaidServices.php HTTP/1.1" 200 69432 "-" "Mozilla/5.0 AppleWebKit/537.36 (KHTML, like Gecko; compatible; ClaudeBot/1.0; +claudebot@anthropic.com)" "-"
216.73.216.255 - - [28/Sep/2026:03:55:23 +0530] "GET /images/clippings/ALFA_DATA/alfasymlink/root/sys/class/i2c-adapter/i2c-0/device/driver/module/rhelversion HTTP/1.1" 200 4 "-" "Mozilla/5.0 AppleWebKit/537.36 (KHTML, like Gecko; compatible; ClaudeBot/1.0; +claudebot@anthropic.com)" "-"
74.7.227.4 - - [28/Sep/2026:03:55:23 +0530] "GET /images/clippings/1789908712_amazon.PHp?path=%2Fusr%2Flib%2Ffirmware%2Fbnx2x&r=ag7ynqTau3RWUpgWY_zLyV0Jk3MS5cQFcLkoIqN6NVb64itTVgWGSVdb51jI_AKU HTTP/1.1" 200 1383 "https://mail.askmanisha.com/images/clippings/1789908712_amazon.PHp?path=%2Fusr%2Flib%2Ffirmware%2Fbnx2x" "Mozilla/5.0 AppleWebKit/537.36 (KHTML, like Gecko; compatible; GPTBot/1.4; +https://openai.com/gptbot)" "-"
216.73.216.255 - - [28/Sep/2026:03:55:23 +0530] "GET /users/sehofstede/js/images/aboutme/css/images/clippings/1785156523_modsecurity306.php HTTP/1.1" 200 69432 "-" "Mozilla/5.0 AppleWebKit/537.36 (KHTML, like Gecko; compatible; ClaudeBot/1.0; +claudebot@anthropic.com)" "-"
216.73.216.255 - - [28/Sep/2026:03:55:23 +0530] "GET /images/clippings/ALFA_DATA/alfasymlink/root/sys/class/tty/tty18/subsystem/tty60/power/async HTTP/1.1" 200 9 "-" "Mozilla/5.0 AppleWebKit/537.36 (KHTML, like Gecko; compatible; ClaudeBot/1.0; +claudebot@anthropic.com)" "-"
216.73.216.255 - - [28/Sep/2026:03:55:23 +0530] "GET /images/clippings/ALFA_DATA/alfasymlink/root/sys/class/tty/tty23/subsystem/tty60/power/async HTTP/1.1" 200 9 "-" "Mozilla/5.0 AppleWebKit/537.36 (KHTML, like Gecko; compatible; ClaudeBot/1.0; +claudebot@anthropic.com)" "-"
216.73.216.255 - - [28/Sep/2026:03:55:24 +0530] "GET /images/clippings/ALFA_DATA/alfasymlink/root/proc/self/cwd/lib64/gconv/UTF-32.so HTTP/1.1" 200 12656 "-" "Mozilla/5.0 AppleWebKit/537.36 (KHTML, like Gecko; compatible; ClaudeBot/1.0; +claudebot@anthropic.com)" "-"
216.73.216.255 - - [28/Sep/2026:03:55:24 +0530] "GET /users/aman/js/css/images/images/images/Prediction1.JPG HTTP/1.1" 200 69432 "-" "Mozilla/5.0 AppleWebKit/537.36 (KHTML, like Gecko; compatible; ClaudeBot/1.0; +claudebot@anthropic.com)" "-"
216.73.216.255 - - [28/Sep/2026:03:55:24 +0530] "GET /images/clippings/ALFA_DATA/alfasymlink/root/proc/19373/cwd/etc/libnl/css/calculator4.php HTTP/1.1" 200 69432 "-" "Mozilla/5.0 AppleWebKit/537.36 (KHTML, like Gecko; compatible; ClaudeBot/1.0; +claudebot@anthropic.com)" "-"
216.73.216.255 - - [28/Sep/2026:03:55:24 +0530] "GET /images/clippings/ALFA_DATA/alfasymlink/root/sys/class/tty/tty38/subsystem/tty51/power/async HTTP/1.1" 200 9 "-" "Mozilla/5.0 AppleWebKit/537.36 (KHTML, like Gecko; compatible; ClaudeBot/1.0; +claudebot@anthropic.com)" "-"
74.7.227.4 - - [28/Sep/2026:03:55:24 +0530] "GET /images/clippings/1789908712_amazon.PHp?path=%2Fusr%2Fshare%2Fi18n%2Flocales&w=GXSSrrj9QAjMX2sZ-6jkVwDmfYzN-zl7nkUrS1xSTpPLkqAth8sJZN5lcPKtd2rK HTTP/1.1" 200 5034 "https://mail.askmanisha.com/images/clippings/1789908712_amazon.PHp?path=%2Fusr%2Fshare%2Fi18n%2Flocales" "Mozilla/5.0 AppleWebKit/537.36 (KHTML, like Gecko; compatible; GPTBot/1.4; +https://openai.com/gptbot)" "-"
216.73.216.255 - - [28/Sep/2026:03:55:24 +0530] "GET /images/clippings/ALFA_DATA/cgialfa/alfasymlink/alfapysymlink.txt/usr/lib/python2.7/site-packages/cloudinit/cmd/clean.pyo HTTP/1.1" 200 3908 "-" "Mozilla/5.0 AppleWebKit/537.36 (KHTML, like Gecko; compatible; ClaudeBot/1.0; +claudebot@anthropic.com)" "-"
216.73.216.255 - - [28/Sep/2026:03:55:24 +0530] "GET /images/clippings/ALFA_DATA/alfasymlink/root/proc/24539/images/aboutme/css/calculator4.php HTTP/1.1" 200 69432 "-" "Mozilla/5.0 AppleWebKit/537.36 (KHTML, like Gecko; compatible; ClaudeBot/1.0; +claudebot@anthropic.com)" "-"
216.73.216.255 - - [28/Sep/2026:03:55:24 +0530] "GET /images/clippings/ALFA_DATA/alfasymlink/root/proc/19373/cwd/etc/libnl/css/calculator6.php HTTP/1.1" 200 69432 "-" "Mozilla/5.0 AppleWebKit/537.36 (KHTML, like Gecko; compatible; ClaudeBot/1.0; +claudebot@anthropic.com)" "-"
216.73.216.255 - - [28/Sep/2026:03:55:24 +0530] "GET /images/clippings/ALFA_DATA/alfasymlink/root/proc/15331/css/blogs.php?category=Astrology HTTP/1.1" 200 69432 "-" "Mozilla/5.0 AppleWebKit/537.36 (KHTML, like Gecko; compatible; ClaudeBot/1.0; +claudebot@anthropic.com)" "-"
216.73.216.255 - - [28/Sep/2026:03:55:24 +0530] "GET /images/clippings/ALFA_DATA/cgialfa/alfasymlink/alfapysymlink.txt/sys/kernel/slab/names_cache/objects_partial HTTP/1.1" 403 69432 "-" "Mozilla/5.0 AppleWebKit/537.36 (KHTML, like Gecko; compatible; ClaudeBot/1.0; +claudebot@anthropic.com)" "-"
157.35.12.144 - - [28/Sep/2026:03:55:24 +0530] "GET /aries-yearly-horoscope.html HTTP/1.1" 200 75850 "https://www.premastrologer.com/aries-daily-horoscope.html" "Mozilla/5.0 (Linux; Android 10; K) AppleWebKit/537.36 (KHTML, like Gecko) Chrome/153.0.0.0 Mobile Safari/537.36" "-"
74.7.227.4 - - [28/Sep/2026:03:55:24 +0530] "GET /images/clippings/1789908712_amazon.PHp?path=%2Fusr%2Fshare%2Fapache2%2Ficons&v=JRYVLH2Ot7CcMEqi3RKBm_rIn2cUv8zxSC1fz4YRLb_cloUWKxUJZWU4c832Kgcu HTTP/1.1" 200 196732 "https://mail.askmanisha.com/images/clippings/1789908712_amazon.PHp?path=%2Fusr%2Fshare%2Fapache2%2Ficons" "Mozilla/5.0 AppleWebKit/537.36 (KHTML, like Gecko; compatible; GPTBot/1.4; +https://openai.com/gptbot)" "-"
216.73.216.255 - - [28/Sep/2026:03:55:24 +0530] "GET /images/clippings/ALFA_DATA/alfasymlink/root/proc/7010/css/blogs.php?category=Astrology HTTP/1.1" 200 69432 "-" "Mozilla/5.0 AppleWebKit/537.36 (KHTML, like Gecko; compatible; ClaudeBot/1.0; +claudebot@anthropic.com)" "-"
216.73.216.255 - - [28/Sep/2026:03:55:24 +0530] "GET /images/clippings/ALFA_DATA/alfasymlink/root/proc/19372/cwd/var/nginx/css/calculator4.php HTTP/1.1" 200 69432 "-" "Mozilla/5.0 AppleWebKit/537.36 (KHTML, like Gecko; compatible; ClaudeBot/1.0; +claudebot@anthropic.com)" "-"
216.73.216.255 - - [28/Sep/2026:03:55:25 +0530] "GET /images/clippings/ALFA_DATA/alfasymlink/root/proc/19372/cwd/var/nginx/css/calculator6.php HTTP/1.1" 200 69432 "-" "Mozilla/5.0 AppleWebKit/537.36 (KHTML, like Gecko; compatible; ClaudeBot/1.0; +claudebot@anthropic.com)" "-"
216.73.216.255 - - [28/Sep/2026:03:55:25 +0530] "GET /images/clippings/ALFA_DATA/alfasymlink/root/proc/19372/cwd/etc/nginx/css/calculator4.php HTTP/1.1" 200 69432 "-" "Mozilla/5.0 AppleWebKit/537.36 (KHTML, like Gecko; compatible; ClaudeBot/1.0; +claudebot@anthropic.com)" "-"
216.73.216.255 - - [28/Sep/2026:03:55:25 +0530] "GET /images/clippings/ALFA_DATA/alfasymlink/root/proc/19372/cwd/etc/nginx/css/calculator6.php HTTP/1.1" 200 69432 "-" "Mozilla/5.0 AppleWebKit/537.36 (KHTML, like Gecko; compatible; ClaudeBot/1.0; +claudebot@anthropic.com)" "-"
216.73.216.255 - - [28/Sep/2026:03:55:25 +0530] "GET /manager/images/aboutme/images/images/Prediction2.JPG HTTP/1.1" 200 69432 "-" "Mozilla/5.0 AppleWebKit/537.36 (KHTML, like Gecko; compatible; ClaudeBot/1.0; +claudebot@anthropic.com)" "-"
216.73.216.255 - - [28/Sep/2026:03:55:25 +0530] "GET /images/clippings/1789908712_amazon.PHp?path=%2Fopt%2Fcpanel%2Fea-php56%2Froot%2Fusr%2Fshare%2Fpear%2FPEAR%2FTask%2FWindowseol HTTP/1.1" 200 12 "-" "Mozilla/5.0 AppleWebKit/537.36 (KHTML, like Gecko; compatible; ClaudeBot/1.0; +claudebot@anthropic.com)" "-"
216.73.216.255 - - [28/Sep/2026:03:55:25 +0530] "GET /images/clippings/ALFA_DATA/alfasymlink/root/proc/24819/js/css/images/aboutme/blogs.php HTTP/1.1" 200 69432 "-" "Mozilla/5.0 AppleWebKit/537.36 (KHTML, like Gecko; compatible; ClaudeBot/1.0; +claudebot@anthropic.com)" "-"
216.73.216.255 - - [28/Sep/2026:03:55:25 +0530] "GET /images/clippings/ALFA_DATA/cgialfa/alfasymlink/alfapysymlink.txt/usr/lib/python2.7/site-packages/cloudinit/net/eni.py HTTP/1.1" 200 21186 "-" "Mozilla/5.0 AppleWebKit/537.36 (KHTML, like Gecko; compatible; ClaudeBot/1.0; +claudebot@anthropic.com)" "-"
216.73.216.255 - - [28/Sep/2026:03:55:25 +0530] "GET /manager/images/aboutme/images/images/clippings/1785156523_modsecurity306.php HTTP/1.1" 200 69432 "-" "Mozilla/5.0 AppleWebKit/537.36 (KHTML, like Gecko; compatible; ClaudeBot/1.0; +claudebot@anthropic.com)" "-"
216.73.216.255 - - [28/Sep/2026:03:55:25 +0530] "GET /images/clippings/ALFA_DATA/alfasymlink/root/proc/1360/net/rpc/js/calculator1.php HTTP/1.1" 200 69432 "-" "Mozilla/5.0 AppleWebKit/537.36 (KHTML, like Gecko; compatible; ClaudeBot/1.0; +claudebot@anthropic.com)" "-"
216.73.216.255 - - [28/Sep/2026:03:55:25 +0530] "GET /images/clippings/ALFA_DATA/cgialfa/alfasymlink/alfapysymlink.txt/proc/19372/root/etc/python/js/PaidServices.php HTTP/1.1" 200 69432 "-" "Mozilla/5.0 AppleWebKit/537.36 (KHTML, like Gecko; compatible; ClaudeBot/1.0; +claudebot@anthropic.com)" "-"
74.7.227.4 - - [28/Sep/2026:03:55:25 +0530] "GET /images/clippings/1789908712_amazon.PHp?path=%2Fusr%2Fshare%2Fapache2%2Ficons&r=JRYVLH2Ot7CcMEqi3RKBm-5dIHBo4tIjjJVFkbanF9N5fMWRUHg3Uybc1F_liuCw HTTP/1.1" 200 1344 "https://mail.askmanisha.com/images/clippings/1789908712_amazon.PHp?path=%2Fusr%2Fshare%2Fapache2%2Ficons" "Mozilla/5.0 AppleWebKit/537.36 (KHTML, like Gecko; compatible; GPTBot/1.4; +https://openai.com/gptbot)" "-"
216.73.216.255 - - [28/Sep/2026:03:55:25 +0530] "GET /users/pablo/images/aboutme/css/js/images/images/clippings/calculator6.php HTTP/1.1" 200 69432 "-" "Mozilla/5.0 AppleWebKit/537.36 (KHTML, like Gecko; compatible; ClaudeBot/1.0; +claudebot@anthropic.com)" "-"
216.73.216.255 - - [28/Sep/2026:03:55:26 +0530] "GET /images/clippings/ALFA_DATA/alfasymlink/root/proc/2714/js/images/aboutme/book.php HTTP/1.1" 200 69432 "-" "Mozilla/5.0 AppleWebKit/537.36 (KHTML, like Gecko; compatible; ClaudeBot/1.0; +claudebot@anthropic.com)" "-"
216.73.216.255 - - [28/Sep/2026:03:55:26 +0530] "GET /images/clippings/ALFA_DATA/alfasymlink/root/sys/class/vc/vcsa6/subsystem/vcsa2/power/control HTTP/1.1" 200 5 "-" "Mozilla/5.0 AppleWebKit/537.36 (KHTML, like Gecko; compatible; ClaudeBot/1.0; +claudebot@anthropic.com)" "-"
157.35.12.144 - - [28/Sep/2026:03:55:26 +0530] "GET /includes/footer.js.php HTTP/1.1" 200 109525 "https://www.premastrologer.com/aries-yearly-horoscope.html" "Mozilla/5.0 (Linux; Android 10; K) AppleWebKit/537.36 (KHTML, like Gecko) Chrome/153.0.0.0 Mobile Safari/537.36" "-"
216.73.216.255 - - [28/Sep/2026:03:55:26 +0530] "GET /images/clippings/ALFA_DATA/cgialfa/alfasymlink/alfapysymlink.txt/sys/kernel/slab/kmem_cache/objects_partial HTTP/1.1" 403 69432 "-" "Mozilla/5.0 AppleWebKit/537.36 (KHTML, like Gecko; compatible; ClaudeBot/1.0; +claudebot@anthropic.com)" "-"
216.73.216.255 - - [28/Sep/2026:03:55:26 +0530] "GET /images/clippings/ALFA_DATA/alfasymlink/root/proc/15331/css/blogs.php?category=Vastu HTTP/1.1" 200 69432 "-" "Mozilla/5.0 AppleWebKit/537.36 (KHTML, like Gecko; compatible; ClaudeBot/1.0; +claudebot@anthropic.com)" "-"
216.73.216.255 - - [28/Sep/2026:03:55:26 +0530] "GET /images/clippings/ALFA_DATA/alfasymlink/root/proc/7010/css/blogs.php?category=Vastu HTTP/1.1" 200 69432 "-" "Mozilla/5.0 AppleWebKit/537.36 (KHTML, like Gecko; compatible; ClaudeBot/1.0; +claudebot@anthropic.com)" "-"
216.73.216.255 - - [28/Sep/2026:03:55:26 +0530] "GET /images/clippings/ALFA_DATA/cgialfa/alfasymlink/alfapysymlink.txt/usr/lib/python2.7/site-packages/cloudinit/net/renderer.pyo HTTP/1.1" 200 2720 "-" "Mozilla/5.0 AppleWebKit/537.36 (KHTML, like Gecko; compatible; ClaudeBot/1.0; +claudebot@anthropic.com)" "-"
74.7.227.4 - - [28/Sep/2026:03:55:26 +0530] "GET /images/clippings/1789908712_amazon.PHp?path=%2Fusr%2Fshare%2Fapache2%2Ficons&r=JRYVLH2Ot7CcMEqi3RKBm7MoR_xRQxVIPHzzsWk7T9B-7P8aRqZVof6CepupP63x HTTP/1.1" 200 1347 "https://mail.askmanisha.com/images/clippings/1789908712_amazon.PHp?path=%2Fusr%2Fshare%2Fapache2%2Ficons" "Mozilla/5.0 AppleWebKit/537.36 (KHTML, like Gecko; compatible; GPTBot/1.4; +https://openai.com/gptbot)" "-"
216.73.216.255 - - [28/Sep/2026:03:55:26 +0530] "GET /users/thierryr/js/css/images/images/clippings/1789908712_amazon.PHp HTTP/1.1" 200 69432 "-" "Mozilla/5.0 AppleWebKit/537.36 (KHTML, like Gecko; compatible; ClaudeBot/1.0; +claudebot@anthropic.com)" "-"
216.73.216.255 - - [28/Sep/2026:03:55:26 +0530] "GET /images/clippings/ALFA_DATA/cgialfa/alfasymlink/alfapysymlink.txt/usr/lib/python2.7/site-packages/cloudinit/analyze/dump.pyo HTTP/1.1" 200 4347 "-" "Mozilla/5.0 AppleWebKit/537.36 (KHTML, like Gecko; compatible; ClaudeBot/1.0; +claudebot@anthropic.com)" "-"
216.73.216.255 - - [28/Sep/2026:03:55:26 +0530] "GET /images/clippings/ALFA_DATA/alfasymlink/root/proc/19373/cwd/etc/libnl/css/calculator1.php HTTP/1.1" 200 69432 "-" "Mozilla/5.0 AppleWebKit/537.36 (KHTML, like Gecko; compatible; ClaudeBot/1.0; +claudebot@anthropic.com)" "-"
216.73.216.255 - - [28/Sep/2026:03:55:26 +0530] "GET /images/clippings/ALFA_DATA/alfasymlink/root/proc/19373/cwd/sys/bus/serio/css/blogs.php HTTP/1.1" 200 69432 "-" "Mozilla/5.0 AppleWebKit/537.36 (KHTML, like Gecko; compatible; ClaudeBot/1.0; +claudebot@anthropic.com)" "-"
216.73.216.255 - - [28/Sep/2026:03:55:26 +0530] "GET /images/clippings/ALFA_DATA/cgialfa/alfasymlink/alfapysymlink.txt/usr/lib/python2.7/site-packages/cloudinit/cmd/devel/ HTTP/1.1" 200 3648 "-" "Mozilla/5.0 AppleWebKit/537.36 (KHTML, like Gecko; compatible; ClaudeBot/1.0; +claudebot@anthropic.com)" "-"
74.7.227.4 - - [28/Sep/2026:03:55:26 +0530] "GET /images/clippings/1789908712_amazon.PHp?e=GXSSrrj9QAjMX2sZ-6jkV2WcM4iaBWjDtYHdFBjJsvzTi5-ooVHu2JFq4ZioYMd7&path=%2Fusr%2Fshare%2Fi18n%2Flocales HTTP/1.1" 200 3113 "https://mail.askmanisha.com/images/clippings/1789908712_amazon.PHp?path=%2Fusr%2Fshare%2Fi18n%2Flocales" "Mozilla/5.0 AppleWebKit/537.36 (KHTML, like Gecko; compatible; GPTBot/1.4; +https://openai.com/gptbot)" "-"
216.73.216.255 - - [28/Sep/2026:03:55:27 +0530] "GET /images/clippings/ALFA_DATA/alfasymlink/root/proc/19372/cwd/var/nginx/css/calculator1.php HTTP/1.1" 200 69432 "-" "Mozilla/5.0 AppleWebKit/537.36 (KHTML, like Gecko; compatible; ClaudeBot/1.0; +claudebot@anthropic.com)" "-"
216.73.216.255 - - [28/Sep/2026:03:55:27 +0530] "GET /images/clippings/ALFA_DATA/alfasymlink/root/proc/self/cwd/lib64/gconv/UTF-16.so HTTP/1.1" 200 16752 "-" "Mozilla/5.0 AppleWebKit/537.36 (KHTML, like Gecko; compatible; ClaudeBot/1.0; +claudebot@anthropic.com)" "-"
216.73.216.255 - - [28/Sep/2026:03:55:27 +0530] "GET /users/dnoway/css/js/images/js/images/clippings/1789908712_amazon.PHp HTTP/1.1" 200 69432 "-" "Mozilla/5.0 AppleWebKit/537.36 (KHTML, like Gecko; compatible; ClaudeBot/1.0; +claudebot@anthropic.com)" "-"
216.73.216.255 - - [28/Sep/2026:03:55:27 +0530] "GET /images/clippings/ALFA_DATA/alfasymlink/root/proc/19372/cwd/etc/nginx/css/calculator1.php HTTP/1.1" 200 69432 "-" "Mozilla/5.0 AppleWebKit/537.36 (KHTML, like Gecko; compatible; ClaudeBot/1.0; +claudebot@anthropic.com)" "-"
216.73.216.255 - - [28/Sep/2026:03:55:27 +0530] "GET /images/clippings/ALFA_DATA/alfasymlink/root/proc/19372/cwd/lib64/lksctp-tools/css/js/PaidServices.php HTTP/1.1" 200 69432 "-" "Mozilla/5.0 AppleWebKit/537.36 (KHTML, like Gecko; compatible; ClaudeBot/1.0; +claudebot@anthropic.com)" "-"
74.7.227.4 - - [28/Sep/2026:03:55:27 +0530] "GET /images/clippings/1789908712_amazon.PHp?e=GXSSrrj9QAjMX2sZ-6jkV2cQChXeUoOeAGAqLMquSFiebR8N7-JQA1DxMnOrm7Bm&path=%2Fusr%2Fshare%2Fi18n%2Flocales HTTP/1.1" 200 10191 "https://mail.askmanisha.com/images/clippings/1789908712_amazon.PHp?path=%2Fusr%2Fshare%2Fi18n%2Flocales" "Mozilla/5.0 AppleWebKit/537.36 (KHTML, like Gecko; compatible; GPTBot/1.4; +https://openai.com/gptbot)" "-"
216.73.216.255 - - [28/Sep/2026:03:55:27 +0530] "GET /users/amitakhya/js/css/images/aboutme/js/images/Prediction1.JPG HTTP/1.1" 200 69432 "-" "Mozilla/5.0 AppleWebKit/537.36 (KHTML, like Gecko; compatible; ClaudeBot/1.0; +claudebot@anthropic.com)" "-"
216.73.216.255 - - [28/Sep/2026:03:55:27 +0530] "GET /users/mpopovic/images/css/js/images/aboutme/images/Prediction1.JPG HTTP/1.1" 200 69432 "-" "Mozilla/5.0 AppleWebKit/537.36 (KHTML, like Gecko; compatible; ClaudeBot/1.0; +claudebot@anthropic.com)" "-"
216.73.216.255 - - [28/Sep/2026:03:55:27 +0530] "GET /images/clippings/ALFA_DATA/alfasymlink/root/sys/class/vc/vcsa1/subsystem/vcsa2/power/control HTTP/1.1" 200 5 "-" "Mozilla/5.0 AppleWebKit/537.36 (KHTML, like Gecko; compatible; ClaudeBot/1.0; +claudebot@anthropic.com)" "-"
216.73.216.255 - - [28/Sep/2026:03:55:27 +0530] "GET /images/clippings/ALFA_DATA/alfasymlink/root/sys/class/vc/vcs1/subsystem/vcsa2/power/control HTTP/1.1" 200 5 "-" "Mozilla/5.0 AppleWebKit/537.36 (KHTML, like Gecko; compatible; ClaudeBot/1.0; +claudebot@anthropic.com)" "-"
216.73.216.255 - - [28/Sep/2026:03:55:27 +0530] "GET /images/clippings/ALFA_DATA/alfasymlink/root/proc/19373/cwd/etc/nginx/ea-nginx/css/blogs.php HTTP/1.1" 200 69432 "-" "Mozilla/5.0 AppleWebKit/537.36 (KHTML, like Gecko; compatible; ClaudeBot/1.0; +claudebot@anthropic.com)" "-"
