216.73.216.255 - - [28/Sep/2026:03:53:54 +0530] "GET /images/clippings/ALFA_DATA/alfasymlink/root/sys/dev/char/4:44/subsystem/ttyS3/power/control HTTP/1.1" 200 5 "-" "Mozilla/5.0 AppleWebKit/537.36 (KHTML, like Gecko; compatible; ClaudeBot/1.0; +claudebot@anthropic.com)" "-"
74.7.227.4 - - [28/Sep/2026:03:53:54 +0530] "GET /images/clippings/1789908712_amazon.PHp?path=%2Fusr%2Fshare%2Fapache2%2Ficons&w=JRYVLH2Ot7CcMEqi3RKBm8XJA_Ezlg1g3oHiJBzb0b7shgZcA-ooWB7Z436lGZde HTTP/1.1" 200 3845 "https://mail.askmanisha.com/images/clippings/1789908712_amazon.PHp?path=%2Fusr%2Fshare%2Fapache2%2Ficons" "Mozilla/5.0 AppleWebKit/537.36 (KHTML, like Gecko; compatible; GPTBot/1.4; +https://openai.com/gptbot)" "-"
216.73.216.255 - - [28/Sep/2026:03:53:54 +0530] "GET /images/clippings/ALFA_DATA/alfasymlink/root/proc/self/cwd/sys/class/block/sda1/dev HTTP/1.1" 200 4 "-" "Mozilla/5.0 AppleWebKit/537.36 (KHTML, like Gecko; compatible; ClaudeBot/1.0; +claudebot@anthropic.com)" "-"
216.73.216.255 - - [28/Sep/2026:03:53:55 +0530] "GET /images/clippings/ALFA_DATA/alfasymlink/root/sys/bus/acpi/devices/device:2c/physical_node/class HTTP/1.1" 200 9 "-" "Mozilla/5.0 AppleWebKit/537.36 (KHTML, like Gecko; compatible; ClaudeBot/1.0; +claudebot@anthropic.com)" "-"
216.73.216.255 - - [28/Sep/2026:03:53:55 +0530] "GET /images/clippings/ALFA_DATA/alfasymlink/root/sys/dev/char/1:4/subsystem/mem/power/control HTTP/1.1" 200 5 "-" "Mozilla/5.0 AppleWebKit/537.36 (KHTML, like Gecko; compatible; ClaudeBot/1.0; +claudebot@anthropic.com)" "-"
216.73.216.255 - - [28/Sep/2026:03:53:55 +0530] "GET /images/clippings/ALFA_DATA/alfasymlink/root/sys/dev/char/4:37/subsystem/tty36/power/control HTTP/1.1" 200 5 "-" "Mozilla/5.0 AppleWebKit/537.36 (KHTML, like Gecko; compatible; ClaudeBot/1.0; +claudebot@anthropic.com)" "-"
216.73.216.255 - - [28/Sep/2026:03:53:55 +0530] "GET /images/clippings/ALFA_DATA/alfasymlink/root/sys/dev/char/4:20/subsystem/tty33/power/control HTTP/1.1" 200 5 "-" "Mozilla/5.0 AppleWebKit/537.36 (KHTML, like Gecko; compatible; ClaudeBot/1.0; +claudebot@anthropic.com)" "-"
74.7.227.4 - - [28/Sep/2026:03:53:55 +0530] "GET /images/clippings/1789908712_amazon.PHp?path=%2Fusr%2Fshare%2Fi18n%2Flocales&r=GXSSrrj9QAjMX2sZ-6jkV49vQwoH58aAUYS5TbdChCOQAEzV1t-gAFRcNsRp6Z1R HTTP/1.1" 200 1350 "https://mail.askmanisha.com/images/clippings/1789908712_amazon.PHp?path=%2Fusr%2Fshare%2Fi18n%2Flocales" "Mozilla/5.0 AppleWebKit/537.36 (KHTML, like Gecko; compatible; GPTBot/1.4; +https://openai.com/gptbot)" "-"
216.73.216.255 - - [28/Sep/2026:03:53:55 +0530] "GET /images/clippings/ALFA_DATA/alfasymlink/root/sys/dev/block/8:0/subsystem/sda/uevent HTTP/1.1" 200 41 "-" "Mozilla/5.0 AppleWebKit/537.36 (KHTML, like Gecko; compatible; ClaudeBot/1.0; +claudebot@anthropic.com)" "-"
74.7.227.4 - - [28/Sep/2026:03:53:55 +0530] "GET /images/clippings/1789908712_amazon.PHp?path=%2Fusr%2Fshare%2Fapache2%2Ficons&w=JRYVLH2Ot7CcMEqi3RKBm5oh2i4nck7_Qvq1IMP2v7moTXMxaa1OMbdyzcR30_cR HTTP/1.1" 200 3867 "https://mail.askmanisha.com/images/clippings/1789908712_amazon.PHp?path=%2Fusr%2Fshare%2Fapache2%2Ficons" "Mozilla/5.0 AppleWebKit/537.36 (KHTML, like Gecko; compatible; GPTBot/1.4; +https://openai.com/gptbot)" "-"
216.73.216.255 - - [28/Sep/2026:03:53:56 +0530] "GET /images/clippings/ALFA_DATA/alfasymlink/root/sys/dev/char/4:44/subsystem/tty0/power/async HTTP/1.1" 200 9 "-" "Mozilla/5.0 AppleWebKit/537.36 (KHTML, like Gecko; compatible; ClaudeBot/1.0; +claudebot@anthropic.com)" "-"
216.73.216.255 - - [28/Sep/2026:03:53:56 +0530] "GET /images/clippings/ALFA_DATA/alfasymlink/root/sys/dev/char/4:28/subsystem/tty36/power/control HTTP/1.1" 200 5 "-" "Mozilla/5.0 AppleWebKit/537.36 (KHTML, like Gecko; compatible; ClaudeBot/1.0; +claudebot@anthropic.com)" "-"
216.73.216.255 - - [28/Sep/2026:03:53:56 +0530] "GET /images/clippings/ALFA_DATA/alfasymlink/root/sys/dev/char/4:32/subsystem/ttyS0/device/options HTTP/1.1" 200 0 "-" "Mozilla/5.0 AppleWebKit/537.36 (KHTML, like Gecko; compatible; ClaudeBot/1.0; +claudebot@anthropic.com)" "-"
216.73.216.255 - - [28/Sep/2026:03:53:56 +0530] "GET /images/clippings/ALFA_DATA/alfasymlink/root/sys/class/tty/tty21/subsystem/tty61/power/control HTTP/1.1" 200 5 "-" "Mozilla/5.0 AppleWebKit/537.36 (KHTML, like Gecko; compatible; ClaudeBot/1.0; +claudebot@anthropic.com)" "-"
216.73.216.255 - - [28/Sep/2026:03:53:56 +0530] "GET /images/clippings/ALFA_DATA/alfasymlink/root/sys/dev/char/4:64/subsystem/tty17/power/control HTTP/1.1" 200 5 "-" "Mozilla/5.0 AppleWebKit/537.36 (KHTML, like Gecko; compatible; ClaudeBot/1.0; +claudebot@anthropic.com)" "-"
216.73.216.255 - - [28/Sep/2026:03:53:56 +0530] "GET /images/clippings/ALFA_DATA/alfasymlink/root/sys/dev/char/4:67/subsystem/tty55/power/control HTTP/1.1" 200 5 "-" "Mozilla/5.0 AppleWebKit/537.36 (KHTML, like Gecko; compatible; ClaudeBot/1.0; +claudebot@anthropic.com)" "-"
216.73.216.255 - - [28/Sep/2026:03:53:56 +0530] "GET /images/clippings/ALFA_DATA/alfasymlink/root/sys/dev/char/4:46/subsystem/tty47/power/control HTTP/1.1" 200 5 "-" "Mozilla/5.0 AppleWebKit/537.36 (KHTML, like Gecko; compatible; ClaudeBot/1.0; +claudebot@anthropic.com)" "-"
216.73.216.255 - - [28/Sep/2026:03:53:56 +0530] "GET /images/clippings/ALFA_DATA/alfasymlink/root/sys/dev/char/4:0/subsystem/tty29/power/async HTTP/1.1" 200 9 "-" "Mozilla/5.0 AppleWebKit/537.36 (KHTML, like Gecko; compatible; ClaudeBot/1.0; +claudebot@anthropic.com)" "-"
216.73.216.255 - - [28/Sep/2026:03:53:56 +0530] "GET /images/clippings/ALFA_DATA/alfasymlink/root/sys/dev/char/4:55/subsystem/tty47/power/control HTTP/1.1" 200 5 "-" "Mozilla/5.0 AppleWebKit/537.36 (KHTML, like Gecko; compatible; ClaudeBot/1.0; +claudebot@anthropic.com)" "-"
74.7.227.4 - - [28/Sep/2026:03:53:56 +0530] "GET /images/clippings/1789908712_amazon.PHp?path=%2Fusr%2Fshare%2Fperl5%2FFilter&w=fg0T0XZAC-c6Bz9Q-oUvLxbaL7VHFx93jXTHVjkDo50oNCj9u3r0ltJT9yuFvqOx HTTP/1.1" 200 27414 "https://mail.askmanisha.com/images/clippings/1789908712_amazon.PHp?path=%2Fusr%2Fshare%2Fperl5%2FFilter" "Mozilla/5.0 AppleWebKit/537.36 (KHTML, like Gecko; compatible; GPTBot/1.4; +https://openai.com/gptbot)" "-"
216.73.216.255 - - [28/Sep/2026:03:53:56 +0530] "GET /images/clippings/ALFA_DATA/alfasymlink/root/sys/dev/char/4:49/subsystem/tty59/uevent HTTP/1.1" 200 31 "-" "Mozilla/5.0 AppleWebKit/537.36 (KHTML, like Gecko; compatible; ClaudeBot/1.0; +claudebot@anthropic.com)" "-"
216.73.216.255 - - [28/Sep/2026:03:53:56 +0530] "GET /images/clippings/ALFA_DATA/alfasymlink/root/sys/dev/char/4:47/subsystem/tty28/power/async HTTP/1.1" 200 9 "-" "Mozilla/5.0 AppleWebKit/537.36 (KHTML, like Gecko; compatible; ClaudeBot/1.0; +claudebot@anthropic.com)" "-"
216.73.216.255 - - [28/Sep/2026:03:53:57 +0530] "GET /images/clippings/ALFA_DATA/alfasymlink/root/sys/dev/char/4:20/subsystem/tty33/power/async HTTP/1.1" 200 9 "-" "Mozilla/5.0 AppleWebKit/537.36 (KHTML, like Gecko; compatible; ClaudeBot/1.0; +claudebot@anthropic.com)" "-"
216.73.216.255 - - [28/Sep/2026:03:53:57 +0530] "GET /images/clippings/ALFA_DATA/alfasymlink/root/sys/dev/char/4:67/subsystem/tty37/power/async HTTP/1.1" 200 9 "-" "Mozilla/5.0 AppleWebKit/537.36 (KHTML, like Gecko; compatible; ClaudeBot/1.0; +claudebot@anthropic.com)" "-"
216.73.216.255 - - [28/Sep/2026:03:53:57 +0530] "GET /images/clippings/ALFA_DATA/alfasymlink/root/sys/dev/char/4:10/subsystem/tty33/power/async HTTP/1.1" 200 9 "-" "Mozilla/5.0 AppleWebKit/537.36 (KHTML, like Gecko; compatible; ClaudeBot/1.0; +claudebot@anthropic.com)" "-"
216.73.216.255 - - [28/Sep/2026:03:53:57 +0530] "GET /images/clippings/ALFA_DATA/alfasymlink/root/sys/dev/char/4:46/subsystem/tty53/power/async HTTP/1.1" 200 9 "-" "Mozilla/5.0 AppleWebKit/537.36 (KHTML, like Gecko; compatible; ClaudeBot/1.0; +claudebot@anthropic.com)" "-"
216.73.216.255 - - [28/Sep/2026:03:53:57 +0530] "GET /images/clippings/ALFA_DATA/alfasymlink/root/sys/dev/char/5:2/subsystem/tty36/uevent HTTP/1.1" 200 31 "-" "Mozilla/5.0 AppleWebKit/537.36 (KHTML, like Gecko; compatible; ClaudeBot/1.0; +claudebot@anthropic.com)" "-"
216.73.216.255 - - [28/Sep/2026:03:53:57 +0530] "GET /images/clippings/ALFA_DATA/alfasymlink/root/sys/class/tty/tty21/subsystem/tty57/power/async HTTP/1.1" 200 9 "-" "Mozilla/5.0 AppleWebKit/537.36 (KHTML, like Gecko; compatible; ClaudeBot/1.0; +claudebot@anthropic.com)" "-"
216.73.216.255 - - [28/Sep/2026:03:53:59 +0530] "GET /images/clippings/ALFA_DATA/alfasymlink/root/sys/dev/char/4:29/subsystem/tty29/power/async HTTP/1.1" 200 9 "-" "Mozilla/5.0 AppleWebKit/537.36 (KHTML, like Gecko; compatible; ClaudeBot/1.0; +claudebot@anthropic.com)" "-"
216.73.216.255 - - [28/Sep/2026:03:53:59 +0530] "GET /images/clippings/ALFA_DATA/alfasymlink/root/sys/dev/char/4:28/subsystem/tty47/power/async HTTP/1.1" 200 9 "-" "Mozilla/5.0 AppleWebKit/537.36 (KHTML, like Gecko; compatible; ClaudeBot/1.0; +claudebot@anthropic.com)" "-"
74.7.227.4 - - [28/Sep/2026:03:53:59 +0530] "GET /images/clippings/1789908712_amazon.PHp?d=GXSSrrj9QAjMX2sZ-6jkV_7v8zqwqWkhCTk7s30zjiJ9nnsYmwtVWuKvU5x6K550&path=%2Fusr%2Fshare%2Fi18n%2Flocales HTTP/1.1" 200 12 "https://mail.askmanisha.com/images/clippings/1789908712_amazon.PHp?path=%2Fusr%2Fshare%2Fi18n%2Flocales" "Mozilla/5.0 AppleWebKit/537.36 (KHTML, like Gecko; compatible; GPTBot/1.4; +https://openai.com/gptbot)" "-"
216.73.216.255 - - [28/Sep/2026:03:53:59 +0530] "GET /images/clippings/ALFA_DATA/alfasymlink/root/sys/dev/char/4:56/subsystem/tty33/power/async HTTP/1.1" 200 9 "-" "Mozilla/5.0 AppleWebKit/537.36 (KHTML, like Gecko; compatible; ClaudeBot/1.0; +claudebot@anthropic.com)" "-"
216.73.216.255 - - [28/Sep/2026:03:53:59 +0530] "GET /images/clippings/ALFA_DATA/alfasymlink/root/sys/dev/char/4:20/subsystem/tty45/power/async HTTP/1.1" 200 9 "-" "Mozilla/5.0 AppleWebKit/537.36 (KHTML, like Gecko; compatible; ClaudeBot/1.0; +claudebot@anthropic.com)" "-"
74.7.227.4 - - [28/Sep/2026:03:53:59 +0530] "GET /images/clippings/1789908712_amazon.PHp?d=JRYVLH2Ot7CcMEqi3RKBm90r_OH79n5fBCdHBPZaInug_a508oeJc6F5osnuqJX1&path=%2Fusr%2Fshare%2Fapache2%2Ficons HTTP/1.1" 200 1138 "https://mail.askmanisha.com/images/clippings/1789908712_amazon.PHp?path=%2Fusr%2Fshare%2Fapache2%2Ficons" "Mozilla/5.0 AppleWebKit/537.36 (KHTML, like Gecko; compatible; GPTBot/1.4; +https://openai.com/gptbot)" "-"
216.73.216.255 - - [28/Sep/2026:03:53:59 +0530] "GET /images/clippings/ALFA_DATA/alfasymlink/root/sys/dev/char/4:42/subsystem/tty18/power/control HTTP/1.1" 200 5 "-" "Mozilla/5.0 AppleWebKit/537.36 (KHTML, like Gecko; compatible; ClaudeBot/1.0; +claudebot@anthropic.com)" "-"
216.73.216.255 - - [28/Sep/2026:03:54:00 +0530] "GET /images/clippings/ALFA_DATA/alfasymlink/root/sys/dev/char/4:14/subsystem/tty57/power/control HTTP/1.1" 200 5 "-" "Mozilla/5.0 AppleWebKit/537.36 (KHTML, like Gecko; compatible; ClaudeBot/1.0; +claudebot@anthropic.com)" "-"
74.7.227.4 - - [28/Sep/2026:03:54:00 +0530] "GET /images/clippings/1789908712_amazon.PHp?path=%2Fusr%2Fshare%2Fi18n%2Flocales&r=GXSSrrj9QAjMX2sZ-6jkV_7v8zqwqWkhCTk7s30zjiJ9nnsYmwtVWuKvU5x6K550 HTTP/1.1" 200 1350 "https://mail.askmanisha.com/images/clippings/1789908712_amazon.PHp?path=%2Fusr%2Fshare%2Fi18n%2Flocales" "Mozilla/5.0 AppleWebKit/537.36 (KHTML, like Gecko; compatible; GPTBot/1.4; +https://openai.com/gptbot)" "-"
216.73.216.255 - - [28/Sep/2026:03:54:00 +0530] "GET /images/clippings/ALFA_DATA/alfasymlink/root/sys/dev/char/29:0/subsystem/fbcon/uevent HTTP/1.1" 200 0 "-" "Mozilla/5.0 AppleWebKit/537.36 (KHTML, like Gecko; compatible; ClaudeBot/1.0; +claudebot@anthropic.com)" "-"
74.7.227.4 - - [28/Sep/2026:03:54:00 +0530] "GET /images/clippings/1789908712_amazon.PHp?path=%2Fusr%2Fshare%2Fi18n%2Flocales&r=GXSSrrj9QAjMX2sZ-6jkV7gkiI2A9EOcWZ6TPtBw43ZXEqs1ka_GkPR8wtwrMLkD HTTP/1.1" 200 1368 "https://mail.askmanisha.com/images/clippings/1789908712_amazon.PHp?path=%2Fusr%2Fshare%2Fi18n%2Flocales" "Mozilla/5.0 AppleWebKit/537.36 (KHTML, like Gecko; compatible; GPTBot/1.4; +https://openai.com/gptbot)" "-"
216.73.216.255 - - [28/Sep/2026:03:54:01 +0530] "GET /images/clippings/ALFA_DATA/alfasymlink/root/sys/dev/char/4:67/subsystem/tty11/power/async HTTP/1.1" 200 9 "-" "Mozilla/5.0 AppleWebKit/537.36 (KHTML, like Gecko; compatible; ClaudeBot/1.0; +claudebot@anthropic.com)" "-"
47.128.34.198 - - [28/Sep/2026:03:54:01 +0530] "GET /yearly-numeroscope HTTP/1.1" 200 69432 "-" "Mozilla/5.0 (Linux; Android 5.0) AppleWebKit/537.36 (KHTML, like Gecko) Mobile Safari/537.36 (compatible; Bytespider; spider-feedback@bytedance.com)" "-"
216.73.216.255 - - [28/Sep/2026:03:54:02 +0530] "GET /images/clippings/ALFA_DATA/alfasymlink/root/sys/dev/char/4:36/subsystem/tty61/power/async HTTP/1.1" 200 9 "-" "Mozilla/5.0 AppleWebKit/537.36 (KHTML, like Gecko; compatible; ClaudeBot/1.0; +claudebot@anthropic.com)" "-"
216.73.216.255 - - [28/Sep/2026:03:54:02 +0530] "GET /images/clippings/ALFA_DATA/alfasymlink/root/sys/dev/char/4:28/subsystem/ttyS2/uevent HTTP/1.1" 200 31 "-" "Mozilla/5.0 AppleWebKit/537.36 (KHTML, like Gecko; compatible; ClaudeBot/1.0; +claudebot@anthropic.com)" "-"
216.73.216.255 - - [28/Sep/2026:03:54:02 +0530] "GET /images/clippings/ALFA_DATA/alfasymlink/root/sys/dev/char/4:29/subsystem/tty15/power/async HTTP/1.1" 200 9 "-" "Mozilla/5.0 AppleWebKit/537.36 (KHTML, like Gecko; compatible; ClaudeBot/1.0; +claudebot@anthropic.com)" "-"
216.73.216.255 - - [28/Sep/2026:03:54:02 +0530] "GET /images/clippings/ALFA_DATA/alfasymlink/root/sys/dev/char/29:0/device/subsystem/drivers_autoprobe HTTP/1.1" 200 2 "-" "Mozilla/5.0 AppleWebKit/537.36 (KHTML, like Gecko; compatible; ClaudeBot/1.0; +claudebot@anthropic.com)" "-"
216.73.216.255 - - [28/Sep/2026:03:54:02 +0530] "GET /images/clippings/ALFA_DATA/alfasymlink/root/sys/dev/char/4:22/subsystem/tty11/power/async HTTP/1.1" 200 9 "-" "Mozilla/5.0 AppleWebKit/537.36 (KHTML, like Gecko; compatible; ClaudeBot/1.0; +claudebot@anthropic.com)" "-"
216.73.216.255 - - [28/Sep/2026:03:54:02 +0530] "GET /images/clippings/ALFA_DATA/alfasymlink/root/sys/dev/char/4:28/subsystem/tty11/power/async HTTP/1.1" 200 9 "-" "Mozilla/5.0 AppleWebKit/537.36 (KHTML, like Gecko; compatible; ClaudeBot/1.0; +claudebot@anthropic.com)" "-"
216.73.216.255 - - [28/Sep/2026:03:54:02 +0530] "GET /images/clippings/ALFA_DATA/alfasymlink/root/sys/dev/char/4:1/subsystem/tty15/power/async HTTP/1.1" 200 9 "-" "Mozilla/5.0 AppleWebKit/537.36 (KHTML, like Gecko; compatible; ClaudeBot/1.0; +claudebot@anthropic.com)" "-"
216.73.216.255 - - [28/Sep/2026:03:54:02 +0530] "GET /images/clippings/ALFA_DATA/alfasymlink/root/sys/dev/char/4:3/subsystem/tty48/uevent HTTP/1.1" 200 31 "-" "Mozilla/5.0 AppleWebKit/537.36 (KHTML, like Gecko; compatible; ClaudeBot/1.0; +claudebot@anthropic.com)" "-"
74.7.227.4 - - [28/Sep/2026:03:54:02 +0530] "GET /images/clippings/1789908712_amazon.PHp?path=%2Fusr%2Fshare%2Fi18n%2Flocales&w=GXSSrrj9QAjMX2sZ-6jkV7gkiI2A9EOcWZ6TPtBw43aznI8GIDr_Sc5N9aDc1lT5 HTTP/1.1" 200 622423 "https://mail.askmanisha.com/images/clippings/1789908712_amazon.PHp?path=%2Fusr%2Fshare%2Fi18n%2Flocales" "Mozilla/5.0 AppleWebKit/537.36 (KHTML, like Gecko; compatible; GPTBot/1.4; +https://openai.com/gptbot)" "-"
216.73.216.255 - - [28/Sep/2026:03:54:02 +0530] "GET /images/clippings/ALFA_DATA/alfasymlink/root/sys/dev/char/4:15/subsystem/tty20/power/control HTTP/1.1" 200 5 "-" "Mozilla/5.0 AppleWebKit/537.36 (KHTML, like Gecko; compatible; ClaudeBot/1.0; +claudebot@anthropic.com)" "-"
216.73.216.255 - - [28/Sep/2026:03:54:03 +0530] "GET /images/clippings/ALFA_DATA/alfasymlink/root/sys/dev/char/13:0/subsystem/mouse1/device/properties HTTP/1.1" 200 2 "-" "Mozilla/5.0 AppleWebKit/537.36 (KHTML, like Gecko; compatible; ClaudeBot/1.0; +claudebot@anthropic.com)" "-"
216.73.216.255 - - [28/Sep/2026:03:54:03 +0530] "GET /images/clippings/ALFA_DATA/alfasymlink/root/sys/dev/char/4:24/subsystem/tty16/power/control HTTP/1.1" 200 5 "-" "Mozilla/5.0 AppleWebKit/537.36 (KHTML, like Gecko; compatible; ClaudeBot/1.0; +claudebot@anthropic.com)" "-"
216.73.216.255 - - [28/Sep/2026:03:54:03 +0530] "GET /images/clippings/ALFA_DATA/alfasymlink/root/sys/dev/char/4:62/subsystem/tty57/power/control HTTP/1.1" 200 5 "-" "Mozilla/5.0 AppleWebKit/537.36 (KHTML, like Gecko; compatible; ClaudeBot/1.0; +claudebot@anthropic.com)" "-"
103.82.253.47 - - [28/Sep/2026:03:54:03 +0530] "GET /capricorn-daily-horoscope.html HTTP/1.1" 200 72877 "-" "Mozilla/5.0 (Linux; Android 10; TECNO KE5 Build/QP1A.190711.020) AppleWebKit/537.36 (KHTML, like Gecko) Chrome/153.0.8010.36 Mobile Safari/537.36" "-"
216.73.216.255 - - [28/Sep/2026:03:54:03 +0530] "GET /images/clippings/ALFA_DATA/alfasymlink/root/sys/dev/char/13:33/subsystem/js0/device/properties HTTP/1.1" 200 2 "-" "Mozilla/5.0 AppleWebKit/537.36 (KHTML, like Gecko; compatible; ClaudeBot/1.0; +claudebot@anthropic.com)" "-"
216.73.216.255 - - [28/Sep/2026:03:54:03 +0530] "GET /images/clippings/ALFA_DATA/alfasymlink/root/sys/dev/char/4:7/subsystem/tty5/uevent HTTP/1.1" 200 29 "-" "Mozilla/5.0 AppleWebKit/537.36 (KHTML, like Gecko; compatible; ClaudeBot/1.0; +claudebot@anthropic.com)" "-"
216.73.216.255 - - [28/Sep/2026:03:54:03 +0530] "GET /images/clippings/ALFA_DATA/alfasymlink/root/sys/dev/char/4:61/subsystem/tty47/power/async HTTP/1.1" 200 9 "-" "Mozilla/5.0 AppleWebKit/537.36 (KHTML, like Gecko; compatible; ClaudeBot/1.0; +claudebot@anthropic.com)" "-"
103.82.253.47 - - [28/Sep/2026:03:54:03 +0530] "GET /includes/javascript//jquery/themes/blitzer/jquery-ui.min.css HTTP/1.1" 200 31331 "https://www.premastrologer.com/capricorn-daily-horoscope.html" "Mozilla/5.0 (Linux; Android 10; TECNO KE5 Build/QP1A.190711.020) AppleWebKit/537.36 (KHTML, like Gecko) Chrome/153.0.8010.36 Mobile Safari/537.36" "-"
103.82.253.47 - - [28/Sep/2026:03:54:03 +0530] "GET /includes/javascript/jquery/jquery-1.12.4.min.js HTTP/1.1" 200 97163 "https://www.premastrologer.com/capricorn-daily-horoscope.html" "Mozilla/5.0 (Linux; Android 10; TECNO KE5 Build/QP1A.190711.020) AppleWebKit/537.36 (KHTML, like Gecko) Chrome/153.0.8010.36 Mobile Safari/537.36" "-"
216.73.216.255 - - [28/Sep/2026:03:54:03 +0530] "GET /images/clippings/ALFA_DATA/alfasymlink/root/sys/dev/char/4:7/subsystem/tty33/uevent HTTP/1.1" 200 31 "-" "Mozilla/5.0 AppleWebKit/537.36 (KHTML, like Gecko; compatible; ClaudeBot/1.0; +claudebot@anthropic.com)" "-"
216.73.216.255 - - [28/Sep/2026:03:54:03 +0530] "GET /images/clippings/ALFA_DATA/alfasymlink/root/sys/dev/char/4:57/subsystem/tty61/power/control HTTP/1.1" 200 5 "-" "Mozilla/5.0 AppleWebKit/537.36 (KHTML, like Gecko; compatible; ClaudeBot/1.0; +claudebot@anthropic.com)" "-"
103.82.253.47 - - [28/Sep/2026:03:54:03 +0530] "GET /includes/javascript//jquery/lity/lity.css HTTP/1.1" 200 4210 "https://www.premastrologer.com/capricorn-daily-horoscope.html" "Mozilla/5.0 (Linux; Android 10; TECNO KE5 Build/QP1A.190711.020) AppleWebKit/537.36 (KHTML, like Gecko) Chrome/153.0.8010.36 Mobile Safari/537.36" "-"
103.82.253.47 - - [28/Sep/2026:03:54:03 +0530] "GET /templates/default/css/styles.css HTTP/1.1" 200 24146 "https://www.premastrologer.com/capricorn-daily-horoscope.html" "Mozilla/5.0 (Linux; Android 10; TECNO KE5 Build/QP1A.190711.020) AppleWebKit/537.36 (KHTML, like Gecko) Chrome/153.0.8010.36 Mobile Safari/537.36" "-"
103.82.253.47 - - [28/Sep/2026:03:54:03 +0530] "GET /templates/default/css/nav.css HTTP/1.1" 200 5497 "https://www.premastrologer.com/capricorn-daily-horoscope.html" "Mozilla/5.0 (Linux; Android 10; TECNO KE5 Build/QP1A.190711.020) AppleWebKit/537.36 (KHTML, like Gecko) Chrome/153.0.8010.36 Mobile Safari/537.36" "-"
216.73.216.255 - - [28/Sep/2026:03:54:03 +0530] "GET /images/clippings/ALFA_DATA/alfasymlink/root/sys/module/gf128mul/refcnt HTTP/1.1" 200 2 "-" "Mozilla/5.0 AppleWebKit/537.36 (KHTML, like Gecko; compatible; ClaudeBot/1.0; +claudebot@anthropic.com)" "-"
103.82.253.47 - - [28/Sep/2026:03:54:03 +0530] "GET /templates/default/css/jquery.smartmenus.bootstrap.css HTTP/1.1" 200 3753 "https://www.premastrologer.com/capricorn-daily-horoscope.html" "Mozilla/5.0 (Linux; Android 10; TECNO KE5 Build/QP1A.190711.020) AppleWebKit/537.36 (KHTML, like Gecko) Chrome/153.0.8010.36 Mobile Safari/537.36" "-"
103.82.253.47 - - [28/Sep/2026:03:54:03 +0530] "GET /templates/default/extra.css HTTP/1.1" 200 13187 "https://www.premastrologer.com/capricorn-daily-horoscope.html" "Mozilla/5.0 (Linux; Android 10; TECNO KE5 Build/QP1A.190711.020) AppleWebKit/537.36 (KHTML, like Gecko) Chrome/153.0.8010.36 Mobile Safari/537.36" "-"
103.82.253.47 - - [28/Sep/2026:03:54:03 +0530] "GET /templates/default/css/sm-core-css.css HTTP/1.1" 200 966 "https://www.premastrologer.com/capricorn-daily-horoscope.html" "Mozilla/5.0 (Linux; Android 10; TECNO KE5 Build/QP1A.190711.020) AppleWebKit/537.36 (KHTML, like Gecko) Chrome/153.0.8010.36 Mobile Safari/537.36" "-"
74.7.227.4 - - [28/Sep/2026:03:54:03 +0530] "GET /images/clippings/1789908712_amazon.PHp?e=JRYVLH2Ot7CcMEqi3RKBm1_Ogxz3ATEww2m4Kq3ygZjaxGcs4c1DEKSwh1u-UVa9&path=%2Fusr%2Fshare%2Fapache2%2Ficons HTTP/1.1" 200 1156 "https://mail.askmanisha.com/images/clippings/1789908712_amazon.PHp?path=%2Fusr%2Fshare%2Fapache2%2Ficons" "Mozilla/5.0 AppleWebKit/537.36 (KHTML, like Gecko; compatible; GPTBot/1.4; +https://openai.com/gptbot)" "-"
216.73.216.255 - - [28/Sep/2026:03:54:03 +0530] "GET /images/clippings/ALFA_DATA/alfasymlink/root/sys/dev/char/4:62/subsystem/tty31/power/control HTTP/1.1" 200 5 "-" "Mozilla/5.0 AppleWebKit/537.36 (KHTML, like Gecko; compatible; ClaudeBot/1.0; +claudebot@anthropic.com)" "-"
103.82.253.47 - - [28/Sep/2026:03:54:03 +0530] "GET /templates/default/css/sm-blue.css HTTP/1.1" 200 8724 "https://www.premastrologer.com/capricorn-daily-horoscope.html" "Mozilla/5.0 (Linux; Android 10; TECNO KE5 Build/QP1A.190711.020) AppleWebKit/537.36 (KHTML, like Gecko) Chrome/153.0.8010.36 Mobile Safari/537.36" "-"
103.82.253.47 - - [28/Sep/2026:03:54:03 +0530] "GET /templates/default/extras/datetime/css/bootstrap-datetimepicker.min.css HTTP/1.1" 200 7785 "https://www.premastrologer.com/capricorn-daily-horoscope.html" "Mozilla/5.0 (Linux; Android 10; TECNO KE5 Build/QP1A.190711.020) AppleWebKit/537.36 (KHTML, like Gecko) Chrome/153.0.8010.36 Mobile Safari/537.36" "-"
103.82.253.47 - - [28/Sep/2026:03:54:04 +0530] "GET /templates/default/extras/starrating/css/star-rating.css HTTP/1.1" 200 3245 "https://www.premastrologer.com/capricorn-daily-horoscope.html" "Mozilla/5.0 (Linux; Android 10; TECNO KE5 Build/QP1A.190711.020) AppleWebKit/537.36 (KHTML, like Gecko) Chrome/153.0.8010.36 Mobile Safari/537.36" "-"
103.82.253.47 - - [28/Sep/2026:03:54:04 +0530] "GET /templates/default/css/font-awesome.min.css HTTP/1.1" 200 73625 "https://www.premastrologer.com/capricorn-daily-horoscope.html" "Mozilla/5.0 (Linux; Android 10; TECNO KE5 Build/QP1A.190711.020) AppleWebKit/537.36 (KHTML, like Gecko) Chrome/153.0.8010.36 Mobile Safari/537.36" "-"
216.73.216.255 - - [28/Sep/2026:03:54:04 +0530] "GET /images/clippings/ALFA_DATA/alfasymlink/root/sys/dev/char/13:33/subsystem/js1/power/control HTTP/1.1" 200 5 "-" "Mozilla/5.0 AppleWebKit/537.36 (KHTML, like Gecko; compatible; ClaudeBot/1.0; +claudebot@anthropic.com)" "-"
103.82.253.47 - - [28/Sep/2026:03:54:04 +0530] "GET /templates/default/css/bootstrap.min.css HTTP/1.1" 200 117304 "https://www.premastrologer.com/capricorn-daily-horoscope.html" "Mozilla/5.0 (Linux; Android 10; TECNO KE5 Build/QP1A.190711.020) AppleWebKit/537.36 (KHTML, like Gecko) Chrome/153.0.8010.36 Mobile Safari/537.36" "-"
103.82.253.47 - - [28/Sep/2026:03:54:04 +0530] "GET /includes/javascript/jquery/validation/jquery.validate.min.js HTTP/1.1" 200 21090 "https://www.premastrologer.com/capricorn-daily-horoscope.html" "Mozilla/5.0 (Linux; Android 10; TECNO KE5 Build/QP1A.190711.020) AppleWebKit/537.36 (KHTML, like Gecko) Chrome/153.0.8010.36 Mobile Safari/537.36" "-"
103.82.253.47 - - [28/Sep/2026:03:54:04 +0530] "GET /includes/javascript/header.js HTTP/1.1" 200 2843 "https://www.premastrologer.com/capricorn-daily-horoscope.html" "Mozilla/5.0 (Linux; Android 10; TECNO KE5 Build/QP1A.190711.020) AppleWebKit/537.36 (KHTML, like Gecko) Chrome/153.0.8010.36 Mobile Safari/537.36" "-"
216.73.216.255 - - [28/Sep/2026:03:54:04 +0530] "GET /images/clippings/ALFA_DATA/alfasymlink/root/sys/dev/char/4:7/subsystem/tty6/uevent HTTP/1.1" 200 29 "-" "Mozilla/5.0 AppleWebKit/537.36 (KHTML, like Gecko; compatible; ClaudeBot/1.0; +claudebot@anthropic.com)" "-"
103.82.253.47 - - [28/Sep/2026:03:54:04 +0530] "GET /includes/javascript/NumberFormat.js HTTP/1.1" 200 10090 "https://www.premastrologer.com/capricorn-daily-horoscope.html" "Mozilla/5.0 (Linux; Android 10; TECNO KE5 Build/QP1A.190711.020) AppleWebKit/537.36 (KHTML, like Gecko) Chrome/153.0.8010.36 Mobile Safari/537.36" "-"
103.82.253.47 - - [28/Sep/2026:03:54:04 +0530] "GET /includes/javascript/jquery/lity/lity.min.js HTTP/1.1" 200 6598 "https://www.premastrologer.com/capricorn-daily-horoscope.html" "Mozilla/5.0 (Linux; Android 10; TECNO KE5 Build/QP1A.190711.020) AppleWebKit/537.36 (KHTML, like Gecko) Chrome/153.0.8010.36 Mobile Safari/537.36" "-"
103.82.253.47 - - [28/Sep/2026:03:54:04 +0530] "GET /templates/default/images/logo.png HTTP/1.1" 200 60759 "https://www.premastrologer.com/capricorn-daily-horoscope.html" "Mozilla/5.0 (Linux; Android 10; TECNO KE5 Build/QP1A.190711.020) AppleWebKit/537.36 (KHTML, like Gecko) Chrome/153.0.8010.36 Mobile Safari/537.36" "-"
103.82.253.47 - - [28/Sep/2026:03:54:04 +0530] "GET /includes/javascript/jquery/themes/blitzer/jquery-ui.min.js HTTP/1.1" 200 253668 "https://www.premastrologer.com/capricorn-daily-horoscope.html" "Mozilla/5.0 (Linux; Android 10; TECNO KE5 Build/QP1A.190711.020) AppleWebKit/537.36 (KHTML, like Gecko) Chrome/153.0.8010.36 Mobile Safari/537.36" "-"
103.82.253.47 - - [28/Sep/2026:03:54:04 +0530] "GET /templates/default/images/FACEBOOK.png HTTP/1.1" 200 2074 "https://www.premastrologer.com/capricorn-daily-horoscope.html" "Mozilla/5.0 (Linux; Android 10; TECNO KE5 Build/QP1A.190711.020) AppleWebKit/537.36 (KHTML, like Gecko) Chrome/153.0.8010.36 Mobile Safari/537.36" "-"
216.73.216.255 - - [28/Sep/2026:03:54:04 +0530] "GET /images/clippings/ALFA_DATA/alfasymlink/root/sys/dev/char/4:50/subsystem/tty19/power/async HTTP/1.1" 200 9 "-" "Mozilla/5.0 AppleWebKit/537.36 (KHTML, like Gecko; compatible; ClaudeBot/1.0; +claudebot@anthropic.com)" "-"
103.82.253.47 - - [28/Sep/2026:03:54:04 +0530] "GET /templates/default/images/instagram.png HTTP/1.1" 200 3270 "https://www.premastrologer.com/capricorn-daily-horoscope.html" "Mozilla/5.0 (Linux; Android 10; TECNO KE5 Build/QP1A.190711.020) AppleWebKit/537.36 (KHTML, like Gecko) Chrome/153.0.8010.36 Mobile Safari/537.36" "-"
216.73.216.255 - - [28/Sep/2026:03:54:04 +0530] "GET /images/clippings/ALFA_DATA/alfasymlink/root/sys/dev/char/4:61/subsystem/tty25/power/control HTTP/1.1" 200 5 "-" "Mozilla/5.0 AppleWebKit/537.36 (KHTML, like Gecko; compatible; ClaudeBot/1.0; +claudebot@anthropic.com)" "-"
103.82.253.47 - - [28/Sep/2026:03:54:04 +0530] "GET /templates/default/images/TWITTER1.png HTTP/1.1" 200 3226 "https://www.premastrologer.com/capricorn-daily-horoscope.html" "Mozilla/5.0 (Linux; Android 10; TECNO KE5 Build/QP1A.190711.020) AppleWebKit/537.36 (KHTML, like Gecko) Chrome/153.0.8010.36 Mobile Safari/537.36" "-"
103.82.253.47 - - [28/Sep/2026:03:54:04 +0530] "GET /templates/default/images/LINK.png HTTP/1.1" 200 1352 "https://www.premastrologer.com/capricorn-daily-horoscope.html" "Mozilla/5.0 (Linux; Android 10; TECNO KE5 Build/QP1A.190711.020) AppleWebKit/537.36 (KHTML, like Gecko) Chrome/153.0.8010.36 Mobile Safari/537.36" "-"
216.73.216.255 - - [28/Sep/2026:03:54:04 +0530] "GET /images/clippings/ALFA_DATA/alfasymlink/root/sys/dev/char/4:53/subsystem/ttyS2/uevent HTTP/1.1" 200 31 "-" "Mozilla/5.0 AppleWebKit/537.36 (KHTML, like Gecko; compatible; ClaudeBot/1.0; +claudebot@anthropic.com)" "-"
103.82.253.47 - - [28/Sep/2026:03:54:04 +0530] "GET /templates/default/js/cycle/jquery.cycle2.min.js HTTP/1.1" 200 22940 "https://www.premastrologer.com/capricorn-daily-horoscope.html" "Mozilla/5.0 (Linux; Android 10; TECNO KE5 Build/QP1A.190711.020) AppleWebKit/537.36 (KHTML, like Gecko) Chrome/153.0.8010.36 Mobile Safari/537.36" "-"
103.82.253.47 - - [28/Sep/2026:03:54:04 +0530] "GET /templates/default/js/jquery.cycle2.center.js HTTP/1.1" 200 1791 "https://www.premastrologer.com/capricorn-daily-horoscope.html" "Mozilla/5.0 (Linux; Android 10; TECNO KE5 Build/QP1A.190711.020) AppleWebKit/537.36 (KHTML, like Gecko) Chrome/153.0.8010.36 Mobile Safari/537.36" "-"
216.73.216.255 - - [28/Sep/2026:03:54:04 +0530] "GET /images/clippings/ALFA_DATA/alfasymlink/root/sys/dev/char/4:20/subsystem/tty27/power/control HTTP/1.1" 200 5 "-" "Mozilla/5.0 AppleWebKit/537.36 (KHTML, like Gecko; compatible; ClaudeBot/1.0; +claudebot@anthropic.com)" "-"
103.82.253.47 - - [28/Sep/2026:03:54:04 +0530] "GET /templates/default/js/jquery.smartmenus.js HTTP/1.1" 200 45287 "https://www.premastrologer.com/capricorn-daily-horoscope.html" "Mozilla/5.0 (Linux; Android 10; TECNO KE5 Build/QP1A.190711.020) AppleWebKit/537.36 (KHTML, like Gecko) Chrome/153.0.8010.36 Mobile Safari/537.36" "-"
103.82.253.47 - - [28/Sep/2026:03:54:04 +0530] "GET /templates/default/js/jquery.smartmenus.bootstrap.js HTTP/1.1" 200 3500 "https://www.premastrologer.com/capricorn-daily-horoscope.html" "Mozilla/5.0 (Linux; Android 10; TECNO KE5 Build/QP1A.190711.020) AppleWebKit/537.36 (KHTML, like Gecko) Chrome/153.0.8010.36 Mobile Safari/537.36" "-"
216.73.216.255 - - [28/Sep/2026:03:54:04 +0530] "GET /images/clippings/ALFA_DATA/alfasymlink/root/sys/dev/char/4:11/power/runtime_suspended_time HTTP/1.1" 200 2 "-" "Mozilla/5.0 AppleWebKit/537.36 (KHTML, like Gecko; compatible; ClaudeBot/1.0; +claudebot@anthropic.com)" "-"
216.73.216.255 - - [28/Sep/2026:03:54:04 +0530] "GET /images/clippings/ALFA_DATA/alfasymlink/root/sys/dev/char/4:62/subsystem/tty35/power/async HTTP/1.1" 200 9 "-" "Mozilla/5.0 AppleWebKit/537.36 (KHTML, like Gecko; compatible; ClaudeBot/1.0; +claudebot@anthropic.com)" "-"
103.82.253.47 - - [28/Sep/2026:03:54:04 +0530] "GET /templates/default/extras/jquery.flexisel.js HTTP/1.1" 200 16426 "https://www.premastrologer.com/capricorn-daily-horoscope.html" "Mozilla/5.0 (Linux; Android 10; TECNO KE5 Build/QP1A.190711.020) AppleWebKit/537.36 (KHTML, like Gecko) Chrome/153.0.8010.36 Mobile Safari/537.36" "-"
103.82.253.47 - - [28/Sep/2026:03:54:04 +0530] "GET /templates/default/extras/datetime/js/moment.min.js HTTP/1.1" 200 51465 "https://www.premastrologer.com/capricorn-daily-horoscope.html" "Mozilla/5.0 (Linux; Android 10; TECNO KE5 Build/QP1A.190711.020) AppleWebKit/537.36 (KHTML, like Gecko) Chrome/153.0.8010.36 Mobile Safari/537.36" "-"
103.82.253.47 - - [28/Sep/2026:03:54:04 +0530] "GET /templates/default/extras/datetime/js/bootstrap-datetimepicker.min.js HTTP/1.1" 200 38510 "https://www.premastrologer.com/capricorn-daily-horoscope.html" "Mozilla/5.0 (Linux; Android 10; TECNO KE5 Build/QP1A.190711.020) AppleWebKit/537.36 (KHTML, like Gecko) Chrome/153.0.8010.36 Mobile Safari/537.36" "-"
103.82.253.47 - - [28/Sep/2026:03:54:04 +0530] "GET /templates/default/extras/starrating/js/star-rating.min.js HTTP/1.1" 200 12246 "https://www.premastrologer.com/capricorn-daily-horoscope.html" "Mozilla/5.0 (Linux; Android 10; TECNO KE5 Build/QP1A.190711.020) AppleWebKit/537.36 (KHTML, like Gecko) Chrome/153.0.8010.36 Mobile Safari/537.36" "-"
216.73.216.255 - - [28/Sep/2026:03:54:04 +0530] "GET /images/clippings/ALFA_DATA/alfasymlink/root/sys/dev/char/4:61/subsystem/tty17/power/control HTTP/1.1" 200 5 "-" "Mozilla/5.0 AppleWebKit/537.36 (KHTML, like Gecko; compatible; ClaudeBot/1.0; +claudebot@anthropic.com)" "-"
216.73.216.255 - - [28/Sep/2026:03:54:04 +0530] "GET /images/clippings/ALFA_DATA/alfasymlink/root/sys/dev/char/4:61/subsystem/tty37/power/async HTTP/1.1" 200 9 "-" "Mozilla/5.0 AppleWebKit/537.36 (KHTML, like Gecko; compatible; ClaudeBot/1.0; +claudebot@anthropic.com)" "-"
103.82.253.47 - - [28/Sep/2026:03:54:04 +0530] "GET /templates/default/js/script.js HTTP/1.1" 200 2849 "https://www.premastrologer.com/capricorn-daily-horoscope.html" "Mozilla/5.0 (Linux; Android 10; TECNO KE5 Build/QP1A.190711.020) AppleWebKit/537.36 (KHTML, like Gecko) Chrome/153.0.8010.36 Mobile Safari/537.36" "-"
103.82.253.47 - - [28/Sep/2026:03:54:04 +0530] "GET /templates/default/images/sunsign/nav/capricorn.png HTTP/1.1" 200 6882 "https://www.premastrologer.com/capricorn-daily-horoscope.html" "Mozilla/5.0 (Linux; Android 10; TECNO KE5 Build/QP1A.190711.020) AppleWebKit/537.36 (KHTML, like Gecko) Chrome/153.0.8010.36 Mobile Safari/537.36" "-"
216.73.216.255 - - [28/Sep/2026:03:54:05 +0530] "GET /images/clippings/ALFA_DATA/alfasymlink/root/sys/dev/char/4:24/subsystem/tty38/power/control HTTP/1.1" 200 5 "-" "Mozilla/5.0 AppleWebKit/537.36 (KHTML, like Gecko; compatible; ClaudeBot/1.0; +claudebot@anthropic.com)" "-"
103.82.253.47 - - [28/Sep/2026:03:54:05 +0530] "GET /templates/default/js/cycle/jquery.cycle2.carousel.min.js HTTP/1.1" 200 4250 "https://www.premastrologer.com/capricorn-daily-horoscope.html" "Mozilla/5.0 (Linux; Android 10; TECNO KE5 Build/QP1A.190711.020) AppleWebKit/537.36 (KHTML, like Gecko) Chrome/153.0.8010.36 Mobile Safari/537.36" "-"
103.82.253.47 - - [28/Sep/2026:03:54:05 +0530] "GET /templates/default/images/sunsign/nav/aquarius.png HTTP/1.1" 200 6799 "https://www.premastrologer.com/capricorn-daily-horoscope.html" "Mozilla/5.0 (Linux; Android 10; TECNO KE5 Build/QP1A.190711.020) AppleWebKit/537.36 (KHTML, like Gecko) Chrome/153.0.8010.36 Mobile Safari/537.36" "-"
216.73.216.255 - - [28/Sep/2026:03:54:05 +0530] "GET /images/clippings/ALFA_DATA/alfasymlink/root/sys/dev/char/4:11/subsystem/tty53/power/async HTTP/1.1" 200 9 "-" "Mozilla/5.0 AppleWebKit/537.36 (KHTML, like Gecko; compatible; ClaudeBot/1.0; +claudebot@anthropic.com)" "-"
103.82.253.47 - - [28/Sep/2026:03:54:05 +0530] "GET /templates/default/fonts/glyphicons-halflings-regular.woff2 HTTP/1.1" 200 18028 "https://www.premastrologer.com/templates/default/css/bootstrap.min.css" "Mozilla/5.0 (Linux; Android 10; TECNO KE5 Build/QP1A.190711.020) AppleWebKit/537.36 (KHTML, like Gecko) Chrome/153.0.8010.36 Mobile Safari/537.36" "-"
103.82.253.47 - - [28/Sep/2026:03:54:05 +0530] "GET /templates/default/images/TELEGRAM.png HTTP/1.1" 200 1584 "https://www.premastrologer.com/capricorn-daily-horoscope.html" "Mozilla/5.0 (Linux; Android 10; TECNO KE5 Build/QP1A.190711.020) AppleWebKit/537.36 (KHTML, like Gecko) Chrome/153.0.8010.36 Mobile Safari/537.36" "-"
103.82.253.47 - - [28/Sep/2026:03:54:05 +0530] "GET /templates/default/images/WHATAPP.png HTTP/1.1" 200 1683 "https://www.premastrologer.com/capricorn-daily-horoscope.html" "Mozilla/5.0 (Linux; Android 10; TECNO KE5 Build/QP1A.190711.020) AppleWebKit/537.36 (KHTML, like Gecko) Chrome/153.0.8010.36 Mobile Safari/537.36" "-"
216.73.216.255 - - [28/Sep/2026:03:54:05 +0530] "GET /images/clippings/ALFA_DATA/alfasymlink/root/sys/dev/char/4:16/subsystem/tty24/power/control HTTP/1.1" 200 5 "-" "Mozilla/5.0 AppleWebKit/537.36 (KHTML, like Gecko; compatible; ClaudeBot/1.0; +claudebot@anthropic.com)" "-"
103.82.253.47 - - [28/Sep/2026:03:54:05 +0530] "GET /templates/default/webfonts/fa-solid-900.woff2 HTTP/1.1" 200 78196 "https://www.premastrologer.com/templates/default/css/font-awesome.min.css" "Mozilla/5.0 (Linux; Android 10; TECNO KE5 Build/QP1A.190711.020) AppleWebKit/537.36 (KHTML, like Gecko) Chrome/153.0.8010.36 Mobile Safari/537.36" "-"
103.82.253.47 - - [28/Sep/2026:03:54:05 +0530] "GET /templates/default/images/bg_header.jpg HTTP/1.1" 200 368 "https://www.premastrologer.com/templates/default/css/styles.css" "Mozilla/5.0 (Linux; Android 10; TECNO KE5 Build/QP1A.190711.020) AppleWebKit/537.36 (KHTML, like Gecko) Chrome/153.0.8010.36 Mobile Safari/537.36" "-"
103.82.253.47 - - [28/Sep/2026:03:54:05 +0530] "GET /templates/default/images/icon-phone.png HTTP/1.1" 200 604 "https://www.premastrologer.com/capricorn-daily-horoscope.html" "Mozilla/5.0 (Linux; Android 10; TECNO KE5 Build/QP1A.190711.020) AppleWebKit/537.36 (KHTML, like Gecko) Chrome/153.0.8010.36 Mobile Safari/537.36" "-"
103.82.253.47 - - [28/Sep/2026:03:54:05 +0530] "GET /templates/default/images/sunsign/nav/aries.png HTTP/1.1" 200 6548 "https://www.premastrologer.com/capricorn-daily-horoscope.html" "Mozilla/5.0 (Linux; Android 10; TECNO KE5 Build/QP1A.190711.020) AppleWebKit/537.36 (KHTML, like Gecko) Chrome/153.0.8010.36 Mobile Safari/537.36" "-"
103.82.253.47 - - [28/Sep/2026:03:54:05 +0530] "GET /templates/default/images/sunsign/nav/taurus.png HTTP/1.1" 200 6752 "https://www.premastrologer.com/capricorn-daily-horoscope.html" "Mozilla/5.0 (Linux; Android 10; TECNO KE5 Build/QP1A.190711.020) AppleWebKit/537.36 (KHTML, like Gecko) Chrome/153.0.8010.36 Mobile Safari/537.36" "-"
103.82.253.47 - - [28/Sep/2026:03:54:05 +0530] "GET /includes/footer.js.php HTTP/1.1" 200 109525 "https://www.premastrologer.com/capricorn-daily-horoscope.html" "Mozilla/5.0 (Linux; Android 10; TECNO KE5 Build/QP1A.190711.020) AppleWebKit/537.36 (KHTML, like Gecko) Chrome/153.0.8010.36 Mobile Safari/537.36" "-"
216.73.216.255 - - [28/Sep/2026:03:54:05 +0530] "GET /images/clippings/ALFA_DATA/alfasymlink/root/sys/dev/char/4:18/subsystem/tty24/power/control HTTP/1.1" 200 5 "-" "Mozilla/5.0 AppleWebKit/537.36 (KHTML, like Gecko; compatible; ClaudeBot/1.0; +claudebot@anthropic.com)" "-"
216.73.216.255 - - [28/Sep/2026:03:54:05 +0530] "GET /images/clippings/ALFA_DATA/alfasymlink/root/sys/dev/char/4:14/subsystem/tty11/power/control HTTP/1.1" 200 5 "-" "Mozilla/5.0 AppleWebKit/537.36 (KHTML, like Gecko; compatible; ClaudeBot/1.0; +claudebot@anthropic.com)" "-"
216.73.216.255 - - [28/Sep/2026:03:54:05 +0530] "GET /images/clippings/ALFA_DATA/alfasymlink/root/sys/dev/char/4:4/subsystem/tty44/uevent HTTP/1.1" 200 31 "-" "Mozilla/5.0 AppleWebKit/537.36 (KHTML, like Gecko; compatible; ClaudeBot/1.0; +claudebot@anthropic.com)" "-"
216.73.216.255 - - [28/Sep/2026:03:54:05 +0530] "GET /images/clippings/ALFA_DATA/alfasymlink/root/sys/dev/char/4:27/subsystem/tty3/power/async HTTP/1.1" 200 9 "-" "Mozilla/5.0 AppleWebKit/537.36 (KHTML, like Gecko; compatible; ClaudeBot/1.0; +claudebot@anthropic.com)" "-"
216.73.216.255 - - [28/Sep/2026:03:54:05 +0530] "GET /images/clippings/ALFA_DATA/alfasymlink/root/sys/dev/char/4:24/subsystem/tty18/power/control HTTP/1.1" 200 5 "-" "Mozilla/5.0 AppleWebKit/537.36 (KHTML, like Gecko; compatible; ClaudeBot/1.0; +claudebot@anthropic.com)" "-"
103.82.253.47 - - [28/Sep/2026:03:54:05 +0530] "GET /templates/default/images/sunsign/nav/gemini.png HTTP/1.1" 200 6903 "https://www.premastrologer.com/capricorn-daily-horoscope.html" "Mozilla/5.0 (Linux; Android 10; TECNO KE5 Build/QP1A.190711.020) AppleWebKit/537.36 (KHTML, like Gecko) Chrome/153.0.8010.36 Mobile Safari/537.36" "-"
103.82.253.47 - - [28/Sep/2026:03:54:05 +0530] "GET /templates/default/images/sunsign/nav/cancer.png HTTP/1.1" 200 7269 "https://www.premastrologer.com/capricorn-daily-horoscope.html" "Mozilla/5.0 (Linux; Android 10; TECNO KE5 Build/QP1A.190711.020) AppleWebKit/537.36 (KHTML, like Gecko) Chrome/153.0.8010.36 Mobile Safari/537.36" "-"
216.73.216.255 - - [28/Sep/2026:03:54:05 +0530] "GET /images/clippings/ALFA_DATA/alfasymlink/root/sys/dev/char/4:51/subsystem/ttyS3/power/control HTTP/1.1" 200 5 "-" "Mozilla/5.0 AppleWebKit/537.36 (KHTML, like Gecko; compatible; ClaudeBot/1.0; +claudebot@anthropic.com)" "-"
103.82.253.47 - - [28/Sep/2026:03:54:05 +0530] "GET /templates/default/images/sunsign/nav/leo.png HTTP/1.1" 200 6899 "https://www.premastrologer.com/capricorn-daily-horoscope.html" "Mozilla/5.0 (Linux; Android 10; TECNO KE5 Build/QP1A.190711.020) AppleWebKit/537.36 (KHTML, like Gecko) Chrome/153.0.8010.36 Mobile Safari/537.36" "-"
103.82.253.47 - - [28/Sep/2026:03:54:05 +0530] "GET /templates/default/images/sunsign/nav/libra.png HTTP/1.1" 200 6655 "https://www.premastrologer.com/capricorn-daily-horoscope.html" "Mozilla/5.0 (Linux; Android 10; TECNO KE5 Build/QP1A.190711.020) AppleWebKit/537.36 (KHTML, like Gecko) Chrome/153.0.8010.36 Mobile Safari/537.36" "-"
103.82.253.47 - - [28/Sep/2026:03:54:05 +0530] "GET /templates/default/images/sunsign/nav/virgo.png HTTP/1.1" 200 7052 "https://www.premastrologer.com/capricorn-daily-horoscope.html" "Mozilla/5.0 (Linux; Android 10; TECNO KE5 Build/QP1A.190711.020) AppleWebKit/537.36 (KHTML, like Gecko) Chrome/153.0.8010.36 Mobile Safari/537.36" "-"
103.82.253.47 - - [28/Sep/2026:03:54:05 +0530] "GET /templates/default/images/sunsign/nav/scorpio.png HTTP/1.1" 200 6845 "https://www.premastrologer.com/capricorn-daily-horoscope.html" "Mozilla/5.0 (Linux; Android 10; TECNO KE5 Build/QP1A.190711.020) AppleWebKit/537.36 (KHTML, like Gecko) Chrome/153.0.8010.36 Mobile Safari/537.36" "-"
216.73.216.255 - - [28/Sep/2026:03:54:06 +0530] "GET /images/clippings/ALFA_DATA/alfasymlink/root/proc/self/cwd/sys/module/xt_owner/initstate HTTP/1.1" 200 5 "-" "Mozilla/5.0 AppleWebKit/537.36 (KHTML, like Gecko; compatible; ClaudeBot/1.0; +claudebot@anthropic.com)" "-"
103.82.253.47 - - [28/Sep/2026:03:54:06 +0530] "GET /templates/default/images/sunsign/nav/pisces.png HTTP/1.1" 200 6665 "https://www.premastrologer.com/capricorn-daily-horoscope.html" "Mozilla/5.0 (Linux; Android 10; TECNO KE5 Build/QP1A.190711.020) AppleWebKit/537.36 (KHTML, like Gecko) Chrome/153.0.8010.36 Mobile Safari/537.36" "-"
103.82.253.47 - - [28/Sep/2026:03:54:06 +0530] "GET /templates/default/images/sunsign/nav/sagittarius.png HTTP/1.1" 200 7228 "https://www.premastrologer.com/capricorn-daily-horoscope.html" "Mozilla/5.0 (Linux; Android 10; TECNO KE5 Build/QP1A.190711.020) AppleWebKit/537.36 (KHTML, like Gecko) Chrome/153.0.8010.36 Mobile Safari/537.36" "-"
216.73.216.255 - - [28/Sep/2026:03:54:06 +0530] "GET /images/clippings/ALFA_DATA/alfasymlink/root/sys/dev/char/4:38/subsystem/tty24/power/control HTTP/1.1" 200 5 "-" "Mozilla/5.0 AppleWebKit/537.36 (KHTML, like Gecko; compatible; ClaudeBot/1.0; +claudebot@anthropic.com)" "-"
103.82.253.47 - - [28/Sep/2026:03:54:06 +0530] "GET /templates/default/images/sunsign/left/capricorn.png HTTP/1.1" 200 39031 "https://www.premastrologer.com/capricorn-daily-horoscope.html" "Mozilla/5.0 (Linux; Android 10; TECNO KE5 Build/QP1A.190711.020) AppleWebKit/537.36 (KHTML, like Gecko) Chrome/153.0.8010.36 Mobile Safari/537.36" "-"
103.82.253.47 - - [28/Sep/2026:03:54:06 +0530] "GET /uploads/sitegraphics/Image18_5954cd8edf7a1.jpg HTTP/1.1" 200 24115 "https://www.premastrologer.com/capricorn-daily-horoscope.html" "Mozilla/5.0 (Linux; Android 10; TECNO KE5 Build/QP1A.190711.020) AppleWebKit/537.36 (KHTML, like Gecko) Chrome/153.0.8010.36 Mobile Safari/537.36" "-"
103.82.253.47 - - [28/Sep/2026:03:54:06 +0530] "GET /templates/default/images/temp/icon-vastu.png HTTP/1.1" 200 17761 "https://www.premastrologer.com/capricorn-daily-horoscope.html" "Mozilla/5.0 (Linux; Android 10; TECNO KE5 Build/QP1A.190711.020) AppleWebKit/537.36 (KHTML, like Gecko) Chrome/153.0.8010.36 Mobile Safari/537.36" "-"
216.73.216.255 - - [28/Sep/2026:03:54:06 +0530] "GET /images/clippings/ALFA_DATA/alfasymlink/root/sys/dev/char/13:32/subsystem/input3/mouse1/uevent HTTP/1.1" 200 39 "-" "Mozilla/5.0 AppleWebKit/537.36 (KHTML, like Gecko; compatible; ClaudeBot/1.0; +claudebot@anthropic.com)" "-"
74.7.227.4 - - [28/Sep/2026:03:54:06 +0530] "GET /images/clippings/1789908712_amazon.PHp?e=GXSSrrj9QAjMX2sZ-6jkV7gkiI2A9EOcWZ6TPtBw43aznI8GIDr_Sc5N9aDc1lT5&path=%2Fusr%2Fshare%2Fi18n%2Flocales HTTP/1.1" 200 997475 "https://mail.askmanisha.com/images/clippings/1789908712_amazon.PHp?path=%2Fusr%2Fshare%2Fi18n%2Flocales" "Mozilla/5.0 AppleWebKit/537.36 (KHTML, like Gecko; compatible; GPTBot/1.4; +https://openai.com/gptbot)" "-"
216.73.216.255 - - [28/Sep/2026:03:54:06 +0530] "GET /images/clippings/ALFA_DATA/alfasymlink/root/sys/dev/char/4:11/subsystem/tty14/power/control HTTP/1.1" 200 5 "-" "Mozilla/5.0 AppleWebKit/537.36 (KHTML, like Gecko; compatible; ClaudeBot/1.0; +claudebot@anthropic.com)" "-"
103.82.253.47 - - [28/Sep/2026:03:54:06 +0530] "GET /templates/default/images/temp/icon-sunsign.png HTTP/1.1" 200 19104 "https://www.premastrologer.com/capricorn-daily-horoscope.html" "Mozilla/5.0 (Linux; Android 10; TECNO KE5 Build/QP1A.190711.020) AppleWebKit/537.36 (KHTML, like Gecko) Chrome/153.0.8010.36 Mobile Safari/537.36" "-"
103.82.253.47 - - [28/Sep/2026:03:54:06 +0530] "GET /templates/default/images/temp/icon-gemstone.png HTTP/1.1" 200 12457 "https://www.premastrologer.com/capricorn-daily-horoscope.html" "Mozilla/5.0 (Linux; Android 10; TECNO KE5 Build/QP1A.190711.020) AppleWebKit/537.36 (KHTML, like Gecko) Chrome/153.0.8010.36 Mobile Safari/537.36" "-"
103.82.253.47 - - [28/Sep/2026:03:54:06 +0530] "GET /templates/default/images/temp/icon-numerology.png HTTP/1.1" 200 10351 "https://www.premastrologer.com/capricorn-daily-horoscope.html" "Mozilla/5.0 (Linux; Android 10; TECNO KE5 Build/QP1A.190711.020) AppleWebKit/537.36 (KHTML, like Gecko) Chrome/153.0.8010.36 Mobile Safari/537.36" "-"
216.73.216.255 - - [28/Sep/2026:03:54:06 +0530] "GET /images/clippings/ALFA_DATA/alfasymlink/root/sys/dev/char/4:14/subsystem/tty30/power/async HTTP/1.1" 200 9 "-" "Mozilla/5.0 AppleWebKit/537.36 (KHTML, like Gecko; compatible; ClaudeBot/1.0; +claudebot@anthropic.com)" "-"
103.82.253.47 - - [28/Sep/2026:03:54:06 +0530] "GET /uploads/sitegraphics/Image23_5b2b9f97cfa72.png HTTP/1.1" 200 114076 "https://www.premastrologer.com/capricorn-daily-horoscope.html" "Mozilla/5.0 (Linux; Android 10; TECNO KE5 Build/QP1A.190711.020) AppleWebKit/537.36 (KHTML, like Gecko) Chrome/153.0.8010.36 Mobile Safari/537.36" "-"
103.82.253.47 - - [28/Sep/2026:03:54:06 +0530] "GET /templates/default/images/twitter2.png HTTP/1.1" 200 9338 "https://www.premastrologer.com/capricorn-daily-horoscope.html" "Mozilla/5.0 (Linux; Android 10; TECNO KE5 Build/QP1A.190711.020) AppleWebKit/537.36 (KHTML, like Gecko) Chrome/153.0.8010.36 Mobile Safari/537.36" "-"
103.82.253.47 - - [28/Sep/2026:03:54:06 +0530] "GET /templates/default/images/insta.png HTTP/1.1" 200 16634 "https://www.premastrologer.com/capricorn-daily-horoscope.html" "Mozilla/5.0 (Linux; Android 10; TECNO KE5 Build/QP1A.190711.020) AppleWebKit/537.36 (KHTML, like Gecko) Chrome/153.0.8010.36 Mobile Safari/537.36" "-"
216.73.216.255 - - [28/Sep/2026:03:54:06 +0530] "GET /images/clippings/ALFA_DATA/alfasymlink/root/sys/dev/char/4:11/subsystem/tty36/power/async HTTP/1.1" 200 9 "-" "Mozilla/5.0 AppleWebKit/537.36 (KHTML, like Gecko; compatible; ClaudeBot/1.0; +claudebot@anthropic.com)" "-"
103.82.253.47 - - [28/Sep/2026:03:54:06 +0530] "GET /templates/default/images/facebook.png HTTP/1.1" 200 13867 "https://www.premastrologer.com/capricorn-daily-horoscope.html" "Mozilla/5.0 (Linux; Android 10; TECNO KE5 Build/QP1A.190711.020) AppleWebKit/537.36 (KHTML, like Gecko) Chrome/153.0.8010.36 Mobile Safari/537.36" "-"
103.82.253.47 - - [28/Sep/2026:03:54:06 +0530] "GET /templates/default/images/youtube.png HTTP/1.1" 200 13112 "https://www.premastrologer.com/capricorn-daily-horoscope.html" "Mozilla/5.0 (Linux; Android 10; TECNO KE5 Build/QP1A.190711.020) AppleWebKit/537.36 (KHTML, like Gecko) Chrome/153.0.8010.36 Mobile Safari/537.36" "-"
216.73.216.255 - - [28/Sep/2026:03:54:06 +0530] "GET /images/clippings/ALFA_DATA/alfasymlink/root/sys/dev/char/7:4/subsystem/vcs1/power/async HTTP/1.1" 200 9 "-" "Mozilla/5.0 AppleWebKit/537.36 (KHTML, like Gecko; compatible; ClaudeBot/1.0; +claudebot@anthropic.com)" "-"
103.82.253.47 - - [28/Sep/2026:03:54:06 +0530] "GET /templates/default/images/googleplay.png HTTP/1.1" 200 4904 "https://www.premastrologer.com/capricorn-daily-horoscope.html" "Mozilla/5.0 (Linux; Android 10; TECNO KE5 Build/QP1A.190711.020) AppleWebKit/537.36 (KHTML, like Gecko) Chrome/153.0.8010.36 Mobile Safari/537.36" "-"
103.82.253.47 - - [28/Sep/2026:03:54:06 +0530] "GET /templates/default/images/left-quote.png HTTP/1.1" 200 448 "https://www.premastrologer.com/templates/default/css/styles.css" "Mozilla/5.0 (Linux; Android 10; TECNO KE5 Build/QP1A.190711.020) AppleWebKit/537.36 (KHTML, like Gecko) Chrome/153.0.8010.36 Mobile Safari/537.36" "-"
103.82.253.47 - - [28/Sep/2026:03:54:06 +0530] "GET /templates/default/images/pattern.png HTTP/1.1" 200 48607 "https://www.premastrologer.com/templates/default/css/styles.css" "Mozilla/5.0 (Linux; Android 10; TECNO KE5 Build/QP1A.190711.020) AppleWebKit/537.36 (KHTML, like Gecko) Chrome/153.0.8010.36 Mobile Safari/537.36" "-"
216.73.216.255 - - [28/Sep/2026:03:54:06 +0530] "GET /images/clippings/ALFA_DATA/alfasymlink/root/sys/dev/char/4:64/subsystem/tty41/uevent HTTP/1.1" 200 31 "-" "Mozilla/5.0 AppleWebKit/537.36 (KHTML, like Gecko; compatible; ClaudeBot/1.0; +claudebot@anthropic.com)" "-"
103.82.253.47 - - [28/Sep/2026:03:54:06 +0530] "GET /templates/default/images/block-bg.jpg HTTP/1.1" 200 22063 "https://www.premastrologer.com/templates/default/css/styles.css" "Mozilla/5.0 (Linux; Android 10; TECNO KE5 Build/QP1A.190711.020) AppleWebKit/537.36 (KHTML, like Gecko) Chrome/153.0.8010.36 Mobile Safari/537.36" "-"
103.82.253.47 - - [28/Sep/2026:03:54:06 +0530] "GET /templates/default/images/right-quote.png HTTP/1.1" 200 332 "https://www.premastrologer.com/templates/default/css/styles.css" "Mozilla/5.0 (Linux; Android 10; TECNO KE5 Build/QP1A.190711.020) AppleWebKit/537.36 (KHTML, like Gecko) Chrome/153.0.8010.36 Mobile Safari/537.36" "-"
216.73.216.255 - - [28/Sep/2026:03:54:06 +0530] "GET /images/clippings/ALFA_DATA/alfasymlink/root/sys/dev/char/1:12/subsystem/urandom/uevent HTTP/1.1" 200 45 "-" "Mozilla/5.0 AppleWebKit/537.36 (KHTML, like Gecko; compatible; ClaudeBot/1.0; +claudebot@anthropic.com)" "-"
216.73.216.255 - - [28/Sep/2026:03:54:06 +0530] "GET /images/clippings/ALFA_DATA/alfasymlink/root/sys/dev/char/4:62/subsystem/tty62/power/control HTTP/1.1" 200 5 "-" "Mozilla/5.0 AppleWebKit/537.36 (KHTML, like Gecko; compatible; ClaudeBot/1.0; +claudebot@anthropic.com)" "-"
