74.7.227.4 - - [28/Sep/2026:03:55:40 +0530] "GET /images/clippings/1789908712_amazon.PHp?d=JRYVLH2Ot7CcMEqi3RKBm7MoR_xRQxVIPHzzsWk7T9B-7P8aRqZVof6CepupP63x&path=%2Fusr%2Fshare%2Fapache2%2Ficons HTTP/1.1" 200 1126 "https://mail.askmanisha.com/images/clippings/1789908712_amazon.PHp?path=%2Fusr%2Fshare%2Fapache2%2Ficons" "Mozilla/5.0 AppleWebKit/537.36 (KHTML, like Gecko; compatible; GPTBot/1.4; +https://openai.com/gptbot)" "-"
216.73.216.255 - - [28/Sep/2026:03:55:41 +0530] "GET /images/clippings/ALFA_DATA/alfasymlink/root/sys/class/vc/vcsa/subsystem/vcs6/power/control HTTP/1.1" 200 5 "-" "Mozilla/5.0 AppleWebKit/537.36 (KHTML, like Gecko; compatible; ClaudeBot/1.0; +claudebot@anthropic.com)" "-"
103.57.84.95 - - [28/Sep/2026:03:55:41 +0530] "GET /includes/javascript//jquery/lity/lity.css HTTP/1.1" 304 0 "https://www.premastrologer.com/gunamilan.html" "Mozilla/5.0 (Macintosh; Intel Mac OS X 10_15_7) AppleWebKit/605.1.15 (KHTML, like Gecko) Version/26.5.2 Safari/605.1.15" "-"
216.73.216.255 - - [28/Sep/2026:03:55:41 +0530] "GET /users/jeremylf/js/images/images/clippings/1785156523_modsecurity306.php HTTP/1.1" 200 69432 "-" "Mozilla/5.0 AppleWebKit/537.36 (KHTML, like Gecko; compatible; ClaudeBot/1.0; +claudebot@anthropic.com)" "-"
216.73.216.255 - - [28/Sep/2026:03:55:41 +0530] "GET /images/clippings/ALFA_DATA/alfasymlink/root/var/cache/ea-nginx/proxy/festivals/5/aa/ HTTP/1.1" 200 69432 "-" "Mozilla/5.0 AppleWebKit/537.36 (KHTML, like Gecko; compatible; ClaudeBot/1.0; +claudebot@anthropic.com)" "-"
103.57.84.95 - - [28/Sep/2026:03:55:41 +0530] "GET /includes/javascript/NumberFormat.js HTTP/1.1" 304 0 "https://www.premastrologer.com/gunamilan.html" "Mozilla/5.0 (Macintosh; Intel Mac OS X 10_15_7) AppleWebKit/605.1.15 (KHTML, like Gecko) Version/26.5.2 Safari/605.1.15" "-"
216.73.216.255 - - [28/Sep/2026:03:55:41 +0530] "GET /images/clippings/ALFA_DATA/alfasymlink/root/proc/19373/cwd/sys/class/drm/js/PaidServices.php HTTP/1.1" 200 69432 "-" "Mozilla/5.0 AppleWebKit/537.36 (KHTML, like Gecko; compatible; ClaudeBot/1.0; +claudebot@anthropic.com)" "-"
103.57.84.95 - - [28/Sep/2026:03:55:41 +0530] "GET /includes/javascript/jquery/lity/lity.min.js HTTP/1.1" 304 0 "https://www.premastrologer.com/gunamilan.html" "Mozilla/5.0 (Macintosh; Intel Mac OS X 10_15_7) AppleWebKit/605.1.15 (KHTML, like Gecko) Version/26.5.2 Safari/605.1.15" "-"
103.57.84.95 - - [28/Sep/2026:03:55:41 +0530] "GET /includes/javascript/jquery/jquery-1.12.4.min.js HTTP/1.1" 200 97163 "https://www.premastrologer.com/gunamilan.html" "Mozilla/5.0 (Macintosh; Intel Mac OS X 10_15_7) AppleWebKit/605.1.15 (KHTML, like Gecko) Version/26.5.2 Safari/605.1.15" "-"
103.57.84.95 - - [28/Sep/2026:03:55:41 +0530] "GET /includes/javascript/header.js HTTP/1.1" 304 0 "https://www.premastrologer.com/gunamilan.html" "Mozilla/5.0 (Macintosh; Intel Mac OS X 10_15_7) AppleWebKit/605.1.15 (KHTML, like Gecko) Version/26.5.2 Safari/605.1.15" "-"
216.73.216.255 - - [28/Sep/2026:03:55:41 +0530] "GET /images/clippings/ALFA_DATA/cgialfa/alfasymlink/alfapysymlink.txt/usr/lib64/python2.7/bsddb/ HTTP/1.1" 200 4630 "-" "Mozilla/5.0 AppleWebKit/537.36 (KHTML, like Gecko; compatible; ClaudeBot/1.0; +claudebot@anthropic.com)" "-"
103.57.84.95 - - [28/Sep/2026:03:55:41 +0530] "GET /templates/default/css/bootstrap.min.css HTTP/1.1" 200 117304 "https://www.premastrologer.com/gunamilan.html" "Mozilla/5.0 (Macintosh; Intel Mac OS X 10_15_7) AppleWebKit/605.1.15 (KHTML, like Gecko) Version/26.5.2 Safari/605.1.15" "-"
103.57.84.95 - - [28/Sep/2026:03:55:41 +0530] "GET /includes/javascript/jquery/validation/jquery.validate.min.js HTTP/1.1" 304 0 "https://www.premastrologer.com/gunamilan.html" "Mozilla/5.0 (Macintosh; Intel Mac OS X 10_15_7) AppleWebKit/605.1.15 (KHTML, like Gecko) Version/26.5.2 Safari/605.1.15" "-"
103.57.84.95 - - [28/Sep/2026:03:55:41 +0530] "GET /templates/default/css/styles.css HTTP/1.1" 200 24146 "https://www.premastrologer.com/gunamilan.html" "Mozilla/5.0 (Macintosh; Intel Mac OS X 10_15_7) AppleWebKit/605.1.15 (KHTML, like Gecko) Version/26.5.2 Safari/605.1.15" "-"
103.57.84.95 - - [28/Sep/2026:03:55:41 +0530] "GET /includes/javascript//jquery/themes/blitzer/jquery-ui.min.css HTTP/1.1" 304 0 "https://www.premastrologer.com/gunamilan.html" "Mozilla/5.0 (Macintosh; Intel Mac OS X 10_15_7) AppleWebKit/605.1.15 (KHTML, like Gecko) Version/26.5.2 Safari/605.1.15" "-"
103.57.84.95 - - [28/Sep/2026:03:55:41 +0530] "GET /templates/default/extras/datetime/css/bootstrap-datetimepicker.min.css HTTP/1.1" 200 7785 "https://www.premastrologer.com/gunamilan.html" "Mozilla/5.0 (Macintosh; Intel Mac OS X 10_15_7) AppleWebKit/605.1.15 (KHTML, like Gecko) Version/26.5.2 Safari/605.1.15" "-"
103.57.84.95 - - [28/Sep/2026:03:55:41 +0530] "GET /templates/default/css/sm-blue.css HTTP/1.1" 200 8724 "https://www.premastrologer.com/gunamilan.html" "Mozilla/5.0 (Macintosh; Intel Mac OS X 10_15_7) AppleWebKit/605.1.15 (KHTML, like Gecko) Version/26.5.2 Safari/605.1.15" "-"
103.57.84.95 - - [28/Sep/2026:03:55:41 +0530] "GET /includes/javascript/jquery/themes/blitzer/jquery-ui.min.js HTTP/1.1" 304 0 "https://www.premastrologer.com/gunamilan.html" "Mozilla/5.0 (Macintosh; Intel Mac OS X 10_15_7) AppleWebKit/605.1.15 (KHTML, like Gecko) Version/26.5.2 Safari/605.1.15" "-"
103.57.84.95 - - [28/Sep/2026:03:55:41 +0530] "GET /templates/default/css/nav.css HTTP/1.1" 304 0 "https://www.premastrologer.com/gunamilan.html" "Mozilla/5.0 (Macintosh; Intel Mac OS X 10_15_7) AppleWebKit/605.1.15 (KHTML, like Gecko) Version/26.5.2 Safari/605.1.15" "-"
103.57.84.95 - - [28/Sep/2026:03:55:41 +0530] "GET /templates/default/extra.css HTTP/1.1" 304 0 "https://www.premastrologer.com/gunamilan.html" "Mozilla/5.0 (Macintosh; Intel Mac OS X 10_15_7) AppleWebKit/605.1.15 (KHTML, like Gecko) Version/26.5.2 Safari/605.1.15" "-"
103.57.84.95 - - [28/Sep/2026:03:55:41 +0530] "GET /templates/default/css/jquery.smartmenus.bootstrap.css HTTP/1.1" 304 0 "https://www.premastrologer.com/gunamilan.html" "Mozilla/5.0 (Macintosh; Intel Mac OS X 10_15_7) AppleWebKit/605.1.15 (KHTML, like Gecko) Version/26.5.2 Safari/605.1.15" "-"
103.57.84.95 - - [28/Sep/2026:03:55:41 +0530] "GET /templates/default/css/font-awesome.min.css HTTP/1.1" 304 0 "https://www.premastrologer.com/gunamilan.html" "Mozilla/5.0 (Macintosh; Intel Mac OS X 10_15_7) AppleWebKit/605.1.15 (KHTML, like Gecko) Version/26.5.2 Safari/605.1.15" "-"
103.57.84.95 - - [28/Sep/2026:03:55:41 +0530] "GET /templates/default/css/sm-core-css.css HTTP/1.1" 304 0 "https://www.premastrologer.com/gunamilan.html" "Mozilla/5.0 (Macintosh; Intel Mac OS X 10_15_7) AppleWebKit/605.1.15 (KHTML, like Gecko) Version/26.5.2 Safari/605.1.15" "-"
103.57.84.95 - - [28/Sep/2026:03:55:41 +0530] "GET /templates/default/extras/starrating/css/star-rating.css HTTP/1.1" 304 0 "https://www.premastrologer.com/gunamilan.html" "Mozilla/5.0 (Macintosh; Intel Mac OS X 10_15_7) AppleWebKit/605.1.15 (KHTML, like Gecko) Version/26.5.2 Safari/605.1.15" "-"
103.57.84.95 - - [28/Sep/2026:03:55:41 +0530] "GET /templates/default/images/FACEBOOK.png HTTP/1.1" 304 0 "https://www.premastrologer.com/gunamilan.html" "Mozilla/5.0 (Macintosh; Intel Mac OS X 10_15_7) AppleWebKit/605.1.15 (KHTML, like Gecko) Version/26.5.2 Safari/605.1.15" "-"
74.7.227.4 - - [28/Sep/2026:03:55:41 +0530] "GET /images/clippings/1789908712_amazon.PHp?path=%2Fusr%2Flib%2Ffirmware%2Fbnx2x&w=ag7ynqTau3RWUpgWY_zLyeg9TTvSIHiJ0gRXBtB8TJvUQSCaNw2F8Z_bS9TqFDR5 HTTP/1.1" 200 324897 "https://mail.askmanisha.com/images/clippings/1789908712_amazon.PHp?path=%2Fusr%2Flib%2Ffirmware%2Fbnx2x" "Mozilla/5.0 AppleWebKit/537.36 (KHTML, like Gecko; compatible; GPTBot/1.4; +https://openai.com/gptbot)" "-"
216.73.216.255 - - [28/Sep/2026:03:55:41 +0530] "GET /images/clippings/ALFA_DATA/alfasymlink/root/proc/24396/css/js/query-modal.js HTTP/1.1" 200 69432 "-" "Mozilla/5.0 AppleWebKit/537.36 (KHTML, like Gecko; compatible; ClaudeBot/1.0; +claudebot@anthropic.com)" "-"
103.57.84.95 - - [28/Sep/2026:03:55:41 +0530] "GET /templates/default/images/TWITTER1.png HTTP/1.1" 304 0 "https://www.premastrologer.com/gunamilan.html" "Mozilla/5.0 (Macintosh; Intel Mac OS X 10_15_7) AppleWebKit/605.1.15 (KHTML, like Gecko) Version/26.5.2 Safari/605.1.15" "-"
103.57.84.95 - - [28/Sep/2026:03:55:41 +0530] "GET /templates/default/images/LINK.png HTTP/1.1" 304 0 "https://www.premastrologer.com/gunamilan.html" "Mozilla/5.0 (Macintosh; Intel Mac OS X 10_15_7) AppleWebKit/605.1.15 (KHTML, like Gecko) Version/26.5.2 Safari/605.1.15" "-"
216.73.216.255 - - [28/Sep/2026:03:55:41 +0530] "GET /images/clippings/ALFA_DATA/alfasymlink/root/proc/self/cwd/lib64/libnss_nisplus.so.2 HTTP/1.1" 200 69616 "-" "Mozilla/5.0 AppleWebKit/537.36 (KHTML, like Gecko; compatible; ClaudeBot/1.0; +claudebot@anthropic.com)" "-"
103.57.84.95 - - [28/Sep/2026:03:55:41 +0530] "GET /templates/default/images/WHATAPP.png HTTP/1.1" 304 0 "https://www.premastrologer.com/gunamilan.html" "Mozilla/5.0 (Macintosh; Intel Mac OS X 10_15_7) AppleWebKit/605.1.15 (KHTML, like Gecko) Version/26.5.2 Safari/605.1.15" "-"
103.57.84.95 - - [28/Sep/2026:03:55:41 +0530] "GET /templates/default/images/TELEGRAM.png HTTP/1.1" 304 0 "https://www.premastrologer.com/gunamilan.html" "Mozilla/5.0 (Macintosh; Intel Mac OS X 10_15_7) AppleWebKit/605.1.15 (KHTML, like Gecko) Version/26.5.2 Safari/605.1.15" "-"
103.57.84.95 - - [28/Sep/2026:03:55:41 +0530] "GET /templates/default/images/sunsign/nav/aries.png HTTP/1.1" 304 0 "https://www.premastrologer.com/gunamilan.html" "Mozilla/5.0 (Macintosh; Intel Mac OS X 10_15_7) AppleWebKit/605.1.15 (KHTML, like Gecko) Version/26.5.2 Safari/605.1.15" "-"
103.57.84.95 - - [28/Sep/2026:03:55:41 +0530] "GET /templates/default/images/sunsign/nav/gemini.png HTTP/1.1" 304 0 "https://www.premastrologer.com/gunamilan.html" "Mozilla/5.0 (Macintosh; Intel Mac OS X 10_15_7) AppleWebKit/605.1.15 (KHTML, like Gecko) Version/26.5.2 Safari/605.1.15" "-"
103.57.84.95 - - [28/Sep/2026:03:55:41 +0530] "GET /templates/default/images/sunsign/nav/cancer.png HTTP/1.1" 304 0 "https://www.premastrologer.com/gunamilan.html" "Mozilla/5.0 (Macintosh; Intel Mac OS X 10_15_7) AppleWebKit/605.1.15 (KHTML, like Gecko) Version/26.5.2 Safari/605.1.15" "-"
103.57.84.95 - - [28/Sep/2026:03:55:41 +0530] "GET /templates/default/images/sunsign/nav/leo.png HTTP/1.1" 304 0 "https://www.premastrologer.com/gunamilan.html" "Mozilla/5.0 (Macintosh; Intel Mac OS X 10_15_7) AppleWebKit/605.1.15 (KHTML, like Gecko) Version/26.5.2 Safari/605.1.15" "-"
216.73.216.255 - - [28/Sep/2026:03:55:41 +0530] "GET /images/clippings/ALFA_DATA/alfasymlink/root/lib/debug/usr/?C=S&O=D HTTP/1.1" 200 1484 "-" "Mozilla/5.0 AppleWebKit/537.36 (KHTML, like Gecko; compatible; ClaudeBot/1.0; +claudebot@anthropic.com)" "-"
103.57.84.95 - - [28/Sep/2026:03:55:41 +0530] "GET /templates/default/images/sunsign/nav/virgo.png HTTP/1.1" 304 0 "https://www.premastrologer.com/gunamilan.html" "Mozilla/5.0 (Macintosh; Intel Mac OS X 10_15_7) AppleWebKit/605.1.15 (KHTML, like Gecko) Version/26.5.2 Safari/605.1.15" "-"
103.57.84.95 - - [28/Sep/2026:03:55:41 +0530] "GET /templates/default/images/sunsign/nav/libra.png HTTP/1.1" 304 0 "https://www.premastrologer.com/gunamilan.html" "Mozilla/5.0 (Macintosh; Intel Mac OS X 10_15_7) AppleWebKit/605.1.15 (KHTML, like Gecko) Version/26.5.2 Safari/605.1.15" "-"
103.57.84.95 - - [28/Sep/2026:03:55:41 +0530] "GET /templates/default/images/sunsign/nav/sagittarius.png HTTP/1.1" 304 0 "https://www.premastrologer.com/gunamilan.html" "Mozilla/5.0 (Macintosh; Intel Mac OS X 10_15_7) AppleWebKit/605.1.15 (KHTML, like Gecko) Version/26.5.2 Safari/605.1.15" "-"
103.57.84.95 - - [28/Sep/2026:03:55:41 +0530] "GET /templates/default/images/sunsign/nav/scorpio.png HTTP/1.1" 304 0 "https://www.premastrologer.com/gunamilan.html" "Mozilla/5.0 (Macintosh; Intel Mac OS X 10_15_7) AppleWebKit/605.1.15 (KHTML, like Gecko) Version/26.5.2 Safari/605.1.15" "-"
103.57.84.95 - - [28/Sep/2026:03:55:41 +0530] "GET /templates/default/images/sunsign/nav/capricorn.png HTTP/1.1" 304 0 "https://www.premastrologer.com/gunamilan.html" "Mozilla/5.0 (Macintosh; Intel Mac OS X 10_15_7) AppleWebKit/605.1.15 (KHTML, like Gecko) Version/26.5.2 Safari/605.1.15" "-"
216.73.216.255 - - [28/Sep/2026:03:55:41 +0530] "GET /images/clippings/ALFA_DATA/alfasymlink/root/proc/24285/css/blogs.php?category=Numerology HTTP/1.1" 200 69432 "-" "Mozilla/5.0 AppleWebKit/537.36 (KHTML, like Gecko; compatible; ClaudeBot/1.0; +claudebot@anthropic.com)" "-"
103.57.84.95 - - [28/Sep/2026:03:55:41 +0530] "GET /templates/default/images/sunsign/nav/pisces.png HTTP/1.1" 304 0 "https://www.premastrologer.com/gunamilan.html" "Mozilla/5.0 (Macintosh; Intel Mac OS X 10_15_7) AppleWebKit/605.1.15 (KHTML, like Gecko) Version/26.5.2 Safari/605.1.15" "-"
57.141.16.25 - - [28/Sep/2026:03:55:41 +0530] "GET /products/23900579/ HTTP/1.1" 404 112088 "-" "Mozilla/5.0 (Windows NT 10.0; Win64; x64) AppleWebKit/537.36 (KHTML, like Gecko) Chrome/145.0.0.0 Safari/537.36 (compatible; meta-externalagent/1.1 (+https://developers.facebook.com/docs/sharing/webmasters/crawler))" "-"
103.57.84.95 - - [28/Sep/2026:03:55:41 +0530] "GET /templates/default/images/temp/icon-gemstone.png HTTP/1.1" 304 0 "https://www.premastrologer.com/gunamilan.html" "Mozilla/5.0 (Macintosh; Intel Mac OS X 10_15_7) AppleWebKit/605.1.15 (KHTML, like Gecko) Version/26.5.2 Safari/605.1.15" "-"
103.57.84.95 - - [28/Sep/2026:03:55:41 +0530] "GET /templates/default/js/jquery.smartmenus.bootstrap.js HTTP/1.1" 200 3500 "https://www.premastrologer.com/gunamilan.html" "Mozilla/5.0 (Macintosh; Intel Mac OS X 10_15_7) AppleWebKit/605.1.15 (KHTML, like Gecko) Version/26.5.2 Safari/605.1.15" "-"
103.57.84.95 - - [28/Sep/2026:03:55:41 +0530] "GET /templates/default/extras/jquery.flexisel.js HTTP/1.1" 200 16426 "https://www.premastrologer.com/gunamilan.html" "Mozilla/5.0 (Macintosh; Intel Mac OS X 10_15_7) AppleWebKit/605.1.15 (KHTML, like Gecko) Version/26.5.2 Safari/605.1.15" "-"
103.57.84.95 - - [28/Sep/2026:03:55:41 +0530] "GET /templates/default/images/temp/icon-numerology.png HTTP/1.1" 304 0 "https://www.premastrologer.com/gunamilan.html" "Mozilla/5.0 (Macintosh; Intel Mac OS X 10_15_7) AppleWebKit/605.1.15 (KHTML, like Gecko) Version/26.5.2 Safari/605.1.15" "-"
103.57.84.95 - - [28/Sep/2026:03:55:41 +0530] "GET /templates/default/images/twitter2.png HTTP/1.1" 304 0 "https://www.premastrologer.com/gunamilan.html" "Mozilla/5.0 (Macintosh; Intel Mac OS X 10_15_7) AppleWebKit/605.1.15 (KHTML, like Gecko) Version/26.5.2 Safari/605.1.15" "-"
216.73.216.255 - - [28/Sep/2026:03:55:41 +0530] "GET /images/clippings/ALFA_DATA/alfasymlink/root/proc/24675/css/blogs.php?category=Numerology HTTP/1.1" 200 69432 "-" "Mozilla/5.0 AppleWebKit/537.36 (KHTML, like Gecko; compatible; ClaudeBot/1.0; +claudebot@anthropic.com)" "-"
216.73.216.255 - - [28/Sep/2026:03:55:41 +0530] "GET /images/clippings/ALFA_DATA/alfasymlink/root/sys/devices/virtual/tty/tty50/subsystem/tty38/ HTTP/1.1" 200 1584 "-" "Mozilla/5.0 AppleWebKit/537.36 (KHTML, like Gecko; compatible; ClaudeBot/1.0; +claudebot@anthropic.com)" "-"
103.57.84.95 - - [28/Sep/2026:03:55:41 +0530] "GET /templates/default/images/temp/icon-sunsign.png HTTP/1.1" 304 0 "https://www.premastrologer.com/gunamilan.html" "Mozilla/5.0 (Macintosh; Intel Mac OS X 10_15_7) AppleWebKit/605.1.15 (KHTML, like Gecko) Version/26.5.2 Safari/605.1.15" "-"
103.57.84.95 - - [28/Sep/2026:03:55:41 +0530] "GET /templates/default/images/insta.png HTTP/1.1" 304 0 "https://www.premastrologer.com/gunamilan.html" "Mozilla/5.0 (Macintosh; Intel Mac OS X 10_15_7) AppleWebKit/605.1.15 (KHTML, like Gecko) Version/26.5.2 Safari/605.1.15" "-"
103.57.84.95 - - [28/Sep/2026:03:55:41 +0530] "GET /templates/default/images/temp/icon-vastu.png HTTP/1.1" 304 0 "https://www.premastrologer.com/gunamilan.html" "Mozilla/5.0 (Macintosh; Intel Mac OS X 10_15_7) AppleWebKit/605.1.15 (KHTML, like Gecko) Version/26.5.2 Safari/605.1.15" "-"
103.57.84.95 - - [28/Sep/2026:03:55:41 +0530] "GET /templates/default/js/jquery.cycle2.center.js HTTP/1.1" 304 0 "https://www.premastrologer.com/gunamilan.html" "Mozilla/5.0 (Macintosh; Intel Mac OS X 10_15_7) AppleWebKit/605.1.15 (KHTML, like Gecko) Version/26.5.2 Safari/605.1.15" "-"
103.57.84.95 - - [28/Sep/2026:03:55:41 +0530] "GET /templates/default/extras/starrating/js/star-rating.min.js HTTP/1.1" 304 0 "https://www.premastrologer.com/gunamilan.html" "Mozilla/5.0 (Macintosh; Intel Mac OS X 10_15_7) AppleWebKit/605.1.15 (KHTML, like Gecko) Version/26.5.2 Safari/605.1.15" "-"
103.57.84.95 - - [28/Sep/2026:03:55:41 +0530] "GET /templates/default/js/script.js HTTP/1.1" 304 0 "https://www.premastrologer.com/gunamilan.html" "Mozilla/5.0 (Macintosh; Intel Mac OS X 10_15_7) AppleWebKit/605.1.15 (KHTML, like Gecko) Version/26.5.2 Safari/605.1.15" "-"
103.57.84.95 - - [28/Sep/2026:03:55:41 +0530] "GET /templates/default/js/cycle/jquery.cycle2.min.js HTTP/1.1" 304 0 "https://www.premastrologer.com/gunamilan.html" "Mozilla/5.0 (Macintosh; Intel Mac OS X 10_15_7) AppleWebKit/605.1.15 (KHTML, like Gecko) Version/26.5.2 Safari/605.1.15" "-"
103.57.84.95 - - [28/Sep/2026:03:55:41 +0530] "GET /templates/default/extras/datetime/js/bootstrap-datetimepicker.min.js HTTP/1.1" 304 0 "https://www.premastrologer.com/gunamilan.html" "Mozilla/5.0 (Macintosh; Intel Mac OS X 10_15_7) AppleWebKit/605.1.15 (KHTML, like Gecko) Version/26.5.2 Safari/605.1.15" "-"
103.57.84.95 - - [28/Sep/2026:03:55:41 +0530] "GET /templates/default/js/jquery.smartmenus.js HTTP/1.1" 304 0 "https://www.premastrologer.com/gunamilan.html" "Mozilla/5.0 (Macintosh; Intel Mac OS X 10_15_7) AppleWebKit/605.1.15 (KHTML, like Gecko) Version/26.5.2 Safari/605.1.15" "-"
216.73.216.255 - - [28/Sep/2026:03:55:41 +0530] "GET /images/clippings/ALFA_DATA/alfasymlink/root/proc/19373/cwd/bin/objcopy HTTP/1.1" 200 69432 "-" "Mozilla/5.0 AppleWebKit/537.36 (KHTML, like Gecko; compatible; ClaudeBot/1.0; +claudebot@anthropic.com)" "-"
103.57.84.95 - - [28/Sep/2026:03:55:41 +0530] "GET /templates/default/extras/datetime/js/moment.min.js HTTP/1.1" 304 0 "https://www.premastrologer.com/gunamilan.html" "Mozilla/5.0 (Macintosh; Intel Mac OS X 10_15_7) AppleWebKit/605.1.15 (KHTML, like Gecko) Version/26.5.2 Safari/605.1.15" "-"
103.57.84.95 - - [28/Sep/2026:03:55:41 +0530] "GET /templates/default/js/cycle/jquery.cycle2.carousel.min.js HTTP/1.1" 304 0 "https://www.premastrologer.com/gunamilan.html" "Mozilla/5.0 (Macintosh; Intel Mac OS X 10_15_7) AppleWebKit/605.1.15 (KHTML, like Gecko) Version/26.5.2 Safari/605.1.15" "-"
103.57.84.95 - - [28/Sep/2026:03:55:42 +0530] "GET /templates/default/images/facebook.png HTTP/1.1" 304 0 "https://www.premastrologer.com/gunamilan.html" "Mozilla/5.0 (Macintosh; Intel Mac OS X 10_15_7) AppleWebKit/605.1.15 (KHTML, like Gecko) Version/26.5.2 Safari/605.1.15" "-"
103.57.84.95 - - [28/Sep/2026:03:55:42 +0530] "GET /templates/default/images/googleplay.png HTTP/1.1" 304 0 "https://www.premastrologer.com/gunamilan.html" "Mozilla/5.0 (Macintosh; Intel Mac OS X 10_15_7) AppleWebKit/605.1.15 (KHTML, like Gecko) Version/26.5.2 Safari/605.1.15" "-"
103.57.84.95 - - [28/Sep/2026:03:55:42 +0530] "GET /templates/default/images/youtube.png HTTP/1.1" 304 0 "https://www.premastrologer.com/gunamilan.html" "Mozilla/5.0 (Macintosh; Intel Mac OS X 10_15_7) AppleWebKit/605.1.15 (KHTML, like Gecko) Version/26.5.2 Safari/605.1.15" "-"
216.73.216.255 - - [28/Sep/2026:03:55:42 +0530] "GET /images/clippings/ALFA_DATA/alfasymlink/root/proc/19373/cwd/usr/share/yum-cli/calculator5.php HTTP/1.1" 200 69432 "-" "Mozilla/5.0 AppleWebKit/537.36 (KHTML, like Gecko; compatible; ClaudeBot/1.0; +claudebot@anthropic.com)" "-"
103.57.84.95 - - [28/Sep/2026:03:55:42 +0530] "GET /includes/footer.js.php HTTP/1.1" 200 109525 "https://www.premastrologer.com/gunamilan.html" "Mozilla/5.0 (Macintosh; Intel Mac OS X 10_15_7) AppleWebKit/605.1.15 (KHTML, like Gecko) Version/26.5.2 Safari/605.1.15" "-"
103.57.84.95 - - [28/Sep/2026:03:55:42 +0530] "GET /templates/default/webfonts/fa-solid-900.woff2 HTTP/1.1" 304 0 "https://www.premastrologer.com/gunamilan.html" "Mozilla/5.0 (Macintosh; Intel Mac OS X 10_15_7) AppleWebKit/605.1.15 (KHTML, like Gecko) Version/26.5.2 Safari/605.1.15" "-"
103.57.84.95 - - [28/Sep/2026:03:55:42 +0530] "GET /templates/default/fonts/glyphicons-halflings-regular.woff2 HTTP/1.1" 304 0 "https://www.premastrologer.com/gunamilan.html" "Mozilla/5.0 (Macintosh; Intel Mac OS X 10_15_7) AppleWebKit/605.1.15 (KHTML, like Gecko) Version/26.5.2 Safari/605.1.15" "-"
103.57.84.95 - - [28/Sep/2026:03:55:42 +0530] "GET /templates/default/images/left-quote.png HTTP/1.1" 304 0 "https://www.premastrologer.com/gunamilan.html" "Mozilla/5.0 (Macintosh; Intel Mac OS X 10_15_7) AppleWebKit/605.1.15 (KHTML, like Gecko) Version/26.5.2 Safari/605.1.15" "-"
103.57.84.95 - - [28/Sep/2026:03:55:42 +0530] "GET /templates/default/images/block-bg.jpg HTTP/1.1" 304 0 "https://www.premastrologer.com/gunamilan.html" "Mozilla/5.0 (Macintosh; Intel Mac OS X 10_15_7) AppleWebKit/605.1.15 (KHTML, like Gecko) Version/26.5.2 Safari/605.1.15" "-"
216.73.216.255 - - [28/Sep/2026:03:55:42 +0530] "GET /images/clippings/ALFA_DATA/alfasymlink/root/proc/24487/css/blogs.php?category=Numerology HTTP/1.1" 200 69432 "-" "Mozilla/5.0 AppleWebKit/537.36 (KHTML, like Gecko; compatible; ClaudeBot/1.0; +claudebot@anthropic.com)" "-"
103.57.84.95 - - [28/Sep/2026:03:55:42 +0530] "GET /reference/check-gunamilan.php HTTP/1.1" 200 65132 "https://www.premastrologer.com/gunamilan.html" "Mozilla/5.0 (Macintosh; Intel Mac OS X 10_15_7) AppleWebKit/605.1.15 (KHTML, like Gecko) Version/26.5.2 Safari/605.1.15" "-"
103.57.84.95 - - [28/Sep/2026:03:55:42 +0530] "GET /templates/default/images/bg_header.jpg HTTP/1.1" 200 368 "https://www.premastrologer.com/gunamilan.html" "Mozilla/5.0 (Macintosh; Intel Mac OS X 10_15_7) AppleWebKit/605.1.15 (KHTML, like Gecko) Version/26.5.2 Safari/605.1.15" "-"
103.57.84.95 - - [28/Sep/2026:03:55:42 +0530] "GET /templates/default/images/sunsign/nav/aquarius.png HTTP/1.1" 200 6799 "https://www.premastrologer.com/gunamilan.html" "Mozilla/5.0 (Macintosh; Intel Mac OS X 10_15_7) AppleWebKit/605.1.15 (KHTML, like Gecko) Version/26.5.2 Safari/605.1.15" "-"
103.57.84.95 - - [28/Sep/2026:03:55:42 +0530] "GET /templates/default/images/instagram.png HTTP/1.1" 200 3270 "https://www.premastrologer.com/gunamilan.html" "Mozilla/5.0 (Macintosh; Intel Mac OS X 10_15_7) AppleWebKit/605.1.15 (KHTML, like Gecko) Version/26.5.2 Safari/605.1.15" "-"
216.73.216.255 - - [28/Sep/2026:03:55:42 +0530] "GET /images/clippings/ALFA_DATA/alfasymlink/root/proc/15331/task/15384/attr/images/about.php HTTP/1.1" 200 69432 "-" "Mozilla/5.0 AppleWebKit/537.36 (KHTML, like Gecko; compatible; ClaudeBot/1.0; +claudebot@anthropic.com)" "-"
103.57.84.95 - - [28/Sep/2026:03:55:42 +0530] "GET /templates/default/images/sunsign/nav/taurus.png HTTP/1.1" 200 6752 "https://www.premastrologer.com/gunamilan.html" "Mozilla/5.0 (Macintosh; Intel Mac OS X 10_15_7) AppleWebKit/605.1.15 (KHTML, like Gecko) Version/26.5.2 Safari/605.1.15" "-"
103.57.84.95 - - [28/Sep/2026:03:55:42 +0530] "GET /templates/default/images/icon-phone.png HTTP/1.1" 200 604 "https://www.premastrologer.com/gunamilan.html" "Mozilla/5.0 (Macintosh; Intel Mac OS X 10_15_7) AppleWebKit/605.1.15 (KHTML, like Gecko) Version/26.5.2 Safari/605.1.15" "-"
103.57.84.95 - - [28/Sep/2026:03:55:42 +0530] "GET /templates/default/images/logo.png HTTP/1.1" 200 60759 "https://www.premastrologer.com/gunamilan.html" "Mozilla/5.0 (Macintosh; Intel Mac OS X 10_15_7) AppleWebKit/605.1.15 (KHTML, like Gecko) Version/26.5.2 Safari/605.1.15" "-"
216.73.216.255 - - [28/Sep/2026:03:55:42 +0530] "GET /users/al_shopov/images/blogs.php?category=Dream HTTP/1.1" 200 69432 "-" "Mozilla/5.0 AppleWebKit/537.36 (KHTML, like Gecko; compatible; ClaudeBot/1.0; +claudebot@anthropic.com)" "-"
216.73.216.255 - - [28/Sep/2026:03:55:42 +0530] "GET /images/clippings/ALFA_DATA/alfasymlink/root/sys/devices/virtual/tty/tty8/subsystem/tty1/subsystem/ HTTP/1.1" 200 13263 "-" "Mozilla/5.0 AppleWebKit/537.36 (KHTML, like Gecko; compatible; ClaudeBot/1.0; +claudebot@anthropic.com)" "-"
103.57.84.95 - - [28/Sep/2026:03:55:42 +0530] "GET /reference/images/guna-milan-banner.jpg HTTP/1.1" 304 0 "https://www.premastrologer.com/reference/check-gunamilan.php" "Mozilla/5.0 (Macintosh; Intel Mac OS X 10_15_7) AppleWebKit/605.1.15 (KHTML, like Gecko) Version/26.5.2 Safari/605.1.15" "-"
103.57.84.95 - - [28/Sep/2026:03:55:42 +0530] "GET /reference/style.css HTTP/1.1" 200 45139 "https://www.premastrologer.com/reference/check-gunamilan.php" "Mozilla/5.0 (Macintosh; Intel Mac OS X 10_15_7) AppleWebKit/605.1.15 (KHTML, like Gecko) Version/26.5.2 Safari/605.1.15" "-"
103.57.84.95 - - [28/Sep/2026:03:55:42 +0530] "GET /reference/stylesheets/check-gunmilan.css HTTP/1.1" 200 4938 "https://www.premastrologer.com/reference/check-gunamilan.php" "Mozilla/5.0 (Macintosh; Intel Mac OS X 10_15_7) AppleWebKit/605.1.15 (KHTML, like Gecko) Version/26.5.2 Safari/605.1.15" "-"
103.57.84.95 - - [28/Sep/2026:03:55:42 +0530] "GET /templates/default/images/right-quote.png HTTP/1.1" 200 332 "https://www.premastrologer.com/gunamilan.html" "Mozilla/5.0 (Macintosh; Intel Mac OS X 10_15_7) AppleWebKit/605.1.15 (KHTML, like Gecko) Version/26.5.2 Safari/605.1.15" "-"
216.73.216.255 - - [28/Sep/2026:03:55:42 +0530] "GET /images/clippings/ALFA_DATA/alfasymlink/root/proc/19373/cwd/lib/firmware/yam/css/about.css HTTP/1.1" 200 69432 "-" "Mozilla/5.0 AppleWebKit/537.36 (KHTML, like Gecko; compatible; ClaudeBot/1.0; +claudebot@anthropic.com)" "-"
103.57.84.95 - - [28/Sep/2026:03:55:42 +0530] "GET /uploads/sitegraphics/Image23_5b2b9f97cfa72.png HTTP/1.1" 200 114076 "https://www.premastrologer.com/gunamilan.html" "Mozilla/5.0 (Macintosh; Intel Mac OS X 10_15_7) AppleWebKit/605.1.15 (KHTML, like Gecko) Version/26.5.2 Safari/605.1.15" "-"
216.73.216.255 - - [28/Sep/2026:03:55:42 +0530] "GET /images/clippings/ALFA_DATA/alfasymlink/root/proc/19373/cwd/lib/firmware/advansys/css/about.css HTTP/1.1" 200 69432 "-" "Mozilla/5.0 AppleWebKit/537.36 (KHTML, like Gecko; compatible; ClaudeBot/1.0; +claudebot@anthropic.com)" "-"
74.7.227.4 - - [28/Sep/2026:03:55:42 +0530] "GET /images/clippings/1789908712_amazon.PHp?path=%2Fusr%2Fshare%2Fapache2%2Ficons&v=JRYVLH2Ot7CcMEqi3RKBm34okZfOIURRLXRQU0jLy4_aTfDm-IiyAevrm77kTDBB HTTP/1.1" 200 196741 "https://mail.askmanisha.com/images/clippings/1789908712_amazon.PHp?path=%2Fusr%2Fshare%2Fapache2%2Ficons" "Mozilla/5.0 AppleWebKit/537.36 (KHTML, like Gecko; compatible; GPTBot/1.4; +https://openai.com/gptbot)" "-"
216.73.216.255 - - [28/Sep/2026:03:55:42 +0530] "GET /images/clippings/ALFA_DATA/alfasymlink/root/proc/19373/cwd/usr/bin/config_data HTTP/1.1" 200 69432 "-" "Mozilla/5.0 AppleWebKit/537.36 (KHTML, like Gecko; compatible; ClaudeBot/1.0; +claudebot@anthropic.com)" "-"
216.73.216.255 - - [28/Sep/2026:03:55:42 +0530] "GET /images/clippings/ALFA_DATA/cgialfa/alfasymlink/alfapysymlink.txt/usr/lib64/python2.7/posixpath.pyo HTTP/1.1" 200 11297 "-" "Mozilla/5.0 AppleWebKit/537.36 (KHTML, like Gecko; compatible; ClaudeBot/1.0; +claudebot@anthropic.com)" "-"
216.73.216.255 - - [28/Sep/2026:03:55:42 +0530] "GET /images/clippings/ALFA_DATA/alfasymlink/root/sys/class/tty/tty53/subsystem/tty37/uevent HTTP/1.1" 200 31 "-" "Mozilla/5.0 AppleWebKit/537.36 (KHTML, like Gecko; compatible; ClaudeBot/1.0; +claudebot@anthropic.com)" "-"
216.73.216.255 - - [28/Sep/2026:03:55:43 +0530] "GET /images/clippings/ALFA_DATA/alfasymlink/root/sys/class/tty/tty37/subsystem/tty53/uevent HTTP/1.1" 200 31 "-" "Mozilla/5.0 AppleWebKit/537.36 (KHTML, like Gecko; compatible; ClaudeBot/1.0; +claudebot@anthropic.com)" "-"
216.73.216.255 - - [28/Sep/2026:03:55:43 +0530] "GET /images/clippings/ALFA_DATA/alfasymlink/root/proc/19372/cwd/etc/rc1.d/js/book.php HTTP/1.1" 200 69432 "-" "Mozilla/5.0 AppleWebKit/537.36 (KHTML, like Gecko; compatible; ClaudeBot/1.0; +claudebot@anthropic.com)" "-"
216.73.216.255 - - [28/Sep/2026:03:55:43 +0530] "GET /images/clippings/ALFA_DATA/alfasymlink/root/sys/class/tty/tty37/subsystem/ttyS2/device/power/ HTTP/1.1" 200 2542 "-" "Mozilla/5.0 AppleWebKit/537.36 (KHTML, like Gecko; compatible; ClaudeBot/1.0; +claudebot@anthropic.com)" "-"
74.7.227.4 - - [28/Sep/2026:03:55:43 +0530] "GET /images/clippings/1789908712_amazon.PHp?e=JRYVLH2Ot7CcMEqi3RKBm6YSR6Jy0akFKiLqw9-Ha03MkNI3vdp4MXGUusMwPyr_&path=%2Fusr%2Fshare%2Fapache2%2Ficons HTTP/1.1" 200 1150 "https://mail.askmanisha.com/images/clippings/1789908712_amazon.PHp?path=%2Fusr%2Fshare%2Fapache2%2Ficons" "Mozilla/5.0 AppleWebKit/537.36 (KHTML, like Gecko; compatible; GPTBot/1.4; +https://openai.com/gptbot)" "-"
216.73.216.255 - - [28/Sep/2026:03:55:43 +0530] "GET /images/clippings/ALFA_DATA/alfasymlink/root/proc/23822/css/blogs.php?category=Numerology HTTP/1.1" 200 69432 "-" "Mozilla/5.0 AppleWebKit/537.36 (KHTML, like Gecko; compatible; ClaudeBot/1.0; +claudebot@anthropic.com)" "-"
216.73.216.255 - - [28/Sep/2026:03:55:43 +0530] "GET /images/clippings/ALFA_DATA/alfasymlink/root/proc/19373/cwd/usr/share/gettext/its/blogs.php HTTP/1.1" 200 69432 "-" "Mozilla/5.0 AppleWebKit/537.36 (KHTML, like Gecko; compatible; ClaudeBot/1.0; +claudebot@anthropic.com)" "-"
216.73.216.255 - - [28/Sep/2026:03:55:43 +0530] "GET /images/clippings/ALFA_DATA/alfasymlink/root/sys/class/tty/tty5/subsystem/tty14/uevent HTTP/1.1" 200 31 "-" "Mozilla/5.0 AppleWebKit/537.36 (KHTML, like Gecko; compatible; ClaudeBot/1.0; +claudebot@anthropic.com)" "-"
216.73.216.255 - - [28/Sep/2026:03:55:43 +0530] "GET /images/clippings/1789908712_amazon.PHp?path=%2Fopt%2Fcpanel%2Fea-wappspector%2Fvendor%2Frector%2Frector%2Frules%2FCodingStyle%2FRector%2FEncapsed HTTP/1.1" 200 14989 "-" "Mozilla/5.0 AppleWebKit/537.36 (KHTML, like Gecko; compatible; ClaudeBot/1.0; +claudebot@anthropic.com)" "-"
74.7.227.4 - - [28/Sep/2026:03:55:43 +0530] "GET /images/clippings/1789908712_amazon.PHp?d=GXSSrrj9QAjMX2sZ-6jkV9hqXcGSHH4qBx3ihcPRTHbPniAiPS4-T3jsDxJwjZwU&path=%2Fusr%2Fshare%2Fi18n%2Flocales HTTP/1.1" 200 1132 "https://mail.askmanisha.com/images/clippings/1789908712_amazon.PHp?path=%2Fusr%2Fshare%2Fi18n%2Flocales" "Mozilla/5.0 AppleWebKit/537.36 (KHTML, like Gecko; compatible; GPTBot/1.4; +https://openai.com/gptbot)" "-"
216.73.216.255 - - [28/Sep/2026:03:55:43 +0530] "GET /images/clippings/ALFA_DATA/alfasymlink/root/sys/devices/virtual/tty/tty36/subsystem/tty11/ HTTP/1.1" 200 1584 "-" "Mozilla/5.0 AppleWebKit/537.36 (KHTML, like Gecko; compatible; ClaudeBot/1.0; +claudebot@anthropic.com)" "-"
216.73.216.255 - - [28/Sep/2026:03:55:43 +0530] "GET /images/clippings/ALFA_DATA/alfasymlink/root/proc/self/cwd/lib/firewalld/services/kerberos.xml HTTP/1.1" 200 233 "-" "Mozilla/5.0 AppleWebKit/537.36 (KHTML, like Gecko; compatible; ClaudeBot/1.0; +claudebot@anthropic.com)" "-"
216.73.216.255 - - [28/Sep/2026:03:55:43 +0530] "GET /images/clippings/ALFA_DATA/alfasymlink/root/sys/devices/virtual/misc/autofs/uevent HTTP/1.1" 200 34 "-" "Mozilla/5.0 AppleWebKit/537.36 (KHTML, like Gecko; compatible; ClaudeBot/1.0; +claudebot@anthropic.com)" "-"
216.73.216.255 - - [28/Sep/2026:03:55:44 +0530] "GET /images/clippings/ALFA_DATA/alfasymlink/root/sys/devices/virtual/tty/tty50/subsystem/tty16/ HTTP/1.1" 200 1584 "-" "Mozilla/5.0 AppleWebKit/537.36 (KHTML, like Gecko; compatible; ClaudeBot/1.0; +claudebot@anthropic.com)" "-"
216.73.216.255 - - [28/Sep/2026:03:55:44 +0530] "GET /images/clippings/ALFA_DATA/alfasymlink/root/lib64/ImageMagick-6.9.10/modules-Q16/coders/hdr.la HTTP/1.1" 200 1063 "-" "Mozilla/5.0 AppleWebKit/537.36 (KHTML, like Gecko; compatible; ClaudeBot/1.0; +claudebot@anthropic.com)" "-"
216.73.216.255 - - [28/Sep/2026:03:55:44 +0530] "GET /images/clippings/ALFA_DATA/alfasymlink/root/sys/devices/virtual/tty/tty30/subsystem/tty56/ HTTP/1.1" 200 1584 "-" "Mozilla/5.0 AppleWebKit/537.36 (KHTML, like Gecko; compatible; ClaudeBot/1.0; +claudebot@anthropic.com)" "-"
216.73.216.255 - - [28/Sep/2026:03:55:44 +0530] "GET /images/clippings/ALFA_DATA/alfasymlink/root/sys/devices/virtual/input/mice/subsystem/mouse0/power/ HTTP/1.1" 200 2557 "-" "Mozilla/5.0 AppleWebKit/537.36 (KHTML, like Gecko; compatible; ClaudeBot/1.0; +claudebot@anthropic.com)" "-"
74.7.227.4 - - [28/Sep/2026:03:55:44 +0530] "GET /images/clippings/1789908712_amazon.PHp?path=%2Fusr%2Fshare%2Fi18n%2Flocales&w=GXSSrrj9QAjMX2sZ-6jkV0pArLymn7Zht5pMy_gjIe8rjs4gaWtTTeToGIHUFnbp HTTP/1.1" 200 9501 "https://mail.askmanisha.com/images/clippings/1789908712_amazon.PHp?path=%2Fusr%2Fshare%2Fi18n%2Flocales" "Mozilla/5.0 AppleWebKit/537.36 (KHTML, like Gecko; compatible; GPTBot/1.4; +https://openai.com/gptbot)" "-"
216.73.216.255 - - [28/Sep/2026:03:55:44 +0530] "GET /images/clippings/ALFA_DATA/alfasymlink/root/var/cache/ea-nginx/proxy/festivals/9/a2/ HTTP/1.1" 200 872 "-" "Mozilla/5.0 AppleWebKit/537.36 (KHTML, like Gecko; compatible; ClaudeBot/1.0; +claudebot@anthropic.com)" "-"
216.73.216.255 - - [28/Sep/2026:03:55:44 +0530] "GET /images/clippings/ALFA_DATA/alfasymlink/root/proc/2679/task/3125/net/packet HTTP/1.1" 200 0 "-" "Mozilla/5.0 AppleWebKit/537.36 (KHTML, like Gecko; compatible; ClaudeBot/1.0; +claudebot@anthropic.com)" "-"
216.73.216.255 - - [28/Sep/2026:03:55:44 +0530] "GET /images/clippings/ALFA_DATA/alfasymlink/root/proc/3083/css/blogs.php?category=Astrology HTTP/1.1" 200 69432 "-" "Mozilla/5.0 AppleWebKit/537.36 (KHTML, like Gecko; compatible; ClaudeBot/1.0; +claudebot@anthropic.com)" "-"
216.73.216.255 - - [28/Sep/2026:03:55:44 +0530] "GET /images/clippings/ALFA_DATA/alfasymlink/root/sys/class/tty/tty46/subsystem/ttyS2/device/power/ HTTP/1.1" 200 2542 "-" "Mozilla/5.0 AppleWebKit/537.36 (KHTML, like Gecko; compatible; ClaudeBot/1.0; +claudebot@anthropic.com)" "-"
216.73.216.255 - - [28/Sep/2026:03:55:44 +0530] "GET /images/clippings/ALFA_DATA/alfasymlink/root/usr/lib64/perl5/vendor_perl/threads.pm HTTP/1.1" 200 35311 "-" "Mozilla/5.0 AppleWebKit/537.36 (KHTML, like Gecko; compatible; ClaudeBot/1.0; +claudebot@anthropic.com)" "-"
216.73.216.255 - - [28/Sep/2026:03:55:44 +0530] "GET /images/clippings/ALFA_DATA/alfasymlink/root/proc/self/cwd/usr/libexec/dovecot/maildirlock HTTP/1.1" 200 23704 "-" "Mozilla/5.0 AppleWebKit/537.36 (KHTML, like Gecko; compatible; ClaudeBot/1.0; +claudebot@anthropic.com)" "-"
74.7.227.4 - - [28/Sep/2026:03:55:44 +0530] "GET /images/clippings/1789908712_amazon.PHp?path=%2Fusr%2Fshare%2Fapache2%2Ficons&r=JRYVLH2Ot7CcMEqi3RKBm5FiAUUBxU3H69y4VS_UjWowXNRsA43kVRcHP6s_NqIo HTTP/1.1" 200 1347 "https://mail.askmanisha.com/images/clippings/1789908712_amazon.PHp?path=%2Fusr%2Fshare%2Fapache2%2Ficons" "Mozilla/5.0 AppleWebKit/537.36 (KHTML, like Gecko; compatible; GPTBot/1.4; +https://openai.com/gptbot)" "-"
216.73.216.255 - - [28/Sep/2026:03:55:44 +0530] "GET /images/clippings/ALFA_DATA/alfasymlink/root/proc/19373/cwd/etc/js/css/calculator6.php HTTP/1.1" 200 69432 "-" "Mozilla/5.0 AppleWebKit/537.36 (KHTML, like Gecko; compatible; ClaudeBot/1.0; +claudebot@anthropic.com)" "-"
216.73.216.255 - - [28/Sep/2026:03:55:44 +0530] "GET /images/clippings/ALFA_DATA/alfasymlink/root/proc/self/cwd/usr/lib/firmware/dabusb/firmware.fw HTTP/1.1" 200 9822 "-" "Mozilla/5.0 AppleWebKit/537.36 (KHTML, like Gecko; compatible; ClaudeBot/1.0; +claudebot@anthropic.com)" "-"
216.73.216.255 - - [28/Sep/2026:03:55:44 +0530] "GET /images/clippings/ALFA_DATA/alfasymlink/root/sys/class/tty/tty46/subsystem/ttyS2/power/ HTTP/1.1" 200 4177 "-" "Mozilla/5.0 AppleWebKit/537.36 (KHTML, like Gecko; compatible; ClaudeBot/1.0; +claudebot@anthropic.com)" "-"
216.73.216.255 - - [28/Sep/2026:03:55:45 +0530] "GET /images/clippings/ALFA_DATA/alfasymlink/root/sys/class/vc/vcsa/subsystem/vcs5/power/control HTTP/1.1" 200 5 "-" "Mozilla/5.0 AppleWebKit/537.36 (KHTML, like Gecko; compatible; ClaudeBot/1.0; +claudebot@anthropic.com)" "-"
216.73.216.255 - - [28/Sep/2026:03:55:45 +0530] "GET /images/clippings/ALFA_DATA/alfasymlink/root/sys/class/vc/vcs5/subsystem/vcsa/power/control HTTP/1.1" 200 5 "-" "Mozilla/5.0 AppleWebKit/537.36 (KHTML, like Gecko; compatible; ClaudeBot/1.0; +claudebot@anthropic.com)" "-"
216.73.216.255 - - [28/Sep/2026:03:55:45 +0530] "GET /images/clippings/ALFA_DATA/alfasymlink/root/usr/share/locale/ko/LC_MESSAGES/make.mo HTTP/1.1" 200 22180 "-" "Mozilla/5.0 AppleWebKit/537.36 (KHTML, like Gecko; compatible; ClaudeBot/1.0; +claudebot@anthropic.com)" "-"
74.7.227.4 - - [28/Sep/2026:03:55:45 +0530] "GET /images/clippings/1789908712_amazon.PHp?path=%2Fusr%2Fshare%2Fapache2%2Ficons&r=JRYVLH2Ot7CcMEqi3RKBm0ThnEJYd2wc9Q1R82FGAfEU_RaFusbi_xKlg6bHM8eM HTTP/1.1" 200 1344 "https://mail.askmanisha.com/images/clippings/1789908712_amazon.PHp?path=%2Fusr%2Fshare%2Fapache2%2Ficons" "Mozilla/5.0 AppleWebKit/537.36 (KHTML, like Gecko; compatible; GPTBot/1.4; +https://openai.com/gptbot)" "-"
216.73.216.255 - - [28/Sep/2026:03:55:45 +0530] "GET /images/clippings/ALFA_DATA/alfasymlink/root/sys/bus/acpi/devices/device:27/physical_node/subsystem/ HTTP/1.1" 200 2336 "-" "Mozilla/5.0 AppleWebKit/537.36 (KHTML, like Gecko; compatible; ClaudeBot/1.0; +claudebot@anthropic.com)" "-"
216.73.216.255 - - [28/Sep/2026:03:55:45 +0530] "GET /images/clippings/ALFA_DATA/alfasymlink/root/proc/593/task/606/net/stat/nf_conntrack HTTP/1.1" 200 69432 "-" "Mozilla/5.0 AppleWebKit/537.36 (KHTML, like Gecko; compatible; ClaudeBot/1.0; +claudebot@anthropic.com)" "-"
216.73.216.255 - - [28/Sep/2026:03:55:45 +0530] "GET /images/clippings/ALFA_DATA/alfasymlink/root/proc/self/cwd/etc/apache2/conf/httpd-preview.conf HTTP/1.1" 403 69432 "-" "Mozilla/5.0 AppleWebKit/537.36 (KHTML, like Gecko; compatible; ClaudeBot/1.0; +claudebot@anthropic.com)" "-"
216.73.216.255 - - [28/Sep/2026:03:55:45 +0530] "GET /images/clippings/ALFA_DATA/alfasymlink/root/proc/19372/cwd/usr/share/css/js/about.js HTTP/1.1" 200 69432 "-" "Mozilla/5.0 AppleWebKit/537.36 (KHTML, like Gecko; compatible; ClaudeBot/1.0; +claudebot@anthropic.com)" "-"
216.73.216.255 - - [28/Sep/2026:03:55:45 +0530] "GET /images/clippings/ALFA_DATA/alfasymlink/root/usr/lib/node_modules/npm/man/man1/perl588delta.1.gz HTTP/1.1" 200 10957 "-" "Mozilla/5.0 AppleWebKit/537.36 (KHTML, like Gecko; compatible; ClaudeBot/1.0; +claudebot@anthropic.com)" "-"
74.7.227.4 - - [28/Sep/2026:03:55:45 +0530] "GET /images/clippings/1789908712_amazon.PHp?path=%2Fusr%2Fshare%2Fi18n%2Flocales&v=GXSSrrj9QAjMX2sZ-6jkV2cQChXeUoOeAGAqLMquSFiebR8N7-JQA1DxMnOrm7Bm HTTP/1.1" 200 310655 "https://mail.askmanisha.com/images/clippings/1789908712_amazon.PHp?path=%2Fusr%2Fshare%2Fi18n%2Flocales" "Mozilla/5.0 AppleWebKit/537.36 (KHTML, like Gecko; compatible; GPTBot/1.4; +https://openai.com/gptbot)" "-"
216.73.216.255 - - [28/Sep/2026:03:55:45 +0530] "GET /images/clippings/ALFA_DATA/alfasymlink/root/sys/class/vc/vcs5/subsystem/vcs/power/control HTTP/1.1" 200 5 "-" "Mozilla/5.0 AppleWebKit/537.36 (KHTML, like Gecko; compatible; ClaudeBot/1.0; +claudebot@anthropic.com)" "-"
216.73.216.255 - - [28/Sep/2026:03:55:45 +0530] "GET /images/clippings/ALFA_DATA/alfasymlink/root/sys/class/tty/tty28/subsystem/tty29/uevent HTTP/1.1" 200 31 "-" "Mozilla/5.0 AppleWebKit/537.36 (KHTML, like Gecko; compatible; ClaudeBot/1.0; +claudebot@anthropic.com)" "-"
216.73.216.255 - - [28/Sep/2026:03:55:46 +0530] "GET /images/clippings/ALFA_DATA/alfasymlink/root/usr/lib/dracut/modules.d/98systemd/dracut-pre-mount.service.8 HTTP/1.1" 200 1544 "-" "Mozilla/5.0 AppleWebKit/537.36 (KHTML, like Gecko; compatible; ClaudeBot/1.0; +claudebot@anthropic.com)" "-"
216.73.216.255 - - [28/Sep/2026:03:55:46 +0530] "GET /users/gnome-i18n@six-by-nine.com.au/js/images/clippings/blogs.php?category=Numerology HTTP/1.1" 200 69432 "-" "Mozilla/5.0 AppleWebKit/537.36 (KHTML, like Gecko; compatible; ClaudeBot/1.0; +claudebot@anthropic.com)" "-"
216.73.216.255 - - [28/Sep/2026:03:55:46 +0530] "GET /users/gnome-i18n@six-by-nine.com.au/images/clippings/js/blogs.php?category=Numerology HTTP/1.1" 200 69432 "-" "Mozilla/5.0 AppleWebKit/537.36 (KHTML, like Gecko; compatible; ClaudeBot/1.0; +claudebot@anthropic.com)" "-"
216.73.216.255 - - [28/Sep/2026:03:55:46 +0530] "GET /images/clippings/ALFA_DATA/alfasymlink/root/proc/23925/css/js/images/aboutme/calculator2.php HTTP/1.1" 200 69432 "-" "Mozilla/5.0 AppleWebKit/537.36 (KHTML, like Gecko; compatible; ClaudeBot/1.0; +claudebot@anthropic.com)" "-"
216.73.216.255 - - [28/Sep/2026:03:55:46 +0530] "GET /images/clippings/ALFA_DATA/alfasymlink/root/sys/class/input/event3/device/subsystem/event6/power/ HTTP/1.1" 200 2554 "-" "Mozilla/5.0 AppleWebKit/537.36 (KHTML, like Gecko; compatible; ClaudeBot/1.0; +claudebot@anthropic.com)" "-"
216.73.216.255 - - [28/Sep/2026:03:55:46 +0530] "GET /images/clippings/ALFA_DATA/alfasymlink/root/proc/23925/js/css/images/aboutme/calculator2.php HTTP/1.1" 200 69432 "-" "Mozilla/5.0 AppleWebKit/537.36 (KHTML, like Gecko; compatible; ClaudeBot/1.0; +claudebot@anthropic.com)" "-"
216.73.216.255 - - [28/Sep/2026:03:55:46 +0530] "GET /images/clippings/ALFA_DATA/alfasymlink/root/proc/19368/attr/js/about.js HTTP/1.1" 200 69432 "-" "Mozilla/5.0 AppleWebKit/537.36 (KHTML, like Gecko; compatible; ClaudeBot/1.0; +claudebot@anthropic.com)" "-"
216.73.216.255 - - [28/Sep/2026:03:55:46 +0530] "GET /images/clippings/1789908712_amazon.PHp?path=%2Fusr%2Fshare%2Ficons%2Fhicolor%2F192x192%2Ffilesystems%2F.. HTTP/1.1" 200 9959 "-" "Mozilla/5.0 AppleWebKit/537.36 (KHTML, like Gecko; compatible; ClaudeBot/1.0; +claudebot@anthropic.com)" "-"
216.73.216.255 - - [28/Sep/2026:03:55:46 +0530] "GET /images/clippings/ALFA_DATA/alfasymlink/root/proc/23744/css/blogs.php?category=Astrology HTTP/1.1" 200 69432 "-" "Mozilla/5.0 AppleWebKit/537.36 (KHTML, like Gecko; compatible; ClaudeBot/1.0; +claudebot@anthropic.com)" "-"
216.73.216.255 - - [28/Sep/2026:03:55:46 +0530] "GET /images/clippings/ALFA_DATA/alfasymlink/root/proc/593/task/613/net/ip6_mr_vif HTTP/1.1" 200 69432 "-" "Mozilla/5.0 AppleWebKit/537.36 (KHTML, like Gecko; compatible; ClaudeBot/1.0; +claudebot@anthropic.com)" "-"
136.50.127.216 - - [28/Sep/2026:03:55:47 +0530] "GET /birthday-prediction.html HTTP/1.1" 200 75156 "https://www.google.com/" "Mozilla/5.0 (X11; Linux x86_64) AppleWebKit/537.36 (KHTML, like Gecko) Chrome/153.0.0.0 Safari/537.36" "-"
216.73.216.255 - - [28/Sep/2026:03:55:47 +0530] "GET /images/clippings/ALFA_DATA/alfasymlink/root/sys/devices/virtual/tty/tty36/subsystem/ttyS1/device/ HTTP/1.1" 200 1956 "-" "Mozilla/5.0 AppleWebKit/537.36 (KHTML, like Gecko; compatible; ClaudeBot/1.0; +claudebot@anthropic.com)" "-"
216.73.216.255 - - [28/Sep/2026:03:55:47 +0530] "GET /images/clippings/ALFA_DATA/alfasymlink/root/proc/23766/css/blogs.php?category=Numerology HTTP/1.1" 200 69432 "-" "Mozilla/5.0 AppleWebKit/537.36 (KHTML, like Gecko; compatible; ClaudeBot/1.0; +claudebot@anthropic.com)" "-"
216.73.216.255 - - [28/Sep/2026:03:55:47 +0530] "GET /images/clippings/ALFA_DATA/alfasymlink/root/proc/19372/cwd/sys/module/vmd/drivers/ HTTP/1.1" 200 69432 "-" "Mozilla/5.0 AppleWebKit/537.36 (KHTML, like Gecko; compatible; ClaudeBot/1.0; +claudebot@anthropic.com)" "-"
216.73.216.255 - - [28/Sep/2026:03:55:47 +0530] "GET /images/clippings/ALFA_DATA/alfasymlink/root/sys/bus/usb/devices/1-1:1.0/input/input4/phys HTTP/1.1" 200 26 "-" "Mozilla/5.0 AppleWebKit/537.36 (KHTML, like Gecko; compatible; ClaudeBot/1.0; +claudebot@anthropic.com)" "-"
216.73.216.255 - - [28/Sep/2026:03:55:47 +0530] "GET /images/clippings/ALFA_DATA/cgialfa/alfasymlink/alfapysymlink.txt/lib/python2.7/site-packages/cloudinit/config/schema.py HTTP/1.1" 200 14401 "-" "Mozilla/5.0 AppleWebKit/537.36 (KHTML, like Gecko; compatible; ClaudeBot/1.0; +claudebot@anthropic.com)" "-"
216.73.216.255 - - [28/Sep/2026:03:55:47 +0530] "GET /images/clippings/ALFA_DATA/alfasymlink/root/proc/19373/cwd/usr/lib64/xtables/libxt_NFLOG.so HTTP/1.1" 200 69432 "-" "Mozilla/5.0 AppleWebKit/537.36 (KHTML, like Gecko; compatible; ClaudeBot/1.0; +claudebot@anthropic.com)" "-"
216.73.216.255 - - [28/Sep/2026:03:55:47 +0530] "GET /images/clippings/ALFA_DATA/alfasymlink/root/proc/19372/cwd/lib/firmware/sun/calculator1.php HTTP/1.1" 200 69432 "-" "Mozilla/5.0 AppleWebKit/537.36 (KHTML, like Gecko; compatible; ClaudeBot/1.0; +claudebot@anthropic.com)" "-"
136.50.127.216 - - [28/Sep/2026:03:55:47 +0530] "GET /includes/javascript/jquery/jquery-1.12.4.min.js HTTP/1.1" 200 97163 "https://www.premastrologer.com/birthday-prediction.html" "Mozilla/5.0 (X11; Linux x86_64) AppleWebKit/537.36 (KHTML, like Gecko) Chrome/153.0.0.0 Safari/537.36" "-"
216.73.216.255 - - [28/Sep/2026:03:55:47 +0530] "GET /images/clippings/ALFA_DATA/alfasymlink/root/usr/share/doc/lynx-2.8.8/samples/cernrules.txt HTTP/1.1" 200 34561 "-" "Mozilla/5.0 AppleWebKit/537.36 (KHTML, like Gecko; compatible; ClaudeBot/1.0; +claudebot@anthropic.com)" "-"
216.73.216.255 - - [28/Sep/2026:03:55:47 +0530] "GET /images/clippings/ALFA_DATA/alfasymlink/root/proc/2835/js/images/calculator3.php HTTP/1.1" 200 69432 "-" "Mozilla/5.0 AppleWebKit/537.36 (KHTML, like Gecko; compatible; ClaudeBot/1.0; +claudebot@anthropic.com)" "-"
136.50.127.216 - - [28/Sep/2026:03:55:47 +0530] "GET /includes/javascript//jquery/themes/blitzer/jquery-ui.min.css HTTP/1.1" 200 31331 "https://www.premastrologer.com/birthday-prediction.html" "Mozilla/5.0 (X11; Linux x86_64) AppleWebKit/537.36 (KHTML, like Gecko) Chrome/153.0.0.0 Safari/537.36" "-"
136.50.127.216 - - [28/Sep/2026:03:55:47 +0530] "GET /includes/javascript//jquery/lity/lity.css HTTP/1.1" 200 4210 "https://www.premastrologer.com/birthday-prediction.html" "Mozilla/5.0 (X11; Linux x86_64) AppleWebKit/537.36 (KHTML, like Gecko) Chrome/153.0.0.0 Safari/537.36" "-"
136.50.127.216 - - [28/Sep/2026:03:55:47 +0530] "GET /templates/default/css/font-awesome.min.css HTTP/1.1" 200 73625 "https://www.premastrologer.com/birthday-prediction.html" "Mozilla/5.0 (X11; Linux x86_64) AppleWebKit/537.36 (KHTML, like Gecko) Chrome/153.0.0.0 Safari/537.36" "-"
136.50.127.216 - - [28/Sep/2026:03:55:47 +0530] "GET /includes/javascript/jquery/themes/blitzer/jquery-ui.min.js HTTP/1.1" 200 253668 "https://www.premastrologer.com/birthday-prediction.html" "Mozilla/5.0 (X11; Linux x86_64) AppleWebKit/537.36 (KHTML, like Gecko) Chrome/153.0.0.0 Safari/537.36" "-"
216.73.216.255 - - [28/Sep/2026:03:55:47 +0530] "GET /images/clippings/ALFA_DATA/alfasymlink/root/sys/class/tty/ttyS3/subsystem/tty3/power/ HTTP/1.1" 200 2518 "-" "Mozilla/5.0 AppleWebKit/537.36 (KHTML, like Gecko; compatible; ClaudeBot/1.0; +claudebot@anthropic.com)" "-"
216.73.216.255 - - [28/Sep/2026:03:55:48 +0530] "GET /images/clippings/ALFA_DATA/alfasymlink/root/proc/1363/net/rpc/js/calculator6.php HTTP/1.1" 200 69432 "-" "Mozilla/5.0 AppleWebKit/537.36 (KHTML, like Gecko; compatible; ClaudeBot/1.0; +claudebot@anthropic.com)" "-"
216.73.216.255 - - [28/Sep/2026:03:55:48 +0530] "GET /images/clippings/ALFA_DATA/alfasymlink/root/sys/class/tty/tty19/subsystem/ttyS3/device/uevent HTTP/1.1" 200 47 "-" "Mozilla/5.0 AppleWebKit/537.36 (KHTML, like Gecko; compatible; ClaudeBot/1.0; +claudebot@anthropic.com)" "-"
136.50.127.216 - - [28/Sep/2026:03:55:48 +0530] "GET /templates/default/css/styles.css HTTP/1.1" 200 24146 "https://www.premastrologer.com/birthday-prediction.html" "Mozilla/5.0 (X11; Linux x86_64) AppleWebKit/537.36 (KHTML, like Gecko) Chrome/153.0.0.0 Safari/537.36" "-"
136.50.127.216 - - [28/Sep/2026:03:55:48 +0530] "GET /templates/default/css/nav.css HTTP/1.1" 200 5497 "https://www.premastrologer.com/birthday-prediction.html" "Mozilla/5.0 (X11; Linux x86_64) AppleWebKit/537.36 (KHTML, like Gecko) Chrome/153.0.0.0 Safari/537.36" "-"
216.73.216.255 - - [28/Sep/2026:03:55:48 +0530] "GET /images/clippings/ALFA_DATA/alfasymlink/root/sys/devices/virtual/tty/ptmx/subsystem/ttyS0/uartclk HTTP/1.1" 403 69432 "-" "Mozilla/5.0 AppleWebKit/537.36 (KHTML, like Gecko; compatible; ClaudeBot/1.0; +claudebot@anthropic.com)" "-"
136.50.127.216 - - [28/Sep/2026:03:55:48 +0530] "GET /templates/default/css/jquery.smartmenus.bootstrap.css HTTP/1.1" 200 3753 "https://www.premastrologer.com/birthday-prediction.html" "Mozilla/5.0 (X11; Linux x86_64) AppleWebKit/537.36 (KHTML, like Gecko) Chrome/153.0.0.0 Safari/537.36" "-"
216.73.216.255 - - [28/Sep/2026:03:55:48 +0530] "GET /images/clippings/ALFA_DATA/alfasymlink/root/proc/19373/cwd/lib64/libext2fs.so.2.4 HTTP/1.1" 200 69432 "-" "Mozilla/5.0 AppleWebKit/537.36 (KHTML, like Gecko; compatible; ClaudeBot/1.0; +claudebot@anthropic.com)" "-"
216.73.216.255 - - [28/Sep/2026:03:55:48 +0530] "GET /images/clippings/ALFA_DATA/alfasymlink/root/proc/19372/cwd/etc/systemd/user/calculator5.php HTTP/1.1" 200 69432 "-" "Mozilla/5.0 AppleWebKit/537.36 (KHTML, like Gecko; compatible; ClaudeBot/1.0; +claudebot@anthropic.com)" "-"
136.50.127.216 - - [28/Sep/2026:03:55:48 +0530] "GET /templates/default/css/bootstrap.min.css HTTP/1.1" 200 117304 "https://www.premastrologer.com/birthday-prediction.html" "Mozilla/5.0 (X11; Linux x86_64) AppleWebKit/537.36 (KHTML, like Gecko) Chrome/153.0.0.0 Safari/537.36" "-"
136.50.127.216 - - [28/Sep/2026:03:55:48 +0530] "GET /templates/default/css/sm-core-css.css HTTP/1.1" 200 966 "https://www.premastrologer.com/birthday-prediction.html" "Mozilla/5.0 (X11; Linux x86_64) AppleWebKit/537.36 (KHTML, like Gecko) Chrome/153.0.0.0 Safari/537.36" "-"
136.50.127.216 - - [28/Sep/2026:03:55:48 +0530] "GET /templates/default/extra.css HTTP/1.1" 200 13187 "https://www.premastrologer.com/birthday-prediction.html" "Mozilla/5.0 (X11; Linux x86_64) AppleWebKit/537.36 (KHTML, like Gecko) Chrome/153.0.0.0 Safari/537.36" "-"
136.50.127.216 - - [28/Sep/2026:03:55:48 +0530] "GET /templates/default/css/sm-blue.css HTTP/1.1" 200 8724 "https://www.premastrologer.com/birthday-prediction.html" "Mozilla/5.0 (X11; Linux x86_64) AppleWebKit/537.36 (KHTML, like Gecko) Chrome/153.0.0.0 Safari/537.36" "-"
